66.249.76.90 - - [26/Feb/2019:03:32:46 +0200] "POST /wp-json/wordpress-popular-posts/v1/popular-posts/ HTTP/1.1" 200 43 "https://webon.org.il/seo-on-cellular-devices/" "Mozilla/5.0 (Linux; Android 6.0.1; Nexus 5X Build/MMB29P) AppleWebKit/537.36 (KHTML, like Gecko) Chrome/41.0.2272.96 Mobile Safari/537.36 (compatible; Googlebot/2.1; +http://www.google.com/bot.html)"
108.59.8.80 - - [26/Feb/2019:03:33:06 +0200] "GET /robots.txt HTTP/1.1" 200 69 "-" "Mozilla/5.0 (compatible; MJ12bot/v1.4.8; http://mj12bot.com/)"
108.59.8.80 - - [26/Feb/2019:03:33:08 +0200] "GET / HTTP/1.1" 200 138416 "-" "Mozilla/5.0 (compatible; MJ12bot/v1.4.8; http://mj12bot.com/)"
66.249.76.92 - - [26/Feb/2019:03:34:04 +0200] "GET /improved-conversion-to-site-ratio/amp/ HTTP/1.1" 200 5736 "-" "Mozilla/5.0 (Linux; Android 6.0.1; Nexus 5X Build/MMB29P) AppleWebKit/537.36 (KHTML, like Gecko) Chrome/41.0.2272.96 Mobile Safari/537.36 (compatible; Googlebot/2.1; +http://www.google.com/bot.html)"
66.249.76.88 - - [26/Feb/2019:03:34:37 +0200] "POST /wp-json/wordpress-popular-posts/v1/popular-posts/ HTTP/1.1" 200 43 "https://webon.org.il/improved-conversion-to-site-ratio/" "Mozilla/5.0 (Linux; Android 6.0.1; Nexus 5X Build/MMB29P) AppleWebKit/537.36 (KHTML, like Gecko) Chrome/41.0.2272.96 Mobile Safari/537.36 (compatible; Googlebot/2.1; +http://www.google.com/bot.html)"
66.249.76.88 - - [26/Feb/2019:03:34:42 +0200] "GET /page/4/?ap_paged=2 HTTP/1.1" 200 40335 "-" "Mozilla/5.0 (Linux; Android 6.0.1; Nexus 5X Build/MMB29P) AppleWebKit/537.36 (KHTML, like Gecko) Chrome/41.0.2272.96 Mobile Safari/537.36 (compatible; Googlebot/2.1; +http://www.google.com/bot.html)"
66.249.76.88 - - [26/Feb/2019:03:36:14 +0200] "GET /google-indexing-in-just-a-few-minutes/ HTTP/1.1" 200 29599 "-" "Mozilla/5.0 (compatible; Googlebot/2.1; +http://www.google.com/bot.html)"
66.249.76.88 - - [26/Feb/2019:03:39:45 +0200] "GET /tag/%D7%A7%D7%9E%D7%A4%D7%99%D7%99%D7%9F/ HTTP/1.1" 200 26222 "-" "Mozilla/5.0 (Linux; Android 6.0.1; Nexus 5X Build/MMB29P) AppleWebKit/537.36 (KHTML, like Gecko) Chrome/41.0.2272.96 Mobile Safari/537.36 (compatible; Googlebot/2.1; +http://www.google.com/bot.html)"
40.77.167.163 - - [26/Feb/2019:03:41:10 +0200] "GET /author/webon/page/5/ HTTP/1.1" 200 34034 "-" "Mozilla/5.0 (compatible; bingbot/2.0; +http://www.bing.com/bingbot.htm)"
192.99.245.161 - - [26/Feb/2019:03:42:10 +0200] "GET /feed/ HTTP/1.1" 200 74187 "-" "Mozilla/5.0 (Macintosh; Intel Mac OS X 10_12_1) AppleWebKit/537.36 (KHTML, like Gecko) Chrome/55.0.2911.84 Safari/537.36"
66.249.76.92 - - [26/Feb/2019:03:42:16 +0200] "GET /tag/%D7%A9%D7%9C%D7%99/ HTTP/1.1" 200 26276 "-" "Mozilla/5.0 (Linux; Android 6.0.1; Nexus 5X Build/MMB29P) AppleWebKit/537.36 (KHTML, like Gecko) Chrome/41.0.2272.96 Mobile Safari/537.36 (compatible; Googlebot/2.1; +http://www.google.com/bot.html)"
157.55.39.38 - - [26/Feb/2019:03:43:25 +0200] "GET /robots.txt HTTP/1.1" 200 69 "-" "Mozilla/5.0 (compatible; bingbot/2.0; +http://www.bing.com/bingbot.htm)"
40.77.167.154 - - [26/Feb/2019:03:43:27 +0200] "GET /wp-content/uploads/2015/01/smiling-woman-holding-laptop-computer-and-showing-two-fingers-sign-isolated-on-a-white-background_Htlg7l0ro-1.jpg HTTP/1.1" 200 24903 "-" "Mozilla/5.0 (compatible; bingbot/2.0; +http://www.bing.com/bingbot.htm)"
192.99.245.160 - - [26/Feb/2019:03:43:41 +0200] "GET /feed/ HTTP/1.1" 200 8192 "-" "python-requests/2.20.1"
66.249.76.90 - - [26/Feb/2019:03:52:25 +0200] "GET /seo-prices/ HTTP/1.1" 200 28881 "-" "Mozilla/5.0 (Linux; Android 6.0.1; Nexus 5X Build/MMB29P) AppleWebKit/537.36 (KHTML, like Gecko) Chrome/41.0.2272.96 Mobile Safari/537.36 (compatible; Googlebot/2.1; +http://www.google.com/bot.html)"
66.249.76.88 - - [26/Feb/2019:03:52:39 +0200] "POST /wp-json/wordpress-popular-posts/v1/popular-posts/ HTTP/1.1" 200 43 "https://webon.org.il/seo-prices/" "Mozilla/5.0 (Linux; Android 6.0.1; Nexus 5X Build/MMB29P) AppleWebKit/537.36 (KHTML, like Gecko) Chrome/41.0.2272.96 Mobile Safari/537.36 (compatible; Googlebot/2.1; +http://www.google.com/bot.html)"
207.46.13.99 - - [26/Feb/2019:03:58:33 +0200] "GET /affiliate-program/feed/ HTTP/1.1" 200 792 "-" "Mozilla/5.0 (compatible; bingbot/2.0; +http://www.bing.com/bingbot.htm)"
66.249.76.88 - - [26/Feb/2019:03:59:36 +0200] "GET /questions/question/%D7%90%D7%99%D7%A4%D7%94-%D7%9B%D7%93%D7%90%D7%99-%D7%9C%D7%9C%D7%9E%D7%95%D7%93-%D7%A7%D7%99%D7%93%D7%95%D7%9D-%D7%90%D7%AA%D7%A8%D7%99%D7%9D/ HTTP/1.1" 200 26020 "-" "Mozilla/5.0 (compatible; Googlebot/2.1; +http://www.google.com/bot.html)"
66.249.76.88 - - [26/Feb/2019:03:59:53 +0200] "GET /questions/question/%D7%A9%D7%92%D7%99%D7%90%D7%AA-401-%D7%9E%D7%94%D7%99/ HTTP/1.1" 200 25885 "-" "Mozilla/5.0 (Linux; Android 6.0.1; Nexus 5X Build/MMB29P) AppleWebKit/537.36 (KHTML, like Gecko) Chrome/41.0.2272.96 Mobile Safari/537.36 (compatible; Googlebot/2.1; +http://www.google.com/bot.html)"
66.249.76.88 - - [26/Feb/2019:03:59:58 +0200] "POST /wp-json/wordpress-popular-posts/v1/popular-posts/ HTTP/1.1" 200 43 "https://webon.org.il/questions/question/%D7%A9%D7%92%D7%99%D7%90%D7%AA-401-%D7%9E%D7%94%D7%99/" "Mozilla/5.0 (Linux; Android 6.0.1; Nexus 5X Build/MMB29P) AppleWebKit/537.36 (KHTML, like Gecko) Chrome/41.0.2272.96 Mobile Safari/537.36 (compatible; Googlebot/2.1; +http://www.google.com/bot.html)"
66.249.76.90 - - [26/Feb/2019:04:01:42 +0200] "POST /wp-json/wordpress-popular-posts/v1/popular-posts/ HTTP/1.1" 200 43 "https://webon.org.il/hadar/" "Mozilla/5.0 (Linux; Android 6.0.1; Nexus 5X Build/MMB29P) AppleWebKit/537.36 (KHTML, like Gecko) Chrome/41.0.2272.96 Mobile Safari/537.36 (compatible; Googlebot/2.1; +http://www.google.com/bot.html)"
66.249.76.92 - - [26/Feb/2019:04:02:24 +0200] "GET /category/seo-news/ HTTP/1.1" 200 29408 "-" "Mozilla/5.0 (Linux; Android 6.0.1; Nexus 5X Build/MMB29P) AppleWebKit/537.36 (KHTML, like Gecko) Chrome/41.0.2272.96 Mobile Safari/537.36 (compatible; Googlebot/2.1; +http://www.google.com/bot.html)"
66.249.76.88 - - [26/Feb/2019:04:02:29 +0200] "GET /wp-content/plugins/js_composer/assets/css/js_composer.min.css?ver=5.1 HTTP/1.1" 200 39984 "https://webon.org.il/category/seo-news/" "Mozilla/5.0 (Linux; Android 6.0.1; Nexus 5X Build/MMB29P) AppleWebKit/537.36 (KHTML, like Gecko) Chrome/41.0.2272.96 Mobile Safari/537.36 (compatible; Googlebot/2.1; +http://www.google.com/bot.html)"
66.249.76.92 - - [26/Feb/2019:04:06:43 +0200] "GET /build-mobile-site/ HTTP/1.1" 200 29071 "-" "Mozilla/5.0 (compatible; Googlebot/2.1; +http://www.google.com/bot.html)"
116.203.58.209 - - [26/Feb/2019:04:10:41 +0200] "GET /how-write-content-wins-to-your-site HTTP/1.1" 301 0 "-" "Mozilla/5.0 (Windows; U; Windows NT 5.1; en-US; rv:1.8.1.6) Gecko/20070725 Firefox/2.0.0.6"
116.203.58.209 - - [26/Feb/2019:04:10:43 +0200] "GET /how-write-content-wins-to-your-site/ HTTP/1.1" 200 115445 "-" "Mozilla/5.0 (Windows; U; Windows NT 5.1; en-US; rv:1.8.1.6) Gecko/20070725 Firefox/2.0.0.6"
116.203.27.59 - - [26/Feb/2019:04:11:12 +0200] "GET /how-write-content-wins-to-your-site HTTP/1.1" 301 0 "-" "Mozilla/5.0 (Windows; U; Windows NT 5.1; en-US; rv:1.8.1.6) Gecko/20070725 Firefox/2.0.0.6"
116.203.27.59 - - [26/Feb/2019:04:11:14 +0200] "GET /how-write-content-wins-to-your-site/ HTTP/1.1" 200 115445 "-" "Mozilla/5.0 (Windows; U; Windows NT 5.1; en-US; rv:1.8.1.6) Gecko/20070725 Firefox/2.0.0.6"
66.249.76.92 - - [26/Feb/2019:04:22:32 +0200] "GET /questions/question/%D7%9E%D7%94-%D7%9E%D7%97%D7%99%D7%A8%D7%99-%D7%94%D7%A7%D7%95%D7%A8%D7%A1%D7%99%D7%9D-%D7%A9%D7%9C%D7%9B%D7%9D/ HTTP/1.1" 200 25780 "-" "Mozilla/5.0 (compatible; Googlebot/2.1; +http://www.google.com/bot.html)"
66.249.76.88 - - [26/Feb/2019:04:22:37 +0200] "POST /wp-json/wordpress-popular-posts/v1/popular-posts/ HTTP/1.1" 200 42 "https://webon.org.il/questions/question/%D7%9E%D7%94-%D7%9E%D7%97%D7%99%D7%A8%D7%99-%D7%94%D7%A7%D7%95%D7%A8%D7%A1%D7%99%D7%9D-%D7%A9%D7%9C%D7%9B%D7%9D/" "Mozilla/5.0 AppleWebKit/537.36 (KHTML, like Gecko; compatible; Googlebot/2.1; +http://www.google.com/bot.html) Safari/537.36"
66.249.64.156 - - [26/Feb/2019:04:23:14 +0200] "POST /wp-json/wordpress-popular-posts/v1/popular-posts/ HTTP/1.1" 403 228 "https://webon.org.il/questions/question/%D7%9E%D7%94-%D7%9E%D7%97%D7%99%D7%A8%D7%99-%D7%94%D7%A7%D7%95%D7%A8%D7%A1%D7%99%D7%9D-%D7%A9%D7%9C%D7%9B%D7%9D/answer/5101/" "Mozilla/5.0 AppleWebKit/537.36 (KHTML, like Gecko; compatible; Googlebot/2.1; +http://www.google.com/bot.html) Safari/537.36"
185.56.75.220 - - [26/Feb/2019:04:28:18 +0200] "POST /wp-cron.php?doing_wp_cron=1551148098.8433539867401123046875 HTTP/1.1" 200 0 "https://webon.org.il/wp-cron.php?doing_wp_cron=1551148098.8433539867401123046875" "WordPress/4.9.9; https://webon.org.il"
40.77.167.189 - - [26/Feb/2019:04:28:17 +0200] "GET /site-articles/lawyers/feed/ HTTP/1.1" 200 756 "-" "Mozilla/5.0 (compatible; bingbot/2.0; +http://www.bing.com/bingbot.htm)"
46.229.168.153 - - [26/Feb/2019:04:28:38 +0200] "GET /robots.txt HTTP/1.1" 200 69 "-" "Mozilla/5.0 (compatible; SemrushBot/3~bl; +http://www.semrush.com/bot.html)"
46.229.168.144 - - [26/Feb/2019:04:28:39 +0200] "GET / HTTP/1.1" 200 39571 "-" "Mozilla/5.0 (compatible; SemrushBot/3~bl; +http://www.semrush.com/bot.html)"
66.249.76.92 - - [26/Feb/2019:04:30:12 +0200] "POST /wp-json/wordpress-popular-posts/v1/popular-posts/ HTTP/1.1" 403 228 "https://webon.org.il/questions/question/%D7%90%D7%99%D7%9A-%D7%9E%D7%9B%D7%99%D7%A0%D7%99%D7%9D-%D7%9E%D7%A4%D7%AA-xml/?order_by=oldest" "Mozilla/5.0 (Linux; Android 6.0.1; Nexus 5X Build/MMB29P) AppleWebKit/537.36 (KHTML, like Gecko) Chrome/41.0.2272.96 Mobile Safari/537.36 (compatible; Googlebot/2.1; +http://www.google.com/bot.html)"
144.76.119.201 - - [26/Feb/2019:04:34:27 +0200] "GET /robots.txt HTTP/1.1" 200 69 "-" "Mozilla/5.0 (compatible; MJ12bot/v1.4.8; http://mj12bot.com/)"
185.56.75.220 - - [26/Feb/2019:04:34:33 +0200] "POST /wp-cron.php?doing_wp_cron=1551148473.7280209064483642578125 HTTP/1.1" 200 0 "https://webon.org.il/wp-cron.php?doing_wp_cron=1551148473.7280209064483642578125" "WordPress/4.9.9; https://webon.org.il"
144.76.119.201 - - [26/Feb/2019:04:34:32 +0200] "GET /category/home-software/ HTTP/1.1" 200 101620 "-" "Mozilla/5.0 (compatible; MJ12bot/v1.4.8; http://mj12bot.com/)"
144.76.119.201 - - [26/Feb/2019:04:34:49 +0200] "GET /ppc-google/ HTTP/1.1" 200 35054 "-" "Mozilla/5.0 (compatible; MJ12bot/v1.4.8; http://mj12bot.com/)"
144.76.119.201 - - [26/Feb/2019:04:34:53 +0200] "GET /seo-prices/ HTTP/1.1" 200 33802 "-" "Mozilla/5.0 (compatible; MJ12bot/v1.4.8; http://mj12bot.com/)"
144.76.119.201 - - [26/Feb/2019:04:35:01 +0200] "GET /sitemap/ HTTP/1.1" 200 27575 "-" "Mozilla/5.0 (compatible; MJ12bot/v1.4.8; http://mj12bot.com/)"
199.58.86.211 - - [26/Feb/2019:04:36:24 +0200] "GET /robots.txt HTTP/1.1" 200 69 "-" "Mozilla/5.0 (compatible; MJ12bot/v1.4.8; http://mj12bot.com/)"
199.58.86.211 - - [26/Feb/2019:04:36:31 +0200] "GET / HTTP/1.1" 200 138416 "-" "Mozilla/5.0 (compatible; MJ12bot/v1.4.8; http://mj12bot.com/)"
199.58.86.211 - - [26/Feb/2019:04:36:39 +0200] "GET /2016/09/ HTTP/1.1" 200 31040 "-" "Mozilla/5.0 (compatible; MJ12bot/v1.4.8; http://mj12bot.com/)"
199.58.86.211 - - [26/Feb/2019:04:36:45 +0200] "GET /5-mistakes-do-seo/ HTTP/1.1" 200 36362 "-" "Mozilla/5.0 (compatible; MJ12bot/v1.4.8; http://mj12bot.com/)"
66.249.76.90 - - [26/Feb/2019:04:40:10 +0200] "GET /tag/%D7%A2%D7%A3/ HTTP/1.1" 200 26284 "-" "Mozilla/5.0 (Linux; Android 6.0.1; Nexus 5X Build/MMB29P) AppleWebKit/537.36 (KHTML, like Gecko) Chrome/41.0.2272.96 Mobile Safari/537.36 (compatible; Googlebot/2.1; +http://www.google.com/bot.html)"
66.249.76.90 - - [26/Feb/2019:04:40:14 +0200] "GET /wp-content/plugins/anspress-question-answer/templates/css/main.css?ver=4.1.15 HTTP/1.1" 200 13938 "https://webon.org.il/tag/%D7%A2%D7%A3/" "Mozilla/5.0 (Linux; Android 6.0.1; Nexus 5X Build/MMB29P) AppleWebKit/537.36 (KHTML, like Gecko) Chrome/41.0.2272.96 Mobile Safari/537.36 (compatible; Googlebot/2.1; +http://www.google.com/bot.html)"
66.249.64.152 - - [26/Feb/2019:04:40:27 +0200] "POST /wp-json/wordpress-popular-posts/v1/popular-posts/ HTTP/1.1" 403 228 "https://webon.org.il/questions/question/%D7%90%D7%99%D7%9A-%D7%9E%D7%9B%D7%99%D7%A0%D7%99%D7%9D-%D7%9E%D7%A4%D7%AA-xml/?order_by=newest" "Mozilla/5.0 (Linux; Android 6.0.1; Nexus 5X Build/MMB29P) AppleWebKit/537.36 (KHTML, like Gecko) Chrome/41.0.2272.96 Mobile Safari/537.36 (compatible; Googlebot/2.1; +http://www.google.com/bot.html)"
207.46.13.160 - - [26/Feb/2019:04:49:53 +0200] "GET / HTTP/1.1" 200 39572 "-" "Mozilla/5.0 (compatible; bingbot/2.0; +http://www.bing.com/bingbot.htm)"
5.45.207.16 - - [26/Feb/2019:04:50:45 +0200] "GET /robots.txt HTTP/1.1" 200 69 "-" "Mozilla/5.0 (compatible; YandexBot/3.0; +http://yandex.com/bots)"
5.45.207.16 - - [26/Feb/2019:04:50:48 +0200] "GET /%D7%A6%D7%95%D7%A8-%D7%A7%D7%A9%D7%A8/ HTTP/1.1" 301 0 "-" "Mozilla/5.0 (compatible; YandexBot/3.0; +http://yandex.com/bots)"
178.154.171.89 - - [26/Feb/2019:04:50:58 +0200] "GET /seo-studies/ HTTP/1.1" 200 34144 "-" "Mozilla/5.0 (compatible; YandexBot/3.0; +http://yandex.com/bots)"
5.45.207.16 - - [26/Feb/2019:04:51:43 +0200] "GET /category/coursim/ HTTP/1.1" 200 30941 "-" "Mozilla/5.0 (compatible; YandexBot/3.0; +http://yandex.com/bots)"
5.45.207.16 - - [26/Feb/2019:04:52:06 +0200] "GET /wp-json/oembed/1.0/embed?url=https%3A%2F%2Fwebon.org.il%2Ften-tips-for-seo%2F&format=xml HTTP/1.1" 200 2809 "-" "Mozilla/5.0 (compatible; YandexBot/3.0; +http://yandex.com/bots)"
5.45.207.16 - - [26/Feb/2019:04:52:37 +0200] "GET /change-the-address-on-facebook/feed/ HTTP/1.1" 200 827 "-" "Mozilla/5.0 (compatible; YandexBot/3.0; +http://yandex.com/bots)"
66.249.76.92 - - [26/Feb/2019:04:52:45 +0200] "GET /mobile-landing-page/ HTTP/1.1" 200 29366 "-" "Mozilla/5.0 (Linux; Android 6.0.1; Nexus 5X Build/MMB29P) AppleWebKit/537.36 (KHTML, like Gecko) Chrome/41.0.2272.96 Mobile Safari/537.36 (compatible; Googlebot/2.1; +http://www.google.com/bot.html)"
5.45.207.16 - - [26/Feb/2019:04:53:58 +0200] "GET /wp-content/uploads/2016/06/find-icons.jpg HTTP/1.1" 200 26084 "-" "Mozilla/5.0 (compatible; YandexImages/3.0; +http://yandex.com/bots)"
5.45.207.16 - - [26/Feb/2019:04:54:02 +0200] "GET /wp-json/oembed/1.0/embed?url=https%3A%2F%2Fwebon.org.il%2Fwebsite-development-course-in-wordpress%2F HTTP/1.1" 200 2766 "-" "Mozilla/5.0 (compatible; YandexBot/3.0; +http://yandex.com/bots)"
66.249.76.92 - - [26/Feb/2019:04:54:02 +0200] "GET /mobile-landing-page/amp/ HTTP/1.1" 200 5225 "-" "Mozilla/5.0 (Linux; Android 6.0.1; Nexus 5X Build/MMB29P) AppleWebKit/537.36 (KHTML, like Gecko) Chrome/41.0.2272.96 Mobile Safari/537.36 (compatible; Googlebot/2.1; +http://www.google.com/bot.html)"
5.45.207.16 - - [26/Feb/2019:04:54:07 +0200] "GET /wp-content/uploads/2016/09/google-adsense-300x108.jpg HTTP/1.1" 200 5416 "-" "Mozilla/5.0 (compatible; YandexImages/3.0; +http://yandex.com/bots)"
5.45.207.16 - - [26/Feb/2019:04:54:10 +0200] "GET /wp-json/oembed/1.0/embed?url=https%3A%2F%2Fwebon.org.il%2Fglobal%2F HTTP/1.1" 200 2960 "-" "Mozilla/5.0 (compatible; YandexBot/3.0; +http://yandex.com/bots)"
66.249.76.88 - - [26/Feb/2019:04:54:35 +0200] "POST /wp-json/wordpress-popular-posts/v1/popular-posts/ HTTP/1.1" 200 43 "https://webon.org.il/mobile-landing-page/" "Mozilla/5.0 (Linux; Android 6.0.1; Nexus 5X Build/MMB29P) AppleWebKit/537.36 (KHTML, like Gecko) Chrome/41.0.2272.96 Mobile Safari/537.36 (compatible; Googlebot/2.1; +http://www.google.com/bot.html)"
66.249.76.92 - - [26/Feb/2019:04:55:16 +0200] "GET /questions/question/%D7%91%D7%A0%D7%99%D7%99%D7%AA-%D7%AA%D7%92%D7%99-alt/ HTTP/1.1" 200 24005 "-" "Mozilla/5.0 (Linux; Android 6.0.1; Nexus 5X Build/MMB29P) AppleWebKit/537.36 (KHTML, like Gecko) Chrome/41.0.2272.96 Mobile Safari/537.36 (compatible; Googlebot/2.1; +http://www.google.com/bot.html)"
5.45.207.16 - - [26/Feb/2019:04:55:37 +0200] "GET /wp-content/uploads/2018/09/backlinks.jpg HTTP/1.1" 200 63001 "-" "Mozilla/5.0 (compatible; YandexImages/3.0; +http://yandex.com/bots)"
5.45.207.16 - - [26/Feb/2019:04:58:36 +0200] "GET /wp-content/uploads/2015/01/featured28@wdd2x-450x256.jpg HTTP/1.1" 200 35284 "-" "Mozilla/5.0 (compatible; YandexImages/3.0; +http://yandex.com/bots)"
5.45.207.16 - - [26/Feb/2019:04:59:30 +0200] "GET /wp-content/uploads/2015/01/SEO-AND-COFFE-450x300.jpg HTTP/1.1" 200 50841 "-" "Mozilla/5.0 (compatible; YandexImages/3.0; +http://yandex.com/bots)"
5.45.207.16 - - [26/Feb/2019:04:59:49 +0200] "GET /wp-content/uploads/2015/12/%D7%90%D7%A0%D7%A7%D7%95%D7%A8-%D7%98%D7%A7%D7%A1%D7%98-300x88.png HTTP/1.1" 200 12816 "-" "Mozilla/5.0 (compatible; YandexImages/3.0; +http://yandex.com/bots)"
5.45.207.16 - - [26/Feb/2019:05:00:40 +0200] "GET /ten-tips-for-seo/amp/ HTTP/1.1" 200 6240 "-" "Mozilla/5.0 (compatible; YandexBot/3.0; +http://yandex.com/bots)"
5.45.207.16 - - [26/Feb/2019:05:02:22 +0200] "GET /wp-content/uploads/2016/09/keyboard-300x197.jpg HTTP/1.1" 200 14758 "-" "Mozilla/5.0 (compatible; YandexImages/3.0; +http://yandex.com/bots)"
213.239.216.194 - - [26/Feb/2019:05:03:18 +0200] "GET /robots.txt HTTP/1.1" 200 69 "-" "Mozilla/5.0 (compatible; MJ12bot/v1.4.8; http://mj12bot.com/)"
213.239.216.194 - - [26/Feb/2019:05:03:20 +0200] "GET / HTTP/1.1" 301 0 "-" "Mozilla/5.0 (compatible; MJ12bot/v1.4.8; http://mj12bot.com/)"
213.239.216.194 - - [26/Feb/2019:05:03:24 +0200] "GET /robots.txt HTTP/1.1" 200 69 "-" "Mozilla/5.0 (compatible; MJ12bot/v1.4.8; http://mj12bot.com/)"
213.239.216.194 - - [26/Feb/2019:05:03:31 +0200] "GET / HTTP/1.1" 200 138416 "-" "Mozilla/5.0 (compatible; MJ12bot/v1.4.8; http://mj12bot.com/)"
5.45.207.16 - - [26/Feb/2019:05:03:35 +0200] "GET /hadar/?amp HTTP/1.1" 200 3097 "-" "Mozilla/5.0 (compatible; YandexBot/3.0; +http://yandex.com/bots)"
207.46.13.78 - - [26/Feb/2019:05:04:11 +0200] "GET /wp-content/uploads/2015/01/Google-Places-part1.jpg HTTP/1.1" 200 46904 "-" "Mozilla/5.0 (compatible; bingbot/2.0; +http://www.bing.com/bingbot.htm)"
5.45.207.16 - - [26/Feb/2019:05:04:52 +0200] "GET /wp-content/uploads/2018/09/digital-markting-1030x687.jpg HTTP/1.1" 200 87730 "-" "Mozilla/5.0 (compatible; YandexImages/3.0; +http://yandex.com/bots)"
5.45.207.16 - - [26/Feb/2019:05:05:59 +0200] "GET /wp-content/uploads/2016/09/google-adsense-450x162.jpg HTTP/1.1" 200 9026 "-" "Mozilla/5.0 (compatible; YandexImages/3.0; +http://yandex.com/bots)"
5.45.207.16 - - [26/Feb/2019:05:06:00 +0200] "GET /five-tips-on-website-promotion/ HTTP/1.1" 200 34526 "-" "Mozilla/5.0 (compatible; YandexBot/3.0; +http://yandex.com/bots)"
5.45.207.16 - - [26/Feb/2019:05:06:08 +0200] "GET /organic-seo-course/amp/ HTTP/1.1" 200 5803 "-" "Mozilla/5.0 (compatible; YandexBot/3.0; +http://yandex.com/bots)"
5.45.207.16 - - [26/Feb/2019:05:06:37 +0200] "GET /%D7%91%D7%A0%D7%99%D7%99%D7%AA-%D7%AA%D7%95%D7%9B%D7%A0%D7%95%D7%AA/ HTTP/1.1" 301 0 "-" "Mozilla/5.0 (compatible; YandexBot/3.0; +http://yandex.com/bots)"
5.45.207.16 - - [26/Feb/2019:05:06:39 +0200] "GET /building-software/ HTTP/1.1" 200 33520 "-" "Mozilla/5.0 (compatible; YandexBot/3.0; +http://yandex.com/bots)"
5.45.207.16 - - [26/Feb/2019:05:06:51 +0200] "GET /seo-site-promotion-seo/feed/ HTTP/1.1" 200 813 "-" "Mozilla/5.0 (compatible; YandexBot/3.0; +http://yandex.com/bots)"
5.45.207.16 - - [26/Feb/2019:05:07:38 +0200] "GET /wp-json/oembed/1.0/embed?url=https%3A%2F%2Fwebon.org.il%2Fquestions%2Fquestion%2F%25d7%2590%25d7%2599%25d7%259a-%25d7%259c%25d7%25a7%25d7%2593%25d7%259d-%25d7%2590%25d7%25aa%25d7%25a8-%25d7%259c%25d7%2591%25d7%2593%2F HTTP/1.1" 200 2591 "-" "Mozilla/5.0 (compatible; YandexBot/3.0; +http://yandex.com/bots)"
5.45.207.16 - - [26/Feb/2019:05:08:48 +0200] "GET /wp-content/uploads/2015/01/%D7%A0%D7%95%D7%9C%D7%99-%D7%A6%D7%A2%D7%A6%D7%95%D7%A2%D7%99%D7%9D-300x147.png HTTP/1.1" 200 64225 "-" "Mozilla/5.0 (compatible; YandexImages/3.0; +http://yandex.com/bots)"
5.45.207.16 - - [26/Feb/2019:05:09:43 +0200] "GET /wp-content/uploads/2016/08/Typing-On-Laptop-1030x444.jpg HTTP/1.1" 200 30322 "-" "Mozilla/5.0 (compatible; YandexImages/3.0; +http://yandex.com/bots)"
5.45.207.16 - - [26/Feb/2019:05:11:12 +0200] "GET /wp-json/oembed/1.0/embed?url=https%3A%2F%2Fwebon.org.il%2Fwebsite-promoter%2F HTTP/1.1" 200 3107 "-" "Mozilla/5.0 (compatible; YandexBot/3.0; +http://yandex.com/bots)"
5.45.207.16 - - [26/Feb/2019:05:13:29 +0200] "GET /education-over-the-age-of-30/feed/ HTTP/1.1" 200 809 "-" "Mozilla/5.0 (compatible; YandexBot/3.0; +http://yandex.com/bots)"
207.46.13.160 - - [26/Feb/2019:05:17:24 +0200] "GET /%d7%9e%d7%94-%d7%90%d7%9e%d7%a8%d7%95-%d7%90%d7%aa%d7%9e%d7%95%d7%9c-%d7%91%d7%92%d7%95%d7%92%d7%9c-%d7%a2%d7%9c-%d7%aa%d7%95%d7%9b%d7%9f-%d7%9e%d7%a9%d7%95%d7%9b%d7%a4%d7%9c/ HTTP/1.1" 404 26495 "-" "Mozilla/5.0 (iPhone; CPU iPhone OS 7_0 like Mac OS X) AppleWebKit/537.51.1 (KHTML, like Gecko) Version/7.0 Mobile/11A465 Safari/9537.53 (compatible; bingbot/2.0; +http://www.bing.com/bingbot.htm)"
207.46.13.99 - - [26/Feb/2019:05:40:04 +0200] "GET /questions/question/%d7%92%d7%95%d7%92%d7%9c-%d7%90%d7%93%d7%95%d7%95%d7%a8%d7%93%d7%a1/feed/ HTTP/1.1" 200 917 "-" "Mozilla/5.0 (compatible; bingbot/2.0; +http://www.bing.com/bingbot.htm)"
185.56.75.220 - - [26/Feb/2019:05:40:05 +0200] "POST /wp-cron.php?doing_wp_cron=1551152405.6178689002990722656250 HTTP/1.1" 200 0 "https://webon.org.il/wp-cron.php?doing_wp_cron=1551152405.6178689002990722656250" "WordPress/4.9.9; https://webon.org.il"
66.249.76.88 - - [26/Feb/2019:05:45:41 +0200] "GET /sitemap-pt-apl_post_list-2018-09.xml HTTP/1.1" 200 402 "-" "Mozilla/5.0 (compatible; Googlebot/2.1; +http://www.google.com/bot.html)"
185.56.75.220 - - [26/Feb/2019:05:51:20 +0200] "POST /wp-cron.php?doing_wp_cron=1551153079.9881799221038818359375 HTTP/1.1" 200 0 "https://webon.org.il/wp-cron.php?doing_wp_cron=1551153079.9881799221038818359375" "WordPress/4.9.9; https://webon.org.il"
140.82.47.191 - - [26/Feb/2019:05:51:19 +0200] "GET /feed/ HTTP/1.1" 200 74187 "-" "Mozilla/5.0 (Windows NT 5.1; Win64; x64; rv:49.0) Gecko/20100101 Firefox/49.0"
66.249.76.88 - - [26/Feb/2019:05:55:43 +0200] "GET / HTTP/1.1" 200 33386 "-" "Mozilla/5.0 (Linux; Android 6.0.1; Nexus 5X Build/MMB29P) AppleWebKit/537.36 (KHTML, like Gecko) Chrome/41.0.2272.96 Mobile Safari/537.36 (compatible; Googlebot/2.1; +http://www.google.com/bot.html)"
66.249.76.88 - - [26/Feb/2019:05:58:12 +0200] "GET /why-build-a-website-in-the-wordpress-system/ HTTP/1.1" 200 30864 "-" "Mozilla/5.0 (Linux; Android 6.0.1; Nexus 5X Build/MMB29P) AppleWebKit/537.36 (KHTML, like Gecko) Chrome/41.0.2272.96 Mobile Safari/537.36 (compatible; Googlebot/2.1; +http://www.google.com/bot.html)"
66.249.76.90 - - [26/Feb/2019:06:03:14 +0200] "GET /?ap_paged=3 HTTP/1.1" 200 40839 "-" "Mozilla/5.0 (Linux; Android 6.0.1; Nexus 5X Build/MMB29P) AppleWebKit/537.36 (KHTML, like Gecko) Chrome/41.0.2272.96 Mobile Safari/537.36 (compatible; Googlebot/2.1; +http://www.google.com/bot.html)"
66.249.76.88 - - [26/Feb/2019:06:04:03 +0200] "GET /why-build-a-website-in-the-wordpress-system/amp/ HTTP/1.1" 200 7088 "-" "Mozilla/5.0 (Linux; Android 6.0.1; Nexus 5X Build/MMB29P) AppleWebKit/537.36 (KHTML, like Gecko) Chrome/41.0.2272.96 Mobile Safari/537.36 (compatible; Googlebot/2.1; +http://www.google.com/bot.html)"
66.249.76.90 - - [26/Feb/2019:06:04:09 +0200] "POST /wp-json/wordpress-popular-posts/v1/popular-posts/ HTTP/1.1" 200 43 "https://webon.org.il/why-build-a-website-in-the-wordpress-system/" "Mozilla/5.0 (Linux; Android 6.0.1; Nexus 5X Build/MMB29P) AppleWebKit/537.36 (KHTML, like Gecko) Chrome/41.0.2272.96 Mobile Safari/537.36 (compatible; Googlebot/2.1; +http://www.google.com/bot.html)"
66.249.76.92 - - [26/Feb/2019:06:05:45 +0200] "GET /information-about-seo-course/ HTTP/1.1" 200 28901 "-" "Mozilla/5.0 (Linux; Android 6.0.1; Nexus 5X Build/MMB29P) AppleWebKit/537.36 (KHTML, like Gecko) Chrome/41.0.2272.96 Mobile Safari/537.36 (compatible; Googlebot/2.1; +http://www.google.com/bot.html)"
66.249.76.90 - - [26/Feb/2019:06:08:18 +0200] "GET / HTTP/1.1" 200 33387 "-" "Mozilla/5.0 (compatible; Googlebot/2.1; +http://www.google.com/bot.html)"
66.249.76.92 - - [26/Feb/2019:06:10:05 +0200] "GET /information-about-seo-course/amp/ HTTP/1.1" 200 5049 "-" "Mozilla/5.0 (Linux; Android 6.0.1; Nexus 5X Build/MMB29P) AppleWebKit/537.36 (KHTML, like Gecko) Chrome/41.0.2272.96 Mobile Safari/537.36 (compatible; Googlebot/2.1; +http://www.google.com/bot.html)"
66.249.76.88 - - [26/Feb/2019:06:10:10 +0200] "POST /wp-json/wordpress-popular-posts/v1/popular-posts/ HTTP/1.1" 200 43 "https://webon.org.il/information-about-seo-course/" "Mozilla/5.0 (Linux; Android 6.0.1; Nexus 5X Build/MMB29P) AppleWebKit/537.36 (KHTML, like Gecko) Chrome/41.0.2272.96 Mobile Safari/537.36 (compatible; Googlebot/2.1; +http://www.google.com/bot.html)"
167.114.246.31 - - [26/Feb/2019:06:18:27 +0200] "GET /feed/ HTTP/1.1" 200 74187 "-" "Mozilla/5.0 (Windows NT 6.1; Win64; x64; rv:49.0) Gecko/20100101 Firefox/49.0"
66.249.76.92 - - [26/Feb/2019:06:23:23 +0200] "GET /questions/question/%D7%9B%D7%9E%D7%94-%D7%96%D7%9E%D7%9F-%D7%9C%D7%95%D7%A7%D7%97-%D7%9C%D7%A7%D7%93%D7%9D-%D7%90%D7%AA%D7%A8-%D7%9C%D7%A2%D7%9E%D7%95%D7%93-%D7%94%D7%A8%D7%90%D7%A9%D7%95%D7%9F/ HTTP/1.1" 200 26380 "-" "Mozilla/5.0 (Linux; Android 6.0.1; Nexus 5X Build/MMB29P) AppleWebKit/537.36 (KHTML, like Gecko) Chrome/41.0.2272.96 Mobile Safari/537.36 (compatible; Googlebot/2.1; +http://www.google.com/bot.html)"
66.249.76.90 - - [26/Feb/2019:06:23:31 +0200] "GET /wp-content/plugins/real-accessability/real-accessability.css?ver=1.0 HTTP/1.1" 200 1441 "https://webon.org.il/questions/question/%D7%9B%D7%9E%D7%94-%D7%96%D7%9E%D7%9F-%D7%9C%D7%95%D7%A7%D7%97-%D7%9C%D7%A7%D7%93%D7%9D-%D7%90%D7%AA%D7%A8-%D7%9C%D7%A2%D7%9E%D7%95%D7%93-%D7%94%D7%A8%D7%90%D7%A9%D7%95%D7%9F/" "Mozilla/5.0 (Linux; Android 6.0.1; Nexus 5X Build/MMB29P) AppleWebKit/537.36 (KHTML, like Gecko) Chrome/41.0.2272.96 Mobile Safari/537.36 (compatible; Googlebot/2.1; +http://www.google.com/bot.html)"
66.249.76.88 - - [26/Feb/2019:06:23:31 +0200] "GET /wp-content/themes/twentyseventeen/style.css?ver=4.9.9 HTTP/1.1" 200 4024 "https://webon.org.il/questions/question/%D7%9B%D7%9E%D7%94-%D7%96%D7%9E%D7%9F-%D7%9C%D7%95%D7%A7%D7%97-%D7%9C%D7%A7%D7%93%D7%9D-%D7%90%D7%AA%D7%A8-%D7%9C%D7%A2%D7%9E%D7%95%D7%93-%D7%94%D7%A8%D7%90%D7%A9%D7%95%D7%9F/" "Mozilla/5.0 (Linux; Android 6.0.1; Nexus 5X Build/MMB29P) AppleWebKit/537.36 (KHTML, like Gecko) Chrome/41.0.2272.96 Mobile Safari/537.36 (compatible; Googlebot/2.1; +http://www.google.com/bot.html)"
66.249.76.88 - - [26/Feb/2019:06:23:32 +0200] "POST /wp-json/wordpress-popular-posts/v1/popular-posts/ HTTP/1.1" 200 43 "https://webon.org.il/questions/question/%D7%9B%D7%9E%D7%94-%D7%96%D7%9E%D7%9F-%D7%9C%D7%95%D7%A7%D7%97-%D7%9C%D7%A7%D7%93%D7%9D-%D7%90%D7%AA%D7%A8-%D7%9C%D7%A2%D7%9E%D7%95%D7%93-%D7%94%D7%A8%D7%90%D7%A9%D7%95%D7%9F/" "Mozilla/5.0 (Linux; Android 6.0.1; Nexus 5X Build/MMB29P) AppleWebKit/537.36 (KHTML, like Gecko) Chrome/41.0.2272.96 Mobile Safari/537.36 (compatible; Googlebot/2.1; +http://www.google.com/bot.html)"
185.56.75.220 - - [26/Feb/2019:06:25:36 +0200] "POST /wp-cron.php?doing_wp_cron=1551155136.5130441188812255859375 HTTP/1.1" 200 0 "https://webon.org.il/wp-cron.php?doing_wp_cron=1551155136.5130441188812255859375" "WordPress/4.9.9; https://webon.org.il"
40.77.167.159 - - [26/Feb/2019:06:25:35 +0200] "GET /category/coursim/ HTTP/1.1" 200 30942 "-" "Mozilla/5.0 (compatible; bingbot/2.0; +http://www.bing.com/bingbot.htm)"
66.249.76.92 - - [26/Feb/2019:06:28:25 +0200] "GET /facebook-advertising/ HTTP/1.1" 200 31896 "-" "Mozilla/5.0 (Linux; Android 6.0.1; Nexus 5X Build/MMB29P) AppleWebKit/537.36 (KHTML, like Gecko) Chrome/41.0.2272.96 Mobile Safari/537.36 (compatible; Googlebot/2.1; +http://www.google.com/bot.html)"
185.56.75.220 - - [26/Feb/2019:06:30:57 +0200] "POST /wp-cron.php?doing_wp_cron=1551155457.2042689323425292968750 HTTP/1.1" 200 0 "https://webon.org.il/wp-cron.php?doing_wp_cron=1551155457.2042689323425292968750" "WordPress/4.9.9; https://webon.org.il"
66.249.76.92 - - [26/Feb/2019:06:30:56 +0200] "GET /category/website-development-course/ HTTP/1.1" 200 28076 "-" "Mozilla/5.0 (Linux; Android 6.0.1; Nexus 5X Build/MMB29P) AppleWebKit/537.36 (KHTML, like Gecko) Chrome/41.0.2272.96 Mobile Safari/537.36 (compatible; Googlebot/2.1; +http://www.google.com/bot.html)"
66.249.76.92 - - [26/Feb/2019:06:33:27 +0200] "GET /private-tutor-to-seo/ HTTP/1.1" 200 28759 "-" "Mozilla/5.0 (Linux; Android 6.0.1; Nexus 5X Build/MMB29P) AppleWebKit/537.36 (KHTML, like Gecko) Chrome/41.0.2272.96 Mobile Safari/537.36 (compatible; Googlebot/2.1; +http://www.google.com/bot.html)"
66.249.76.87 - - [26/Feb/2019:06:34:05 +0200] "GET / HTTP/1.1" 301 0 "-" "Mozilla/5.0 (compatible; Googlebot/2.1; +http://www.google.com/bot.html)"
40.77.167.159 - - [26/Feb/2019:06:35:27 +0200] "GET /%d7%a7%d7%99%d7%93%d7%95%d7%9d-%d7%90%d7%aa%d7%a8%d7%99%d7%9d-%d7%91%d7%a1%d7%9c%d7%95%d7%9c%d7%a8/ HTTP/1.1" 404 26490 "-" "Mozilla/5.0 (compatible; bingbot/2.0; +http://www.bing.com/bingbot.htm)"
66.249.64.156 - - [26/Feb/2019:06:35:58 +0200] "GET /website-optimized-directory-for-results/ HTTP/1.1" 200 30320 "-" "Mozilla/5.0 (Linux; Android 6.0.1; Nexus 5X Build/MMB29P) AppleWebKit/537.36 (KHTML, like Gecko) Chrome/41.0.2272.96 Mobile Safari/537.36 (compatible; Googlebot/2.1; +http://www.google.com/bot.html)"
66.249.76.88 - - [26/Feb/2019:06:38:44 +0200] "GET /whether-domain-registration-affects-site-promotion/ HTTP/1.1" 200 28631 "-" "Mozilla/5.0 (Linux; Android 6.0.1; Nexus 5X Build/MMB29P) AppleWebKit/537.36 (KHTML, like Gecko) Chrome/41.0.2272.96 Mobile Safari/537.36 (compatible; Googlebot/2.1; +http://www.google.com/bot.html)"
31.13.115.14 - - [26/Feb/2019:06:38:54 +0200] "GET /wp-content/uploads/2019/02/robot.jpg HTTP/1.1" 200 106261 "-" "facebookexternalhit/1.1 (+http://www.facebook.com/externalhit_uatext.php)"
66.249.76.90 - - [26/Feb/2019:06:39:23 +0200] "POST /wp-json/wordpress-popular-posts/v1/popular-posts/ HTTP/1.1" 200 43 "https://webon.org.il/whether-domain-registration-affects-site-promotion/" "Mozilla/5.0 (Linux; Android 6.0.1; Nexus 5X Build/MMB29P) AppleWebKit/537.36 (KHTML, like Gecko) Chrome/41.0.2272.96 Mobile Safari/537.36 (compatible; Googlebot/2.1; +http://www.google.com/bot.html)"
66.249.76.90 - - [26/Feb/2019:06:40:58 +0200] "GET /website-optimized-directory-for-results/amp/ HTTP/1.1" 200 6486 "-" "Mozilla/5.0 (Linux; Android 6.0.1; Nexus 5X Build/MMB29P) AppleWebKit/537.36 (KHTML, like Gecko) Chrome/41.0.2272.96 Mobile Safari/537.36 (compatible; Googlebot/2.1; +http://www.google.com/bot.html)"
66.249.76.88 - - [26/Feb/2019:06:41:06 +0200] "POST /wp-json/wordpress-popular-posts/v1/popular-posts/ HTTP/1.1" 200 43 "https://webon.org.il/website-optimized-directory-for-results/" "Mozilla/5.0 (Linux; Android 6.0.1; Nexus 5X Build/MMB29P) AppleWebKit/537.36 (KHTML, like Gecko) Chrome/41.0.2272.96 Mobile Safari/537.36 (compatible; Googlebot/2.1; +http://www.google.com/bot.html)"
66.249.76.88 - - [26/Feb/2019:06:41:15 +0200] "GET /build-a-standard-site/ HTTP/1.1" 200 28760 "-" "Mozilla/5.0 (Linux; Android 6.0.1; Nexus 5X Build/MMB29P) AppleWebKit/537.36 (KHTML, like Gecko) Chrome/41.0.2272.96 Mobile Safari/537.36 (compatible; Googlebot/2.1; +http://www.google.com/bot.html)"
66.249.76.88 - - [26/Feb/2019:06:42:15 +0200] "POST /wp-json/wordpress-popular-posts/v1/popular-posts/ HTTP/1.1" 200 43 "https://webon.org.il/build-a-standard-site/" "Mozilla/5.0 (Linux; Android 6.0.1; Nexus 5X Build/MMB29P) AppleWebKit/537.36 (KHTML, like Gecko) Chrome/41.0.2272.96 Mobile Safari/537.36 (compatible; Googlebot/2.1; +http://www.google.com/bot.html)"
66.249.76.92 - - [26/Feb/2019:06:43:46 +0200] "GET /affiliate-program/ HTTP/1.1" 200 28892 "-" "Mozilla/5.0 (Linux; Android 6.0.1; Nexus 5X Build/MMB29P) AppleWebKit/537.36 (KHTML, like Gecko) Chrome/41.0.2272.96 Mobile Safari/537.36 (compatible; Googlebot/2.1; +http://www.google.com/bot.html)"
66.249.76.90 - - [26/Feb/2019:06:44:18 +0200] "GET /private-tutor-to-seo/amp/ HTTP/1.1" 200 4899 "-" "Mozilla/5.0 (Linux; Android 6.0.1; Nexus 5X Build/MMB29P) AppleWebKit/537.36 (KHTML, like Gecko) Chrome/41.0.2272.96 Mobile Safari/537.36 (compatible; Googlebot/2.1; +http://www.google.com/bot.html)"
66.249.76.88 - - [26/Feb/2019:06:44:24 +0200] "POST /wp-json/wordpress-popular-posts/v1/popular-posts/ HTTP/1.1" 200 43 "https://webon.org.il/private-tutor-to-seo/" "Mozilla/5.0 (Linux; Android 6.0.1; Nexus 5X Build/MMB29P) AppleWebKit/537.36 (KHTML, like Gecko) Chrome/41.0.2272.96 Mobile Safari/537.36 (compatible; Googlebot/2.1; +http://www.google.com/bot.html)"
66.249.76.90 - - [26/Feb/2019:06:46:12 +0200] "GET /affiliate-program/amp/ HTTP/1.1" 200 4853 "-" "Mozilla/5.0 (Linux; Android 6.0.1; Nexus 5X Build/MMB29P) AppleWebKit/537.36 (KHTML, like Gecko) Chrome/41.0.2272.96 Mobile Safari/537.36 (compatible; Googlebot/2.1; +http://www.google.com/bot.html)"
66.249.76.90 - - [26/Feb/2019:06:46:17 +0200] "GET /questions/question/%D7%A7%D7%99%D7%A9%D7%95%D7%A8-%D7%9E%D7%98%D7%A7%D7%A1%D7%98-%D7%9E%D7%95%D7%A1%D7%AA%D7%A8-%D7%94%D7%90%D7%9D-%D7%96%D7%94-%D7%A2%D7%93%D7%99%D7%99%D7%9F-%D7%A2%D7%95%D7%91%D7%93/ HTTP/1.1" 200 26370 "-" "Mozilla/5.0 (Linux; Android 6.0.1; Nexus 5X Build/MMB29P) AppleWebKit/537.36 (KHTML, like Gecko) Chrome/41.0.2272.96 Mobile Safari/537.36 (compatible; Googlebot/2.1; +http://www.google.com/bot.html)"
66.249.76.88 - - [26/Feb/2019:06:46:19 +0200] "POST /wp-json/wordpress-popular-posts/v1/popular-posts/ HTTP/1.1" 200 43 "https://webon.org.il/affiliate-program/" "Mozilla/5.0 (Linux; Android 6.0.1; Nexus 5X Build/MMB29P) AppleWebKit/537.36 (KHTML, like Gecko) Chrome/41.0.2272.96 Mobile Safari/537.36 (compatible; Googlebot/2.1; +http://www.google.com/bot.html)"
66.249.76.90 - - [26/Feb/2019:06:46:21 +0200] "GET /wp-content/plugins/anspress-question-answer/templates/css/rtl.css?ver=4.1.15 HTTP/1.1" 200 237 "https://webon.org.il/questions/question/%D7%A7%D7%99%D7%A9%D7%95%D7%A8-%D7%9E%D7%98%D7%A7%D7%A1%D7%98-%D7%9E%D7%95%D7%A1%D7%AA%D7%A8-%D7%94%D7%90%D7%9D-%D7%96%D7%94-%D7%A2%D7%93%D7%99%D7%99%D7%9F-%D7%A2%D7%95%D7%91%D7%93/" "Mozilla/5.0 (Linux; Android 6.0.1; Nexus 5X Build/MMB29P) AppleWebKit/537.36 (KHTML, like Gecko) Chrome/41.0.2272.96 Mobile Safari/537.36 (compatible; Googlebot/2.1; +http://www.google.com/bot.html)"
66.249.76.88 - - [26/Feb/2019:06:46:22 +0200] "POST /wp-json/wordpress-popular-posts/v1/popular-posts/ HTTP/1.1" 200 43 "https://webon.org.il/questions/question/%D7%A7%D7%99%D7%A9%D7%95%D7%A8-%D7%9E%D7%98%D7%A7%D7%A1%D7%98-%D7%9E%D7%95%D7%A1%D7%AA%D7%A8-%D7%94%D7%90%D7%9D-%D7%96%D7%94-%D7%A2%D7%93%D7%99%D7%99%D7%9F-%D7%A2%D7%95%D7%91%D7%93/" "Mozilla/5.0 (Linux; Android 6.0.1; Nexus 5X Build/MMB29P) AppleWebKit/537.36 (KHTML, like Gecko) Chrome/41.0.2272.96 Mobile Safari/537.36 (compatible; Googlebot/2.1; +http://www.google.com/bot.html)"
66.249.76.88 - - [26/Feb/2019:06:48:48 +0200] "GET /questions/activities/ HTTP/1.1" 200 24188 "-" "Mozilla/5.0 (Linux; Android 6.0.1; Nexus 5X Build/MMB29P) AppleWebKit/537.36 (KHTML, like Gecko) Chrome/41.0.2272.96 Mobile Safari/537.36 (compatible; Googlebot/2.1; +http://www.google.com/bot.html)"
66.249.76.90 - - [26/Feb/2019:06:48:54 +0200] "POST /wp-json/wordpress-popular-posts/v1/popular-posts/ HTTP/1.1" 200 43 "https://webon.org.il/questions/activities/" "Mozilla/5.0 (Linux; Android 6.0.1; Nexus 5X Build/MMB29P) AppleWebKit/537.36 (KHTML, like Gecko) Chrome/41.0.2272.96 Mobile Safari/537.36 (compatible; Googlebot/2.1; +http://www.google.com/bot.html)"
66.249.76.92 - - [26/Feb/2019:06:49:18 +0200] "GET /facebook-advertising/amp/ HTTP/1.1" 200 8194 "-" "Mozilla/5.0 (Linux; Android 6.0.1; Nexus 5X Build/MMB29P) AppleWebKit/537.36 (KHTML, like Gecko) Chrome/41.0.2272.96 Mobile Safari/537.36 (compatible; Googlebot/2.1; +http://www.google.com/bot.html)"
66.249.76.90 - - [26/Feb/2019:06:49:25 +0200] "POST /wp-json/wordpress-popular-posts/v1/popular-posts/ HTTP/1.1" 200 43 "https://webon.org.il/facebook-advertising/" "Mozilla/5.0 (Linux; Android 6.0.1; Nexus 5X Build/MMB29P) AppleWebKit/537.36 (KHTML, like Gecko) Chrome/41.0.2272.96 Mobile Safari/537.36 (compatible; Googlebot/2.1; +http://www.google.com/bot.html)"
66.249.76.90 - - [26/Feb/2019:06:50:16 +0200] "GET /questions/activities/?amp HTTP/1.1" 200 2651 "-" "Mozilla/5.0 (Linux; Android 6.0.1; Nexus 5X Build/MMB29P) AppleWebKit/537.36 (KHTML, like Gecko) Chrome/41.0.2272.96 Mobile Safari/537.36 (compatible; Googlebot/2.1; +http://www.google.com/bot.html)"
66.249.76.92 - - [26/Feb/2019:06:56:21 +0200] "GET /how-much-does-an-seo-course-cost/ HTTP/1.1" 200 28805 "-" "Mozilla/5.0 (Linux; Android 6.0.1; Nexus 5X Build/MMB29P) AppleWebKit/537.36 (KHTML, like Gecko) Chrome/41.0.2272.96 Mobile Safari/537.36 (compatible; Googlebot/2.1; +http://www.google.com/bot.html)"
66.249.76.92 - - [26/Feb/2019:06:59:18 +0200] "GET /how-much-does-an-seo-course-cost/amp/ HTTP/1.1" 200 4887 "-" "Mozilla/5.0 (Linux; Android 6.0.1; Nexus 5X Build/MMB29P) AppleWebKit/537.36 (KHTML, like Gecko) Chrome/41.0.2272.96 Mobile Safari/537.36 (compatible; Googlebot/2.1; +http://www.google.com/bot.html)"
66.249.76.88 - - [26/Feb/2019:06:59:25 +0200] "POST /wp-json/wordpress-popular-posts/v1/popular-posts/ HTTP/1.1" 200 43 "https://webon.org.il/how-much-does-an-seo-course-cost/" "Mozilla/5.0 (Linux; Android 6.0.1; Nexus 5X Build/MMB29P) AppleWebKit/537.36 (KHTML, like Gecko) Chrome/41.0.2272.96 Mobile Safari/537.36 (compatible; Googlebot/2.1; +http://www.google.com/bot.html)"
185.56.75.220 - - [26/Feb/2019:07:01:05 +0200] "POST /wp-cron.php?doing_wp_cron=1551157265.4771819114685058593750 HTTP/1.1" 200 0 "https://webon.org.il/wp-cron.php?doing_wp_cron=1551157265.4771819114685058593750" "WordPress/4.9.9; https://webon.org.il"
207.46.13.204 - - [26/Feb/2019:07:01:04 +0200] "GET /tag/%d7%9c%d7%a7%d7%95%d7%97%d7%95%d7%aa/ HTTP/1.1" 200 30743 "-" "Mozilla/5.0 (compatible; bingbot/2.0; +http://www.bing.com/bingbot.htm)"
93.173.44.2 - - [26/Feb/2019:07:02:03 +0200] "GET / HTTP/1.1" 200 33385 "http://www.tapuz.co.il/blogs/viewentry/7405474" "Mozilla/5.0 (Linux; Android 8.0.0; SM-G930F Build/R16NW) AppleWebKit/537.36 (KHTML, like Gecko) Chrome/69.0.3497.86 Mobile Safari/537.36"
93.173.44.2 - - [26/Feb/2019:07:02:05 +0200] "GET /wp-content/plugins/anspress-question-answer/templates/css/rtl.css?ver=4.1.15 HTTP/1.1" 200 237 "https://webon.org.il/" "Mozilla/5.0 (Linux; Android 8.0.0; SM-G930F Build/R16NW) AppleWebKit/537.36 (KHTML, like Gecko) Chrome/69.0.3497.86 Mobile Safari/537.36"
93.173.44.2 - - [26/Feb/2019:07:02:05 +0200] "GET /wp-content/plugins/anspress-question-answer/templates/css/overrides.css?v=4.1.15&ver=4.1.15 HTTP/1.1" 200 0 "https://webon.org.il/" "Mozilla/5.0 (Linux; Android 8.0.0; SM-G930F Build/R16NW) AppleWebKit/537.36 (KHTML, like Gecko) Chrome/69.0.3497.86 Mobile Safari/537.36"
93.173.44.2 - - [26/Feb/2019:07:02:05 +0200] "GET /wp-content/plugins/anspress-question-answer/templates/css/fonts.css?ver=4.1.15 HTTP/1.1" 200 829 "https://webon.org.il/" "Mozilla/5.0 (Linux; Android 8.0.0; SM-G930F Build/R16NW) AppleWebKit/537.36 (KHTML, like Gecko) Chrome/69.0.3497.86 Mobile Safari/537.36"
93.173.44.2 - - [26/Feb/2019:07:02:05 +0200] "GET /wp-content/plugins/anspress-question-answer/templates/css/main.css?ver=4.1.15 HTTP/1.1" 200 13938 "https://webon.org.il/" "Mozilla/5.0 (Linux; Android 8.0.0; SM-G930F Build/R16NW) AppleWebKit/537.36 (KHTML, like Gecko) Chrome/69.0.3497.86 Mobile Safari/537.36"
93.173.44.2 - - [26/Feb/2019:07:02:05 +0200] "GET /wp-content/plugins/contact-form-7/includes/css/styles-rtl.css?ver=5.0.4 HTTP/1.1" 200 177 "https://webon.org.il/" "Mozilla/5.0 (Linux; Android 8.0.0; SM-G930F Build/R16NW) AppleWebKit/537.36 (KHTML, like Gecko) Chrome/69.0.3497.86 Mobile Safari/537.36"
93.173.44.2 - - [26/Feb/2019:07:02:05 +0200] "GET /wp-content/plugins/contact-form-7/includes/css/styles.css?ver=5.0.4 HTTP/1.1" 200 574 "https://webon.org.il/" "Mozilla/5.0 (Linux; Android 8.0.0; SM-G930F Build/R16NW) AppleWebKit/537.36 (KHTML, like Gecko) Chrome/69.0.3497.86 Mobile Safari/537.36"
93.173.44.2 - - [26/Feb/2019:07:02:05 +0200] "GET /wp-content/plugins/post-grid/assets/frontend/css/style-new.css?ver=4.9.9 HTTP/1.1" 200 1662 "https://webon.org.il/" "Mozilla/5.0 (Linux; Android 8.0.0; SM-G930F Build/R16NW) AppleWebKit/537.36 (KHTML, like Gecko) Chrome/69.0.3497.86 Mobile Safari/537.36"
93.173.44.2 - - [26/Feb/2019:07:02:05 +0200] "GET /wp-content/plugins/post-grid/assets/frontend/css/owl.carousel.css?ver=4.9.9 HTTP/1.1" 200 1034 "https://webon.org.il/" "Mozilla/5.0 (Linux; Android 8.0.0; SM-G930F Build/R16NW) AppleWebKit/537.36 (KHTML, like Gecko) Chrome/69.0.3497.86 Mobile Safari/537.36"
93.173.44.2 - - [26/Feb/2019:07:02:05 +0200] "GET /wp-content/plugins/post-grid/assets/frontend/css/style-woocommerce.css?ver=4.9.9 HTTP/1.1" 200 216 "https://webon.org.il/" "Mozilla/5.0 (Linux; Android 8.0.0; SM-G930F Build/R16NW) AppleWebKit/537.36 (KHTML, like Gecko) Chrome/69.0.3497.86 Mobile Safari/537.36"
93.173.44.2 - - [26/Feb/2019:07:02:05 +0200] "GET /wp-content/plugins/js_composer/assets/lib/bower/font-awesome/css/font-awesome.min.css?ver=5.1 HTTP/1.1" 200 6313 "https://webon.org.il/" "Mozilla/5.0 (Linux; Android 8.0.0; SM-G930F Build/R16NW) AppleWebKit/537.36 (KHTML, like Gecko) Chrome/69.0.3497.86 Mobile Safari/537.36"
93.173.44.2 - - [26/Feb/2019:07:02:05 +0200] "GET /wp-content/plugins/post-grid/assets/global/css/style.layout.css?ver=4.9.9 HTTP/1.1" 200 168 "https://webon.org.il/" "Mozilla/5.0 (Linux; Android 8.0.0; SM-G930F Build/R16NW) AppleWebKit/537.36 (KHTML, like Gecko) Chrome/69.0.3497.86 Mobile Safari/537.36"
93.173.44.2 - - [26/Feb/2019:07:02:05 +0200] "GET /wp-content/plugins/post-grid/assets/global/css/style.skins.css?ver=4.9.9 HTTP/1.1" 200 2599 "https://webon.org.il/" "Mozilla/5.0 (Linux; Android 8.0.0; SM-G930F Build/R16NW) AppleWebKit/537.36 (KHTML, like Gecko) Chrome/69.0.3497.86 Mobile Safari/537.36"
93.173.44.2 - - [26/Feb/2019:07:02:05 +0200] "GET /wp-content/plugins/post-views-counter/css/frontend.css?ver=1.2.14 HTTP/1.1" 200 289 "https://webon.org.il/" "Mozilla/5.0 (Linux; Android 8.0.0; SM-G930F Build/R16NW) AppleWebKit/537.36 (KHTML, like Gecko) Chrome/69.0.3497.86 Mobile Safari/537.36"
93.173.44.2 - - [26/Feb/2019:07:02:05 +0200] "GET /wp-includes/css/dashicons.min.css?ver=4.9.9 HTTP/1.1" 200 28393 "https://webon.org.il/" "Mozilla/5.0 (Linux; Android 8.0.0; SM-G930F Build/R16NW) AppleWebKit/537.36 (KHTML, like Gecko) Chrome/69.0.3497.86 Mobile Safari/537.36"
93.173.44.2 - - [26/Feb/2019:07:02:05 +0200] "GET /wp-content/plugins/sitemap/css/page-list.css?ver=4.3 HTTP/1.1" 200 287 "https://webon.org.il/" "Mozilla/5.0 (Linux; Android 8.0.0; SM-G930F Build/R16NW) AppleWebKit/537.36 (KHTML, like Gecko) Chrome/69.0.3497.86 Mobile Safari/537.36"
93.173.44.2 - - [26/Feb/2019:07:02:05 +0200] "GET /wp-content/plugins/real-accessability/real-accessability.css?ver=1.0 HTTP/1.1" 200 1441 "https://webon.org.il/" "Mozilla/5.0 (Linux; Android 8.0.0; SM-G930F Build/R16NW) AppleWebKit/537.36 (KHTML, like Gecko) Chrome/69.0.3497.86 Mobile Safari/537.36"
93.173.44.2 - - [26/Feb/2019:07:02:05 +0200] "GET /wp-content/plugins/wordpress-popular-posts/public/css/wpp.css?ver=4.2.0 HTTP/1.1" 200 473 "https://webon.org.il/" "Mozilla/5.0 (Linux; Android 8.0.0; SM-G930F Build/R16NW) AppleWebKit/537.36 (KHTML, like Gecko) Chrome/69.0.3497.86 Mobile Safari/537.36"
93.173.44.2 - - [26/Feb/2019:07:02:05 +0200] "GET /wp-content/plugins/wp-job-manager/assets/css/chosen.css?ver=1.1.0 HTTP/1.1" 200 2021 "https://webon.org.il/" "Mozilla/5.0 (Linux; Android 8.0.0; SM-G930F Build/R16NW) AppleWebKit/537.36 (KHTML, like Gecko) Chrome/69.0.3497.86 Mobile Safari/537.36"
93.173.44.2 - - [26/Feb/2019:07:02:05 +0200] "GET /wp-content/plugins/wp-job-manager/assets/css/frontend.css?ver=1.31.3 HTTP/1.1" 200 4026 "https://webon.org.il/" "Mozilla/5.0 (Linux; Android 8.0.0; SM-G930F Build/R16NW) AppleWebKit/537.36 (KHTML, like Gecko) Chrome/69.0.3497.86 Mobile Safari/537.36"
93.173.44.2 - - [26/Feb/2019:07:02:05 +0200] "GET /wp-content/themes/twentyseventeen/style.css?ver=4.9.9 HTTP/1.1" 200 4024 "https://webon.org.il/" "Mozilla/5.0 (Linux; Android 8.0.0; SM-G930F Build/R16NW) AppleWebKit/537.36 (KHTML, like Gecko) Chrome/69.0.3497.86 Mobile Safari/537.36"
93.173.44.2 - - [26/Feb/2019:07:02:05 +0200] "GET /wp-content/plugins/keyword-position-checker/css/style.css HTTP/1.1" 200 336 "https://webon.org.il/" "Mozilla/5.0 (Linux; Android 8.0.0; SM-G930F Build/R16NW) AppleWebKit/537.36 (KHTML, like Gecko) Chrome/69.0.3497.86 Mobile Safari/537.36"
93.173.44.2 - - [26/Feb/2019:07:02:05 +0200] "GET /wp-content/plugins/keyword-position-checker/css/admin.css HTTP/1.1" 200 213 "https://webon.org.il/" "Mozilla/5.0 (Linux; Android 8.0.0; SM-G930F Build/R16NW) AppleWebKit/537.36 (KHTML, like Gecko) Chrome/69.0.3497.86 Mobile Safari/537.36"
93.173.44.2 - - [26/Feb/2019:07:02:05 +0200] "GET /wp-content/plugins/js_composer/assets/css/js_composer.min.css?ver=5.1 HTTP/1.1" 200 39984 "https://webon.org.il/" "Mozilla/5.0 (Linux; Android 8.0.0; SM-G930F Build/R16NW) AppleWebKit/537.36 (KHTML, like Gecko) Chrome/69.0.3497.86 Mobile Safari/537.36"
93.173.44.2 - - [26/Feb/2019:07:02:05 +0200] "GET /wp-includes/js/jquery/jquery-migrate.min.js?ver=1.4.1 HTTP/1.1" 200 3826 "https://webon.org.il/" "Mozilla/5.0 (Linux; Android 8.0.0; SM-G930F Build/R16NW) AppleWebKit/537.36 (KHTML, like Gecko) Chrome/69.0.3497.86 Mobile Safari/537.36"
93.173.44.2 - - [26/Feb/2019:07:02:05 +0200] "GET /wp-includes/js/jquery/jquery.js?ver=1.12.4 HTTP/1.1" 200 32857 "https://webon.org.il/" "Mozilla/5.0 (Linux; Android 8.0.0; SM-G930F Build/R16NW) AppleWebKit/537.36 (KHTML, like Gecko) Chrome/69.0.3497.86 Mobile Safari/537.36"
93.173.44.2 - - [26/Feb/2019:07:02:05 +0200] "GET /wp-content/plugins/post-grid/assets/frontend/js/scripts.js?ver=4.9.9 HTTP/1.1" 200 917 "https://webon.org.il/" "Mozilla/5.0 (Linux; Android 8.0.0; SM-G930F Build/R16NW) AppleWebKit/537.36 (KHTML, like Gecko) Chrome/69.0.3497.86 Mobile Safari/537.36"
93.173.44.2 - - [26/Feb/2019:07:02:05 +0200] "GET /wp-content/plugins/post-grid/assets/frontend/js/owl.carousel.min.js?ver=4.9.9 HTTP/1.1" 200 10707 "https://webon.org.il/" "Mozilla/5.0 (Linux; Android 8.0.0; SM-G930F Build/R16NW) AppleWebKit/537.36 (KHTML, like Gecko) Chrome/69.0.3497.86 Mobile Safari/537.36"
93.173.44.2 - - [26/Feb/2019:07:02:05 +0200] "GET /wp-content/plugins/wordpress-popular-posts/public/js/wpp-4.2.0.min.js?ver=4.2.0 HTTP/1.1" 200 503 "https://webon.org.il/" "Mozilla/5.0 (Linux; Android 8.0.0; SM-G930F Build/R16NW) AppleWebKit/537.36 (KHTML, like Gecko) Chrome/69.0.3497.86 Mobile Safari/537.36"
93.173.44.2 - - [26/Feb/2019:07:02:05 +0200] "GET /wp-content/plugins/keyword-position-checker/js/kpc_ajax.js?ver=4.9.9 HTTP/1.1" 200 334 "https://webon.org.il/" "Mozilla/5.0 (Linux; Android 8.0.0; SM-G930F Build/R16NW) AppleWebKit/537.36 (KHTML, like Gecko) Chrome/69.0.3497.86 Mobile Safari/537.36"
93.173.44.2 - - [26/Feb/2019:07:02:05 +0200] "GET /wp-content/plugins/keyword-position-checker/js/jquery.validate.min.js?ver=4.9.9 HTTP/1.1" 200 6048 "https://webon.org.il/" "Mozilla/5.0 (Linux; Android 8.0.0; SM-G930F Build/R16NW) AppleWebKit/537.36 (KHTML, like Gecko) Chrome/69.0.3497.86 Mobile Safari/537.36"
93.173.44.2 - - [26/Feb/2019:07:02:05 +0200] "GET /wp-content/themes/twentyseventeen/js/use-seo.js HTTP/1.1" 200 365 "https://webon.org.il/" "Mozilla/5.0 (Linux; Android 8.0.0; SM-G930F Build/R16NW) AppleWebKit/537.36 (KHTML, like Gecko) Chrome/69.0.3497.86 Mobile Safari/537.36"
93.173.44.2 - - [26/Feb/2019:07:02:05 +0200] "GET /wp-content/themes/twentyseventeen/rtl.css HTTP/1.1" 200 1996 "https://webon.org.il/" "Mozilla/5.0 (Linux; Android 8.0.0; SM-G930F Build/R16NW) AppleWebKit/537.36 (KHTML, like Gecko) Chrome/69.0.3497.86 Mobile Safari/537.36"
93.173.44.2 - - [26/Feb/2019:07:02:05 +0200] "GET /wp-content/uploads/2018/08/LogoWebonNew.png HTTP/1.1" 200 11937 "https://webon.org.il/" "Mozilla/5.0 (Linux; Android 8.0.0; SM-G930F Build/R16NW) AppleWebKit/537.36 (KHTML, like Gecko) Chrome/69.0.3497.86 Mobile Safari/537.36"
93.173.44.2 - - [26/Feb/2019:07:02:05 +0200] "GET /wp-content/uploads/2018/09/robot-think.jpg HTTP/1.1" 200 29454 "https://webon.org.il/" "Mozilla/5.0 (Linux; Android 8.0.0; SM-G930F Build/R16NW) AppleWebKit/537.36 (KHTML, like Gecko) Chrome/69.0.3497.86 Mobile Safari/537.36"
93.173.44.2 - - [26/Feb/2019:07:02:05 +0200] "GET /wp-content/uploads/2018/09/idea.png HTTP/1.1" 200 5594 "https://webon.org.il/" "Mozilla/5.0 (Linux; Android 8.0.0; SM-G930F Build/R16NW) AppleWebKit/537.36 (KHTML, like Gecko) Chrome/69.0.3497.86 Mobile Safari/537.36"
93.173.44.2 - - [26/Feb/2019:07:02:05 +0200] "GET /wp-content/uploads/2018/09/robot-Sitting.jpg HTTP/1.1" 200 24869 "https://webon.org.il/" "Mozilla/5.0 (Linux; Android 8.0.0; SM-G930F Build/R16NW) AppleWebKit/537.36 (KHTML, like Gecko) Chrome/69.0.3497.86 Mobile Safari/537.36"
93.173.44.2 - - [26/Feb/2019:07:02:05 +0200] "GET /wp-content/uploads/2018/09/landing-page.png HTTP/1.1" 200 2092 "https://webon.org.il/" "Mozilla/5.0 (Linux; Android 8.0.0; SM-G930F Build/R16NW) AppleWebKit/537.36 (KHTML, like Gecko) Chrome/69.0.3497.86 Mobile Safari/537.36"
93.173.44.2 - - [26/Feb/2019:07:02:05 +0200] "GET /wp-content/uploads/2018/09/presentation.png HTTP/1.1" 200 7417 "https://webon.org.il/" "Mozilla/5.0 (Linux; Android 8.0.0; SM-G930F Build/R16NW) AppleWebKit/537.36 (KHTML, like Gecko) Chrome/69.0.3497.86 Mobile Safari/537.36"
93.173.44.2 - - [26/Feb/2019:07:02:05 +0200] "GET /wp-content/uploads/2018/09/coding-website.png HTTP/1.1" 200 5595 "https://webon.org.il/" "Mozilla/5.0 (Linux; Android 8.0.0; SM-G930F Build/R16NW) AppleWebKit/537.36 (KHTML, like Gecko) Chrome/69.0.3497.86 Mobile Safari/537.36"
93.173.44.2 - - [26/Feb/2019:07:02:05 +0200] "GET /wp-content/uploads/2018/09/advertising.png HTTP/1.1" 200 2725 "https://webon.org.il/" "Mozilla/5.0 (Linux; Android 8.0.0; SM-G930F Build/R16NW) AppleWebKit/537.36 (KHTML, like Gecko) Chrome/69.0.3497.86 Mobile Safari/537.36"
