5.45.207.16 - - [26/Feb/2019:00:45:10 +0200] "GET /why-you-need-infographies-your-blog/feed/ HTTP/1.1" 200 886 "-" "Mozilla/5.0 (compatible; YandexBot/3.0; +http://yandex.com/bots)"
5.45.207.16 - - [26/Feb/2019:00:45:20 +0200] "GET /wp-content/uploads/2016/09/race-450x295.jpg HTTP/1.1" 200 49484 "-" "Mozilla/5.0 (compatible; YandexImages/3.0; +http://yandex.com/bots)"
5.45.207.16 - - [26/Feb/2019:00:45:28 +0200] "GET /?p=4719 HTTP/1.1" 301 0 "-" "Mozilla/5.0 (compatible; YandexBot/3.0; +http://yandex.com/bots)"
5.45.207.16 - - [26/Feb/2019:00:45:29 +0200] "GET /thank-you/ HTTP/1.1" 200 27110 "-" "Mozilla/5.0 (compatible; YandexBot/3.0; +http://yandex.com/bots)"
5.45.207.16 - - [26/Feb/2019:00:46:46 +0200] "GET /wp-content/uploads/2019/02/holding-shopping-768x512.jpg HTTP/1.1" 200 47609 "-" "Mozilla/5.0 (compatible; YandexImages/3.0; +http://yandex.com/bots)"
5.45.207.16 - - [26/Feb/2019:00:46:51 +0200] "GET /wp-content/uploads/2015/12/CTR-%D7%9E%D7%9E%D7%95%D7%A6%D7%A2-%D7%91%D7%90%D7%AA%D7%A8-705x326.png HTTP/1.1" 200 90115 "-" "Mozilla/5.0 (compatible; YandexImages/3.0; +http://yandex.com/bots)"
5.45.207.16 - - [26/Feb/2019:00:47:16 +0200] "GET /questions/question/%D7%9E%D7%94%D7%95-%D7%93%D7%A3-%D7%A0%D7%97%D7%99%D7%AA%D7%94/ HTTP/1.1" 200 30599 "-" "Mozilla/5.0 (compatible; YandexBot/3.0; +http://yandex.com/bots)"
5.45.207.16 - - [26/Feb/2019:00:47:51 +0200] "GET /seo-site-promotion-seo/ HTTP/1.1" 200 33556 "-" "Mozilla/5.0 (compatible; YandexBot/3.0; +http://yandex.com/bots)"
5.45.207.16 - - [26/Feb/2019:00:48:16 +0200] "GET /wp-content/uploads/2015/12/%D7%A7%D7%99%D7%A9%D7%95%D7%A8-nofollow.png HTTP/1.1" 200 1946 "-" "Mozilla/5.0 (compatible; YandexImages/3.0; +http://yandex.com/bots)"
66.249.76.90 - - [26/Feb/2019:00:48:34 +0200] "GET /questions/question/%D7%9B%D7%9C-%D7%9B%D7%9E%D7%94-%D7%96%D7%9E%D7%9F-%D7%92%D7%95%D7%92%D7%9C-%D7%A7%D7%95%D7%A8%D7%90-%D7%90%D7%AA-%D7%94%D7%90%D7%AA%D7%A8/ HTTP/1.1" 200 25828 "-" "Mozilla/5.0 (compatible; Googlebot/2.1; +http://www.google.com/bot.html)"
66.249.76.90 - - [26/Feb/2019:00:48:38 +0200] "POST /wp-json/wordpress-popular-posts/v1/popular-posts/ HTTP/1.1" 200 43 "https://webon.org.il/questions/question/%D7%9B%D7%9C-%D7%9B%D7%9E%D7%94-%D7%96%D7%9E%D7%9F-%D7%92%D7%95%D7%92%D7%9C-%D7%A7%D7%95%D7%A8%D7%90-%D7%90%D7%AA-%D7%94%D7%90%D7%AA%D7%A8/" "Mozilla/5.0 AppleWebKit/537.36 (KHTML, like Gecko; compatible; Googlebot/2.1; +http://www.google.com/bot.html) Safari/537.36"
5.45.207.16 - - [26/Feb/2019:00:48:58 +0200] "GET /five-tips-on-website-promotion/amp/ HTTP/1.1" 200 6075 "-" "Mozilla/5.0 (compatible; YandexBot/3.0; +http://yandex.com/bots)"
178.154.171.89 - - [26/Feb/2019:00:49:00 +0200] "GET /wp-json/oembed/1.0/embed?url=https%3A%2F%2Fwebon.org.il%2Fhow-much-does-an-seo-course-cost%2F HTTP/1.1" 200 2757 "-" "Mozilla/5.0 (compatible; YandexBot/3.0; +http://yandex.com/bots)"
5.45.207.16 - - [26/Feb/2019:00:49:32 +0200] "GET /site-articles/%D7%9E%D7%A2%D7%A8%D7%9B%D7%AA-%D7%91%D7%99%D7%AA-%D7%97%D7%9B%D7%9D/?amp HTTP/1.1" 200 4489 "-" "Mozilla/5.0 (compatible; YandexBot/3.0; +http://yandex.com/bots)"
5.45.207.16 - - [26/Feb/2019:00:49:59 +0200] "GET /website-promoter/feed/ HTTP/1.1" 200 816 "-" "Mozilla/5.0 (compatible; YandexBot/3.0; +http://yandex.com/bots)"
5.45.207.16 - - [26/Feb/2019:00:50:06 +0200] "GET /wp-content/uploads/2016/08/%D7%AA%D7%9E%D7%95%D7%A0%D7%AA-%D7%93%D7%95%D7%92%D7%9E%D7%90-%D7%95%D7%95%D7%A8%D7%93%D7%A4%D7%A8%D7%A1.jpg HTTP/1.1" 200 45145 "-" "Mozilla/5.0 (compatible; YandexImages/3.0; +http://yandex.com/bots)"
5.45.207.16 - - [26/Feb/2019:00:50:14 +0200] "GET /questions/?feed=rss2 HTTP/1.1" 301 0 "-" "Mozilla/5.0 (compatible; YandexBot/3.0; +http://yandex.com/bots)"
5.45.207.16 - - [26/Feb/2019:00:50:15 +0200] "GET /questions/feed/ HTTP/1.1" 200 766 "-" "Mozilla/5.0 (compatible; YandexBot/3.0; +http://yandex.com/bots)"
5.45.207.16 - - [26/Feb/2019:00:50:38 +0200] "GET /?p=4184 HTTP/1.1" 301 0 "-" "Mozilla/5.0 (compatible; YandexBot/3.0; +http://yandex.com/bots)"
5.45.207.16 - - [26/Feb/2019:00:50:39 +0200] "GET /site-articles/road-accident-lawyer/ HTTP/1.1" 200 30075 "-" "Mozilla/5.0 (compatible; YandexBot/3.0; +http://yandex.com/bots)"
5.45.207.16 - - [26/Feb/2019:00:50:48 +0200] "GET /wp-content/uploads/2019/02/robot.jpg HTTP/1.1" 200 106261 "-" "Mozilla/5.0 (compatible; YandexImages/3.0; +http://yandex.com/bots)"
5.45.207.16 - - [26/Feb/2019:00:51:26 +0200] "GET /wp-json/oembed/1.0/embed?url=https%3A%2F%2Fwebon.org.il%2Fsoftware-development%2F&format=xml HTTP/1.1" 200 2909 "-" "Mozilla/5.0 (compatible; YandexBot/3.0; +http://yandex.com/bots)"
17.58.103.195 - - [26/Feb/2019:00:52:46 +0200] "GET /robots.txt HTTP/1.1" 200 69 "-" "Mozilla/5.0 (Macintosh; Intel Mac OS X 10_10_1) AppleWebKit/600.2.5 (KHTML, like Gecko) Version/8.0.2 Safari/600.2.5 (Applebot/0.1; +http://www.apple.com/go/applebot)"
17.58.103.195 - - [26/Feb/2019:00:52:46 +0200] "GET /%d7%91%d7%a0%d7%99%d7%99%d7%aa-%d7%90%d7%aa%d7%a8%d7%99%d7%9d/ HTTP/1.1" 404 26493 "-" "Mozilla/5.0 (Macintosh; Intel Mac OS X 10_10_1) AppleWebKit/600.2.5 (KHTML, like Gecko) Version/8.0.2 Safari/600.2.5 (Applebot/0.1; +http://www.apple.com/go/applebot)"
5.45.207.16 - - [26/Feb/2019:00:53:23 +0200] "GET /virtual-server-rental/feed/ HTTP/1.1" 200 825 "-" "Mozilla/5.0 (compatible; YandexBot/3.0; +http://yandex.com/bots)"
66.249.76.88 - - [26/Feb/2019:00:53:36 +0200] "GET /tag/%D7%90%D7%AA%D7%A8%D7%99%D7%9D/ HTTP/1.1" 200 28286 "-" "Mozilla/5.0 (Linux; Android 6.0.1; Nexus 5X Build/MMB29P) AppleWebKit/537.36 (KHTML, like Gecko) Chrome/41.0.2272.96 Mobile Safari/537.36 (compatible; Googlebot/2.1; +http://www.google.com/bot.html)"
5.45.207.16 - - [26/Feb/2019:00:54:02 +0200] "GET /building-natural-links/feed/ HTTP/1.1" 200 4714 "-" "Mozilla/5.0 (compatible; YandexBot/3.0; +http://yandex.com/bots)"
141.8.142.80 - - [26/Feb/2019:00:55:21 +0200] "GET /wp-content/uploads/2015/01/Google-Places-part3.jpg HTTP/1.1" 200 9233 "-" "Mozilla/5.0 (compatible; YandexImages/3.0; +http://yandex.com/bots)"
5.45.207.16 - - [26/Feb/2019:00:55:30 +0200] "GET /wp-content/uploads/2015/01/%D7%91%D7%A0%D7%99%D7%99%D7%AA-%D7%AA%D7%95%D7%9B%D7%A0%D7%95%D7%AA-450x139.png HTTP/1.1" 200 17872 "-" "Mozilla/5.0 (compatible; YandexImages/3.0; +http://yandex.com/bots)"
66.249.76.88 - - [26/Feb/2019:00:56:07 +0200] "GET /tag/%D7%9C%D7%91%D7%93%D7%99%D7%A7%D7%AA/ HTTP/1.1" 200 26318 "-" "Mozilla/5.0 (Linux; Android 6.0.1; Nexus 5X Build/MMB29P) AppleWebKit/537.36 (KHTML, like Gecko) Chrome/41.0.2272.96 Mobile Safari/537.36 (compatible; Googlebot/2.1; +http://www.google.com/bot.html)"
5.45.207.16 - - [26/Feb/2019:00:56:31 +0200] "GET /wp-content/uploads/2016/06/find-icons-300x147.jpg HTTP/1.1" 200 11855 "-" "Mozilla/5.0 (compatible; YandexImages/3.0; +http://yandex.com/bots)"
5.45.207.16 - - [26/Feb/2019:00:58:12 +0200] "GET /wp-content/plugins/real-accessability/support.php HTTP/1.1" 200 1743 "-" "Mozilla/5.0 (compatible; YandexBot/3.0; +http://yandex.com/bots)"
5.45.207.16 - - [26/Feb/2019:00:58:32 +0200] "GET /questions/page/4/ HTTP/1.1" 200 31165 "-" "Mozilla/5.0 (compatible; YandexBot/3.0; +http://yandex.com/bots)"
66.249.76.92 - - [26/Feb/2019:00:58:38 +0200] "GET /tag/%D7%9E%D7%AA%D7%97%D7%A8%D7%99%D7%9D/ HTTP/1.1" 200 26321 "-" "Mozilla/5.0 (Linux; Android 6.0.1; Nexus 5X Build/MMB29P) AppleWebKit/537.36 (KHTML, like Gecko) Chrome/41.0.2272.96 Mobile Safari/537.36 (compatible; Googlebot/2.1; +http://www.google.com/bot.html)"
5.45.207.16 - - [26/Feb/2019:00:58:48 +0200] "GET /wp-content/uploads/2018/09/digital-markting-705x470.jpg HTTP/1.1" 200 51032 "-" "Mozilla/5.0 (compatible; YandexImages/3.0; +http://yandex.com/bots)"
5.45.207.16 - - [26/Feb/2019:00:59:24 +0200] "GET /?p=5021 HTTP/1.1" 301 0 "-" "Mozilla/5.0 (compatible; YandexBot/3.0; +http://yandex.com/bots)"
178.154.171.89 - - [26/Feb/2019:00:59:26 +0200] "GET /questions/question/%D7%90%D7%AA%D7%A8-%D7%A0%D7%9B%D7%A0%D7%A1-%D7%9C%D7%90%D7%A8%D7%92%D7%96-%D7%94%D7%97%D7%95%D7%9C/ HTTP/1.1" 200 30649 "-" "Mozilla/5.0 (compatible; YandexBot/3.0; +http://yandex.com/bots)"
5.45.207.16 - - [26/Feb/2019:01:00:13 +0200] "GET /wp-content/uploads/2015/12/nofollow-dofollow-300x102.png HTTP/1.1" 200 14186 "-" "Mozilla/5.0 (compatible; YandexImages/3.0; +http://yandex.com/bots)"
5.45.207.16 - - [26/Feb/2019:01:00:30 +0200] "GET /wp-json/oembed/1.0/embed?url=https%3A%2F%2Fwebon.org.il%2Fprivate-tutor-to-seo%2F&format=xml HTTP/1.1" 200 2835 "-" "Mozilla/5.0 (compatible; YandexBot/3.0; +http://yandex.com/bots)"
5.45.207.16 - - [26/Feb/2019:01:00:31 +0200] "GET /wp-content/uploads/2018/09/promotion-705x580.jpg HTTP/1.1" 200 71313 "-" "Mozilla/5.0 (compatible; YandexImages/3.0; +http://yandex.com/bots)"
5.45.207.16 - - [26/Feb/2019:01:00:38 +0200] "GET /website-promotion-course-in-rishon-lezion/ HTTP/1.1" 200 34125 "-" "Mozilla/5.0 (compatible; YandexBot/3.0; +http://yandex.com/bots)"
5.45.207.16 - - [26/Feb/2019:01:00:53 +0200] "GET /category/seo-news/ HTTP/1.1" 200 34140 "-" "Mozilla/5.0 (compatible; YandexBot/3.0; +http://yandex.com/bots)"
66.249.76.92 - - [26/Feb/2019:01:01:09 +0200] "GET /tag/%D7%AA%D7%99%D7%95%D7%92-%D7%AA%D7%9E%D7%95%D7%A0%D7%95%D7%AA/ HTTP/1.1" 200 25892 "-" "Mozilla/5.0 (Linux; Android 6.0.1; Nexus 5X Build/MMB29P) AppleWebKit/537.36 (KHTML, like Gecko) Chrome/41.0.2272.96 Mobile Safari/537.36 (compatible; Googlebot/2.1; +http://www.google.com/bot.html)"
178.154.171.89 - - [26/Feb/2019:01:01:11 +0200] "GET / HTTP/1.1" 200 39575 "-" "Mozilla/5.0 (compatible; YandexBot/3.0; +http://yandex.com/bots)"
5.45.207.16 - - [26/Feb/2019:01:01:27 +0200] "GET /wp-content/plugins/keyword-position-checker/js/jquery.validate.min.js?ver=4.9.9 HTTP/1.1" 200 7285 "https://webon.org.il/" "Mozilla/5.0 (compatible; YandexBot/3.0; +http://yandex.com/bots)"
5.45.207.16 - - [26/Feb/2019:01:01:27 +0200] "GET /wp-content/plugins/keyword-position-checker/css/admin.css HTTP/1.1" 200 284 "https://webon.org.il/" "Mozilla/5.0 (compatible; YandexBot/3.0; +http://yandex.com/bots)"
178.154.171.89 - - [26/Feb/2019:01:01:27 +0200] "GET /wp-content/plugins/js_composer/assets/js/dist/js_composer_front.min.js?ver=5.1 HTTP/1.1" 200 6383 "https://webon.org.il/" "Mozilla/5.0 (compatible; YandexBot/3.0; +http://yandex.com/bots)"
178.154.171.89 - - [26/Feb/2019:01:01:28 +0200] "GET /wp-content/plugins/js_composer/assets/lib/bower/zoom/jquery.zoom.min.js?ver=5.1 HTTP/1.1" 200 1364 "https://webon.org.il/" "Mozilla/5.0 (compatible; YandexBot/3.0; +http://yandex.com/bots)"
178.154.171.89 - - [26/Feb/2019:01:01:28 +0200] "GET /wp-content/plugins/js_composer/assets/lib/vc_tabs/vc-tabs.min.js?ver=5.1 HTTP/1.1" 200 1316 "https://webon.org.il/" "Mozilla/5.0 (compatible; YandexBot/3.0; +http://yandex.com/bots)"
141.8.142.80 - - [26/Feb/2019:01:01:28 +0200] "GET /wp-includes/js/imagesloaded.min.js?ver=3.2.0 HTTP/1.1" 200 2777 "https://webon.org.il/" "Mozilla/5.0 (compatible; YandexBot/3.0; +http://yandex.com/bots)"
5.45.207.16 - - [26/Feb/2019:01:01:28 +0200] "GET /wp-content/plugins/post-views-counter/css/frontend.css?ver=1.2.14 HTTP/1.1" 200 289 "https://webon.org.il/" "Mozilla/5.0 (compatible; YandexBot/3.0; +http://yandex.com/bots)"
141.8.142.80 - - [26/Feb/2019:01:01:28 +0200] "GET /wp-content/plugins/post-grid/assets/frontend/css/owl.carousel.css?ver=4.9.9 HTTP/1.1" 200 1295 "https://webon.org.il/" "Mozilla/5.0 (compatible; YandexBot/3.0; +http://yandex.com/bots)"
178.154.171.89 - - [26/Feb/2019:01:01:28 +0200] "GET /wp-content/themes/twentyseventeen/assets/js/global.js?ver=1.0 HTTP/1.1" 200 2932 "https://webon.org.il/" "Mozilla/5.0 (compatible; YandexBot/3.0; +http://yandex.com/bots)"
141.8.142.80 - - [26/Feb/2019:01:01:28 +0200] "GET /wp-content/themes/twentyseventeen/style.css?ver=4.9.9 HTTP/1.1" 200 5047 "https://webon.org.il/" "Mozilla/5.0 (compatible; YandexBot/3.0; +http://yandex.com/bots)"
95.108.213.40 - - [26/Feb/2019:01:01:28 +0200] "GET /wp-content/plugins/post-grid/assets/global/css/style.layout.css?ver=4.9.9 HTTP/1.1" 200 215 "https://webon.org.il/" "Mozilla/5.0 (compatible; YandexBot/3.0; +http://yandex.com/bots)"
178.154.171.89 - - [26/Feb/2019:01:01:29 +0200] "GET /wp-content/plugins/sitemap/css/page-list.css?ver=4.3 HTTP/1.1" 200 346 "https://webon.org.il/" "Mozilla/5.0 (compatible; YandexBot/3.0; +http://yandex.com/bots)"
5.45.207.16 - - [26/Feb/2019:01:01:28 +0200] "GET /wp-content/plugins/js_composer/assets/css/js_composer.min.css?ver=5.1 HTTP/1.1" 200 57458 "https://webon.org.il/" "Mozilla/5.0 (compatible; YandexBot/3.0; +http://yandex.com/bots)"
141.8.142.80 - - [26/Feb/2019:01:01:29 +0200] "GET /wp-content/plugins/contact-form-7/includes/css/styles.css?ver=5.0.4 HTTP/1.1" 200 729 "https://webon.org.il/" "Mozilla/5.0 (compatible; YandexBot/3.0; +http://yandex.com/bots)"
95.108.213.40 - - [26/Feb/2019:01:01:29 +0200] "GET /wp-content/plugins/keyword-position-checker/js/kpc_ajax.js?ver=4.9.9 HTTP/1.1" 200 415 "https://webon.org.il/" "Mozilla/5.0 (compatible; YandexBot/3.0; +http://yandex.com/bots)"
5.255.253.4 - - [26/Feb/2019:01:01:29 +0200] "GET /wp-content/themes/twentyseventeen/rtl.css HTTP/1.1" 200 2646 "https://webon.org.il/" "Mozilla/5.0 (compatible; YandexBot/3.0; +http://yandex.com/bots)"
5.255.253.4 - - [26/Feb/2019:01:01:30 +0200] "GET /wp-content/plugins/js_composer/assets/lib/vc_image_zoom/vc_image_zoom.min.js?ver=5.1 HTTP/1.1" 200 374 "https://webon.org.il/" "Mozilla/5.0 (compatible; YandexBot/3.0; +http://yandex.com/bots)"
178.154.171.89 - - [26/Feb/2019:01:01:30 +0200] "GET /wp-content/plugins/post-grid/assets/global/css/style.skins.css?ver=4.9.9 HTTP/1.1" 200 3926 "https://webon.org.il/" "Mozilla/5.0 (compatible; YandexBot/3.0; +http://yandex.com/bots)"
141.8.142.183 - - [26/Feb/2019:01:01:30 +0200] "GET /wp-content/plugins/contact-form-7/includes/js/scripts.js?ver=5.0.4 HTTP/1.1" 200 4781 "https://webon.org.il/" "Mozilla/5.0 (compatible; YandexBot/3.0; +http://yandex.com/bots)"
141.8.142.80 - - [26/Feb/2019:01:01:30 +0200] "GET /wp-content/plugins/jquery-t-countdown-widget/js/jquery.t-countdown.js?ver=2.4.0 HTTP/1.1" 200 3254 "https://webon.org.il/" "Mozilla/5.0 (compatible; YandexBot/3.0; +http://yandex.com/bots)"
178.154.171.89 - - [26/Feb/2019:01:01:30 +0200] "GET /wp-content/plugins/js_composer/assets/lib/vc-tta-autoplay/vc-tta-autoplay.min.js?ver=5.1 HTTP/1.1" 200 884 "https://webon.org.il/" "Mozilla/5.0 (compatible; YandexBot/3.0; +http://yandex.com/bots)"
141.8.142.139 - - [26/Feb/2019:01:01:30 +0200] "GET /wp-includes/js/jquery/jquery.masonry.min.js?ver=3.1.2b HTTP/1.1" 200 747 "https://webon.org.il/" "Mozilla/5.0 (compatible; YandexBot/3.0; +http://yandex.com/bots)"
141.8.142.80 - - [26/Feb/2019:01:01:30 +0200] "GET /wp-content/plugins/wordpress-popular-posts/public/css/wpp.css?ver=4.2.0 HTTP/1.1" 200 561 "https://webon.org.il/" "Mozilla/5.0 (compatible; YandexBot/3.0; +http://yandex.com/bots)"
5.255.253.4 - - [26/Feb/2019:01:01:30 +0200] "GET /wp-content/plugins/keyword-position-checker/css/style.css HTTP/1.1" 200 435 "https://webon.org.il/" "Mozilla/5.0 (compatible; YandexBot/3.0; +http://yandex.com/bots)"
95.108.213.40 - - [26/Feb/2019:01:01:30 +0200] "GET /wp-content/plugins/wp-job-manager/assets/css/chosen.css?ver=1.1.0 HTTP/1.1" 200 2639 "https://webon.org.il/" "Mozilla/5.0 (compatible; YandexBot/3.0; +http://yandex.com/bots)"
141.8.142.183 - - [26/Feb/2019:01:01:30 +0200] "GET /wp-content/plugins/js_composer/assets/lib/vc_accordion/vc-accordion.min.js?ver=5.1 HTTP/1.1" 200 3165 "https://webon.org.il/" "Mozilla/5.0 (compatible; YandexBot/3.0; +http://yandex.com/bots)"
178.154.171.89 - - [26/Feb/2019:01:01:31 +0200] "GET /wp-content/plugins/contact-form-7/includes/css/styles-rtl.css?ver=5.0.4 HTTP/1.1" 200 177 "https://webon.org.il/" "Mozilla/5.0 (compatible; YandexBot/3.0; +http://yandex.com/bots)"
5.45.207.16 - - [26/Feb/2019:01:01:31 +0200] "GET /wp-includes/css/dashicons.min.css?ver=4.9.9 HTTP/1.1" 200 29778 "https://webon.org.il/" "Mozilla/5.0 (compatible; YandexBot/3.0; +http://yandex.com/bots)"
178.154.171.89 - - [26/Feb/2019:01:01:31 +0200] "GET /wp-content/plugins/wp-job-manager/assets/css/frontend.css?ver=1.31.3 HTTP/1.1" 200 5357 "https://webon.org.il/" "Mozilla/5.0 (compatible; YandexBot/3.0; +http://yandex.com/bots)"
141.8.142.80 - - [26/Feb/2019:01:01:31 +0200] "GET /wp-content/plugins/anspress-question-answer/templates/css/fonts.css?ver=4.1.15 HTTP/1.1" 200 1005 "https://webon.org.il/" "Mozilla/5.0 (compatible; YandexBot/3.0; +http://yandex.com/bots)"
37.9.113.87 - - [26/Feb/2019:01:01:31 +0200] "GET /wp-includes/js/jquery/jquery.js?ver=1.12.4 HTTP/1.1" 200 39407 "https://webon.org.il/" "Mozilla/5.0 (compatible; YandexBot/3.0; +http://yandex.com/bots)"
5.255.253.4 - - [26/Feb/2019:01:01:31 +0200] "GET /wp-content/plugins/anspress-question-answer/templates/css/main.css?ver=4.1.15 HTTP/1.1" 200 18977 "https://webon.org.il/" "Mozilla/5.0 (compatible; YandexBot/3.0; +http://yandex.com/bots)"
5.45.207.16 - - [26/Feb/2019:01:01:32 +0200] "GET /wp-content/themes/twentyseventeen/assets/js/jquery.scrollTo.js?ver=2.1.2 HTTP/1.1" 200 2625 "https://webon.org.il/" "Mozilla/5.0 (compatible; YandexBot/3.0; +http://yandex.com/bots)"
141.8.142.183 - - [26/Feb/2019:01:01:32 +0200] "GET /wp-includes/js/comment-reply.min.js?ver=4.9.9 HTTP/1.1" 200 597 "https://webon.org.il/" "Mozilla/5.0 (compatible; YandexBot/3.0; +http://yandex.com/bots)"
141.8.142.139 - - [26/Feb/2019:01:01:32 +0200] "GET /wp-content/themes/twentyseventeen/js/use-seo.js HTTP/1.1" 200 432 "https://webon.org.il/" "Mozilla/5.0 (compatible; YandexBot/3.0; +http://yandex.com/bots)"
37.9.113.87 - - [26/Feb/2019:01:01:32 +0200] "GET /wp-includes/js/wp-embed.min.js?ver=4.9.9 HTTP/1.1" 200 767 "https://webon.org.il/" "Mozilla/5.0 (compatible; YandexBot/3.0; +http://yandex.com/bots)"
5.45.207.16 - - [26/Feb/2019:01:01:32 +0200] "GET /wp-content/plugins/post-grid/assets/frontend/js/owl.carousel.min.js?ver=4.9.9 HTTP/1.1" 200 13238 "https://webon.org.il/" "Mozilla/5.0 (compatible; YandexBot/3.0; +http://yandex.com/bots)"
178.154.171.89 - - [26/Feb/2019:01:01:32 +0200] "GET /wp-content/plugins/post-grid/assets/frontend/css/style-new.css?ver=4.9.9 HTTP/1.1" 200 2222 "https://webon.org.il/" "Mozilla/5.0 (compatible; YandexBot/3.0; +http://yandex.com/bots)"
5.45.207.16 - - [26/Feb/2019:01:01:33 +0200] "GET /wp-content/plugins/post-grid/assets/frontend/js/scripts.js?ver=4.9.9 HTTP/1.1" 200 1116 "https://webon.org.il/" "Mozilla/5.0 (compatible; YandexBot/3.0; +http://yandex.com/bots)"
5.45.207.16 - - [26/Feb/2019:01:01:33 +0200] "GET /wp-content/plugins/real-accessability/real-accessability.css?ver=1.0 HTTP/1.1" 200 1752 "https://webon.org.il/" "Mozilla/5.0 (compatible; YandexBot/3.0; +http://yandex.com/bots)"
178.154.171.89 - - [26/Feb/2019:01:01:33 +0200] "GET /wp-content/plugins/anspress-question-answer/templates/css/overrides.css?v=4.1.15&ver=4.1.15 HTTP/1.1" 200 0 "https://webon.org.il/" "Mozilla/5.0 (compatible; YandexBot/3.0; +http://yandex.com/bots)"
141.8.142.80 - - [26/Feb/2019:01:01:33 +0200] "GET /wp-content/plugins/post-grid/assets/frontend/css/style-woocommerce.css?ver=4.9.9 HTTP/1.1" 200 312 "https://webon.org.il/" "Mozilla/5.0 (compatible; YandexBot/3.0; +http://yandex.com/bots)"
5.255.253.4 - - [26/Feb/2019:01:01:33 +0200] "GET /wp-content/plugins/js_composer/assets/lib/bower/font-awesome/css/font-awesome.min.css?ver=5.1 HTTP/1.1" 200 7502 "https://webon.org.il/" "Mozilla/5.0 (compatible; YandexBot/3.0; +http://yandex.com/bots)"
95.108.213.40 - - [26/Feb/2019:01:01:33 +0200] "GET /wp-includes/js/jquery/jquery-migrate.min.js?ver=1.4.1 HTTP/1.1" 200 4303 "https://webon.org.il/" "Mozilla/5.0 (compatible; YandexBot/3.0; +http://yandex.com/bots)"
141.8.142.183 - - [26/Feb/2019:01:01:34 +0200] "GET /wp-includes/js/wp-emoji-release.min.js?ver=4.9.9 HTTP/1.1" 200 4903 "https://webon.org.il/" "Mozilla/5.0 (compatible; YandexBot/3.0; +http://yandex.com/bots)"
141.8.142.139 - - [26/Feb/2019:01:01:34 +0200] "GET /wp-content/plugins/anspress-question-answer/templates/css/rtl.css?ver=4.1.15 HTTP/1.1" 200 302 "https://webon.org.il/" "Mozilla/5.0 (compatible; YandexBot/3.0; +http://yandex.com/bots)"
5.45.207.16 - - [26/Feb/2019:01:01:34 +0200] "GET /wp-includes/js/masonry.min.js?ver=3.3.2 HTTP/1.1" 200 9984 "https://webon.org.il/" "Mozilla/5.0 (compatible; YandexBot/3.0; +http://yandex.com/bots)"
178.154.171.89 - - [26/Feb/2019:01:01:34 +0200] "GET /wp-content/plugins/real-accessability/real-accessability.js?ver=1.0 HTTP/1.1" 200 2379 "https://webon.org.il/" "Mozilla/5.0 (compatible; YandexBot/3.0; +http://yandex.com/bots)"
141.8.142.80 - - [26/Feb/2019:01:01:34 +0200] "GET /wp-content/plugins/wordpress-popular-posts/public/js/wpp-4.2.0.min.js?ver=4.2.0 HTTP/1.1" 200 593 "https://webon.org.il/" "Mozilla/5.0 (compatible; YandexBot/3.0; +http://yandex.com/bots)"
5.255.253.4 - - [26/Feb/2019:01:01:34 +0200] "GET /wp-content/themes/twentyseventeen/assets/js/skip-link-focus-fix.js?ver=1.0 HTTP/1.1" 200 425 "https://webon.org.il/" "Mozilla/5.0 (compatible; YandexBot/3.0; +http://yandex.com/bots)"
95.108.213.40 - - [26/Feb/2019:01:01:35 +0200] "GET /wp-content/plugins/js_composer/assets/css/js_composer_tta.min.css?ver=5.1 HTTP/1.1" 200 22647 "https://webon.org.il/" "Mozilla/5.0 (compatible; YandexBot/3.0; +http://yandex.com/bots)"
141.8.142.183 - - [26/Feb/2019:01:01:35 +0200] "GET /wp-content/fonts/OpenSansHebrewCondensed-Bold.ttf HTTP/1.1" 200 33880 "https://webon.org.il/wp-content/themes/twentyseventeen/style.css?ver=4.9.9" "Mozilla/5.0 (compatible; YandexBot/3.0; +http://yandex.com/bots)"
141.8.142.139 - - [26/Feb/2019:01:01:35 +0200] "GET /wp-content/plugins/real-accessability/fonts/realaccessability.ttf?717675 HTTP/1.1" 200 2808 "https://webon.org.il/wp-content/plugins/real-accessability/real-accessability.css?ver=1.0" "Mozilla/5.0 (compatible; YandexBot/3.0; +http://yandex.com/bots)"
5.45.207.16 - - [26/Feb/2019:01:01:35 +0200] "GET /wp-content/fonts/OpenSansHebrew-Light.ttf HTTP/1.1" 200 33740 "https://webon.org.il/wp-content/themes/twentyseventeen/style.css?ver=4.9.9" "Mozilla/5.0 (compatible; YandexBot/3.0; +http://yandex.com/bots)"
141.8.142.80 - - [26/Feb/2019:01:01:36 +0200] "GET /wp-json/oembed/1.0/embed?url=https%3A%2F%2Fwebon.org.il%2Fsite-articles%2F&format=xml HTTP/1.1" 200 2625 "-" "Mozilla/5.0 (compatible; YandexBot/3.0; +http://yandex.com/bots)"
5.45.207.16 - - [26/Feb/2019:01:02:53 +0200] "GET /wp-json/oembed/1.0/embed?url=https%3A%2F%2Fwebon.org.il%2Fartificial-intelligence%2F HTTP/1.1" 200 2569 "-" "Mozilla/5.0 (compatible; YandexBot/3.0; +http://yandex.com/bots)"
5.45.207.16 - - [26/Feb/2019:01:03:02 +0200] "GET /site-articles/ HTTP/1.1" 200 29785 "-" "Mozilla/5.0 (compatible; YandexBot/3.0; +http://yandex.com/bots)"
5.45.207.16 - - [26/Feb/2019:01:03:12 +0200] "GET /organic-seo/amp/ HTTP/1.1" 200 8736 "-" "Mozilla/5.0 (compatible; YandexBot/3.0; +http://yandex.com/bots)"
66.249.76.88 - - [26/Feb/2019:01:03:40 +0200] "GET /tag/%D7%AA%D7%92%D7%99%D7%AA/ HTTP/1.1" 200 26267 "-" "Mozilla/5.0 (Linux; Android 6.0.1; Nexus 5X Build/MMB29P) AppleWebKit/537.36 (KHTML, like Gecko) Chrome/41.0.2272.96 Mobile Safari/537.36 (compatible; Googlebot/2.1; +http://www.google.com/bot.html)"
5.45.207.16 - - [26/Feb/2019:01:05:00 +0200] "GET /301-redirect/amp/ HTTP/1.1" 200 5666 "-" "Mozilla/5.0 (compatible; YandexBot/3.0; +http://yandex.com/bots)"
5.45.207.16 - - [26/Feb/2019:01:05:46 +0200] "GET /writing-content/feed/ HTTP/1.1" 200 793 "-" "Mozilla/5.0 (compatible; YandexBot/3.0; +http://yandex.com/bots)"
5.45.207.16 - - [26/Feb/2019:01:05:47 +0200] "GET /programming-course/amp/ HTTP/1.1" 200 5026 "-" "Mozilla/5.0 (compatible; YandexBot/3.0; +http://yandex.com/bots)"
5.45.207.16 - - [26/Feb/2019:01:05:50 +0200] "GET /organic-seo/ HTTP/1.1" 200 36752 "-" "Mozilla/5.0 (compatible; YandexBot/3.0; +http://yandex.com/bots)"
66.249.76.88 - - [26/Feb/2019:01:06:11 +0200] "GET /page/5/?post_type=answer HTTP/1.1" 200 28805 "-" "Mozilla/5.0 (Linux; Android 6.0.1; Nexus 5X Build/MMB29P) AppleWebKit/537.36 (KHTML, like Gecko) Chrome/41.0.2272.96 Mobile Safari/537.36 (compatible; Googlebot/2.1; +http://www.google.com/bot.html)"
5.45.207.16 - - [26/Feb/2019:01:07:13 +0200] "GET /?p=5918 HTTP/1.1" 301 0 "-" "Mozilla/5.0 (compatible; YandexBot/3.0; +http://yandex.com/bots)"
178.154.171.89 - - [26/Feb/2019:01:07:14 +0200] "GET /writing-articles/ HTTP/1.1" 200 33839 "-" "Mozilla/5.0 (compatible; YandexBot/3.0; +http://yandex.com/bots)"
5.45.207.16 - - [26/Feb/2019:01:08:35 +0200] "GET /wp-content/plugins/post-grid/assets/frontend/css/images/placeholder.png HTTP/1.1" 200 33605 "-" "Mozilla/5.0 (compatible; YandexImages/3.0; +http://yandex.com/bots)"
66.249.76.92 - - [26/Feb/2019:01:08:42 +0200] "GET /page/3/?post_type=question HTTP/1.1" 200 28698 "-" "Mozilla/5.0 (Linux; Android 6.0.1; Nexus 5X Build/MMB29P) AppleWebKit/537.36 (KHTML, like Gecko) Chrome/41.0.2272.96 Mobile Safari/537.36 (compatible; Googlebot/2.1; +http://www.google.com/bot.html)"
5.45.207.16 - - [26/Feb/2019:01:09:05 +0200] "GET /wp-content/uploads/2018/09/Duplicate-content-300x199.jpg HTTP/1.1" 200 13820 "-" "Mozilla/5.0 (compatible; YandexImages/3.0; +http://yandex.com/bots)"
178.154.171.89 - - [26/Feb/2019:01:09:59 +0200] "GET /robots.txt HTTP/1.1" 200 69 "-" "Mozilla/5.0 (compatible; YandexBot/3.0; +http://yandex.com/bots)"
5.45.207.16 - - [26/Feb/2019:01:09:58 +0200] "GET / HTTP/1.1" 200 39575 "-" "Mozilla/5.0 (compatible; YandexBot/3.0; +http://yandex.com/bots)"
178.154.171.89 - - [26/Feb/2019:01:10:02 +0200] "GET / HTTP/1.1" 301 0 "-" "Mozilla/5.0 (compatible; YandexBot/3.0; +http://yandex.com/bots)"
5.45.207.16 - - [26/Feb/2019:01:10:50 +0200] "GET / HTTP/1.1" 200 39576 "-" "Mozilla/5.0 (compatible; YandexBot/3.0; +http://yandex.com/bots)"
66.249.76.92 - - [26/Feb/2019:01:11:13 +0200] "GET /tag/%D7%9E%D7%9E%D7%95%D7%9E%D7%9F/ HTTP/1.1" 200 26228 "-" "Mozilla/5.0 (Linux; Android 6.0.1; Nexus 5X Build/MMB29P) AppleWebKit/537.36 (KHTML, like Gecko) Chrome/41.0.2272.96 Mobile Safari/537.36 (compatible; Googlebot/2.1; +http://www.google.com/bot.html)"
5.45.207.16 - - [26/Feb/2019:01:11:39 +0200] "GET /questions/question/%D7%90%D7%99%D7%9A-%D7%9C%D7%A7%D7%93%D7%9D-%D7%90%D7%AA%D7%A8-%D7%9C%D7%91%D7%93/?order_by=active HTTP/1.1" 200 31578 "-" "Mozilla/5.0 (compatible; YandexBot/3.0; +http://yandex.com/bots)"
66.249.76.92 - - [26/Feb/2019:01:12:51 +0200] "GET /questions/question/%D7%90%D7%99%D7%9A-%D7%9C%D7%A7%D7%93%D7%9D-%D7%90%D7%AA%D7%A8-%D7%91%D7%A4%D7%99%D7%99%D7%A1%D7%91%D7%95%D7%A7/answer/5025/ HTTP/1.1" 200 26479 "-" "Mozilla/5.0 (compatible; Googlebot/2.1; +http://www.google.com/bot.html)"
66.249.76.88 - - [26/Feb/2019:01:13:44 +0200] "GET /tag/landscape/ HTTP/1.1" 200 26290 "-" "Mozilla/5.0 (Linux; Android 6.0.1; Nexus 5X Build/MMB29P) AppleWebKit/537.36 (KHTML, like Gecko) Chrome/41.0.2272.96 Mobile Safari/537.36 (compatible; Googlebot/2.1; +http://www.google.com/bot.html)"
5.188.210.10 - - [26/Feb/2019:01:14:45 +0200] "GET / HTTP/1.0" 200 138416 "https://webon.org.il/" "Mozilla/5.0 (Windows NT 6.1; Win64; x64) AppleWebKit/537.36 (KHTML, like Gecko) Chrome/67.0.3396.87 Safari/537.36 OPR/54.0.2952.51"
5.188.210.10 - - [26/Feb/2019:01:14:47 +0200] "GET / HTTP/1.0" 200 138416 "https://webon.org.il/" "Mozilla/5.0 (Windows NT 10.0; Win64; x64) AppleWebKit/537.36 (KHTML, like Gecko) Chrome/66.0.3359.181 Safari/537.36"
5.188.210.10 - - [26/Feb/2019:01:14:49 +0200] "GET /category/web-development/ HTTP/1.0" 200 106694 "https://webon.org.il/category/web-development/" "Mozilla/5.0 (Windows NT 6.1; Win64; x64) AppleWebKit/537.36 (KHTML, like Gecko) Chrome/67.0.3396.87 Safari/537.36 OPR/54.0.2952.51"
5.188.210.10 - - [26/Feb/2019:01:14:50 +0200] "GET / HTTP/1.0" 200 138416 "https://webon.org.il/" "Mozilla/5.0 (Windows NT 6.3; Win64; x64) AppleWebKit/537.36 (KHTML, like Gecko) Chrome/67.0.3396.99 Safari/537.36"
5.188.210.10 - - [26/Feb/2019:01:14:51 +0200] "GET /category/web-development/ HTTP/1.0" 200 106694 "https://webon.org.il/category/web-development/" "Mozilla/5.0 (Windows NT 10.0; Win64; x64) AppleWebKit/537.36 (KHTML, like Gecko) Chrome/66.0.3359.181 Safari/537.36"
5.188.210.10 - - [26/Feb/2019:01:14:52 +0200] "GET /category/home-software/ HTTP/1.0" 200 101620 "https://webon.org.il/category/home-software/" "Mozilla/5.0 (Windows NT 6.1; Win64; x64) AppleWebKit/537.36 (KHTML, like Gecko) Chrome/67.0.3396.87 Safari/537.36 OPR/54.0.2952.51"
5.188.210.10 - - [26/Feb/2019:01:14:53 +0200] "GET /category/home-software/ HTTP/1.0" 200 101620 "https://webon.org.il/category/home-software/" "Mozilla/5.0 (Windows NT 10.0; Win64; x64) AppleWebKit/537.36 (KHTML, like Gecko) Chrome/66.0.3359.181 Safari/537.36"
5.188.210.10 - - [26/Feb/2019:01:14:53 +0200] "GET /category/web-development/ HTTP/1.0" 200 106694 "https://webon.org.il/category/web-development/" "Mozilla/5.0 (Windows NT 6.3; Win64; x64) AppleWebKit/537.36 (KHTML, like Gecko) Chrome/67.0.3396.99 Safari/537.36"
5.188.210.10 - - [26/Feb/2019:01:14:55 +0200] "GET /contact-us/ HTTP/1.0" 200 81423 "https://webon.org.il/contact-us/" "Mozilla/5.0 (Windows NT 6.1; Win64; x64) AppleWebKit/537.36 (KHTML, like Gecko) Chrome/67.0.3396.87 Safari/537.36 OPR/54.0.2952.51"
5.188.210.10 - - [26/Feb/2019:01:14:55 +0200] "GET /category/home-software/ HTTP/1.0" 200 101620 "https://webon.org.il/category/home-software/" "Mozilla/5.0 (Windows NT 6.3; Win64; x64) AppleWebKit/537.36 (KHTML, like Gecko) Chrome/67.0.3396.99 Safari/537.36"
5.188.210.10 - - [26/Feb/2019:01:14:56 +0200] "GET /contact-us/ HTTP/1.0" 200 81423 "https://webon.org.il/contact-us/" "Mozilla/5.0 (Windows NT 10.0; Win64; x64) AppleWebKit/537.36 (KHTML, like Gecko) Chrome/66.0.3359.181 Safari/537.36"
5.188.210.10 - - [26/Feb/2019:01:14:57 +0200] "POST /contact-us/ HTTP/1.0" 200 81548 "https://webon.org.il/contact-us/" "Mozilla/5.0 (Windows NT 6.1; Win64; x64) AppleWebKit/537.36 (KHTML, like Gecko) Chrome/67.0.3396.87 Safari/537.36 OPR/54.0.2952.51"
5.188.210.10 - - [26/Feb/2019:01:14:58 +0200] "GET /contact-us/ HTTP/1.0" 200 81423 "https://webon.org.il/contact-us/" "Mozilla/5.0 (Windows NT 6.3; Win64; x64) AppleWebKit/537.36 (KHTML, like Gecko) Chrome/67.0.3396.99 Safari/537.36"
5.188.210.10 - - [26/Feb/2019:01:14:58 +0200] "POST /contact-us/ HTTP/1.0" 200 81548 "https://webon.org.il/contact-us/" "Mozilla/5.0 (Windows NT 10.0; Win64; x64) AppleWebKit/537.36 (KHTML, like Gecko) Chrome/66.0.3359.181 Safari/537.36"
5.188.210.10 - - [26/Feb/2019:01:15:00 +0200] "POST /contact-us/ HTTP/1.0" 200 81548 "https://webon.org.il/contact-us/" "Mozilla/5.0 (Windows NT 6.3; Win64; x64) AppleWebKit/537.36 (KHTML, like Gecko) Chrome/67.0.3396.99 Safari/537.36"
5.188.210.10 - - [26/Feb/2019:01:15:08 +0200] "GET /contact-us/ HTTP/1.1" 200 28310 "-" "Mozilla/5.0 (Windows NT 6.1; Win64; x64; rv:62.0) Gecko/20100101 Firefox/62.0"
5.188.210.10 - - [26/Feb/2019:01:15:14 +0200] "GET /contact-us/ HTTP/1.1" 200 28306 "-" "Mozilla/5.0 (Windows NT 6.1; Win64; x64; rv:62.0) Gecko/20100101 Firefox/62.0"
5.45.207.16 - - [26/Feb/2019:01:16:04 +0200] "GET /wp-content/uploads/2016/09/Google-advertising-sites-36x36.jpg HTTP/1.1" 200 1389 "-" "Mozilla/5.0 (compatible; YandexImages/3.0; +http://yandex.com/bots)"
5.188.210.10 - - [26/Feb/2019:01:17:00 +0200] "GET /contact-us/ HTTP/1.1" 200 28308 "-" "Mozilla/5.0 (Windows NT 6.1; Win64; x64; rv:62.0) Gecko/20100101 Firefox/62.0"
5.45.207.16 - - [26/Feb/2019:01:17:04 +0200] "GET /website-promotion-course-in-rishon-lezion/amp/ HTTP/1.1" 200 5830 "-" "Mozilla/5.0 (compatible; YandexBot/3.0; +http://yandex.com/bots)"
5.45.207.16 - - [26/Feb/2019:01:19:07 +0200] "GET /category/home-software/feed/ HTTP/1.1" 200 31155 "-" "Mozilla/5.0 (compatible; YandexBot/3.0; +http://yandex.com/bots)"
5.45.207.16 - - [26/Feb/2019:01:19:24 +0200] "GET /questions/ HTTP/1.1" 200 31290 "-" "Mozilla/5.0 (compatible; YandexBot/3.0; +http://yandex.com/bots)"
66.249.76.90 - - [26/Feb/2019:01:21:17 +0200] "GET /website-development-course-in-wordpress/ HTTP/1.1" 200 30020 "-" "Mozilla/5.0 (Linux; Android 6.0.1; Nexus 5X Build/MMB29P) AppleWebKit/537.36 (KHTML, like Gecko) Chrome/41.0.2272.96 Mobile Safari/537.36 (compatible; Googlebot/2.1; +http://www.google.com/bot.html)"
209.17.96.218 - - [26/Feb/2019:01:21:31 +0200] "GET / HTTP/1.1" 301 0 "-" "Mozilla/5.0 (compatible; Nimbostratus-Bot/v1.3.2; http://cloudsystemnetworks.com)"
66.249.76.88 - - [26/Feb/2019:01:23:48 +0200] "GET /google-indexing-in-just-a-few-minutes/ HTTP/1.1" 200 29597 "-" "Mozilla/5.0 (Linux; Android 6.0.1; Nexus 5X Build/MMB29P) AppleWebKit/537.36 (KHTML, like Gecko) Chrome/41.0.2272.96 Mobile Safari/537.36 (compatible; Googlebot/2.1; +http://www.google.com/bot.html)"
66.249.76.90 - - [26/Feb/2019:01:24:13 +0200] "GET /wp-content/plugins/contact-form-7/includes/css/styles.css?ver=5.0.4 HTTP/1.1" 200 574 "https://webon.org.il/website-development-course-in-wordpress/" "Mozilla/5.0 (Linux; Android 6.0.1; Nexus 5X Build/MMB29P) AppleWebKit/537.36 (KHTML, like Gecko) Chrome/41.0.2272.96 Mobile Safari/537.36 (compatible; Googlebot/2.1; +http://www.google.com/bot.html)"
66.249.76.90 - - [26/Feb/2019:01:24:14 +0200] "POST /wp-json/wordpress-popular-posts/v1/popular-posts/ HTTP/1.1" 200 43 "https://webon.org.il/website-development-course-in-wordpress/" "Mozilla/5.0 (Linux; Android 6.0.1; Nexus 5X Build/MMB29P) AppleWebKit/537.36 (KHTML, like Gecko) Chrome/41.0.2272.96 Mobile Safari/537.36 (compatible; Googlebot/2.1; +http://www.google.com/bot.html)"
46.229.168.134 - - [26/Feb/2019:01:25:54 +0200] "GET /%D7%A7%D7%99%D7%93%D7%95%D7%9D-%D7%90%D7%AA%D7%A8%D7%99%D7%9D-%D7%90%D7%95%D7%A8%D7%92%D7%A0%D7%99 HTTP/1.1" 404 26500 "-" "Mozilla/5.0 (compatible; SemrushBot/3~bl; +http://www.semrush.com/bot.html)"
66.249.76.92 - - [26/Feb/2019:01:26:19 +0200] "GET /page/5/?ap_paged=3 HTTP/1.1" 200 43121 "-" "Mozilla/5.0 (Linux; Android 6.0.1; Nexus 5X Build/MMB29P) AppleWebKit/537.36 (KHTML, like Gecko) Chrome/41.0.2272.96 Mobile Safari/537.36 (compatible; Googlebot/2.1; +http://www.google.com/bot.html)"
66.249.76.90 - - [26/Feb/2019:01:28:50 +0200] "GET /page/9/?ap_paged=1 HTTP/1.1" 200 31084 "-" "Mozilla/5.0 (Linux; Android 6.0.1; Nexus 5X Build/MMB29P) AppleWebKit/537.36 (KHTML, like Gecko) Chrome/41.0.2272.96 Mobile Safari/537.36 (compatible; Googlebot/2.1; +http://www.google.com/bot.html)"
66.249.64.154 - - [26/Feb/2019:01:29:10 +0200] "POST /wp-json/wordpress-popular-posts/v1/popular-posts/ HTTP/1.1" 200 43 "https://webon.org.il/google-indexing-in-just-a-few-minutes/" "Mozilla/5.0 (Linux; Android 6.0.1; Nexus 5X Build/MMB29P) AppleWebKit/537.36 (KHTML, like Gecko) Chrome/41.0.2272.96 Mobile Safari/537.36 (compatible; Googlebot/2.1; +http://www.google.com/bot.html)"
66.249.76.92 - - [26/Feb/2019:01:30:18 +0200] "POST /wp-json/wordpress-popular-posts/v1/popular-posts/ HTTP/1.1" 403 228 "https://webon.org.il/questions/question/%D7%AA%D7%99%D7%A7%D7%95%D7%9F-%D7%90%D7%AA%D7%A8-%D7%9C-seo/?ap_sort=voted" "Mozilla/5.0 (Linux; Android 6.0.1; Nexus 5X Build/MMB29P) AppleWebKit/537.36 (KHTML, like Gecko) Chrome/41.0.2272.96 Mobile Safari/537.36 (compatible; Googlebot/2.1; +http://www.google.com/bot.html)"
185.56.75.220 - - [26/Feb/2019:01:33:16 +0200] "POST /wp-cron.php?doing_wp_cron=1551137596.0719261169433593750000 HTTP/1.1" 200 0 "https://webon.org.il/wp-cron.php?doing_wp_cron=1551137596.0719261169433593750000" "WordPress/4.9.9; https://webon.org.il"
66.249.64.154 - - [26/Feb/2019:01:33:15 +0200] "POST /wp-json/wordpress-popular-posts/v1/popular-posts/ HTTP/1.1" 403 228 "https://webon.org.il/questions/question/%D7%90%D7%AA%D7%A8-%D7%9E%D7%AA%D7%95%D7%90%D7%9D-%D7%9C%D7%A1%D7%9C%D7%95%D7%9C%D7%A8/?order_by=voted" "Mozilla/5.0 (Linux; Android 6.0.1; Nexus 5X Build/MMB29P) AppleWebKit/537.36 (KHTML, like Gecko) Chrome/41.0.2272.96 Mobile Safari/537.36 (compatible; Googlebot/2.1; +http://www.google.com/bot.html)"
66.249.76.90 - - [26/Feb/2019:01:33:52 +0200] "GET /tag/%D7%90%D7%AA%D7%A8-%D7%97%D7%93%D7%A9-%D7%9E%D7%A9%D7%A4%D7%99%D7%A2-%D7%A2%D7%9C-%D7%A7%D7%99%D7%93%D7%95%D7%9D-%D7%90%D7%AA%D7%A8%D7%99%D7%9D/ HTTP/1.1" 200 26269 "-" "Mozilla/5.0 (Linux; Android 6.0.1; Nexus 5X Build/MMB29P) AppleWebKit/537.36 (KHTML, like Gecko) Chrome/41.0.2272.96 Mobile Safari/537.36 (compatible; Googlebot/2.1; +http://www.google.com/bot.html)"
66.249.76.92 - - [26/Feb/2019:01:36:23 +0200] "GET /tag/%D7%90%D7%AA%D7%A8/ HTTP/1.1" 200 27003 "-" "Mozilla/5.0 (Linux; Android 6.0.1; Nexus 5X Build/MMB29P) AppleWebKit/537.36 (KHTML, like Gecko) Chrome/41.0.2272.96 Mobile Safari/537.36 (compatible; Googlebot/2.1; +http://www.google.com/bot.html)"
66.249.76.92 - - [26/Feb/2019:01:38:55 +0200] "GET /tag/%D7%A7%D7%99%D7%93%D7%95%D7%9D/ HTTP/1.1" 200 29075 "-" "Mozilla/5.0 (Linux; Android 6.0.1; Nexus 5X Build/MMB29P) AppleWebKit/537.36 (KHTML, like Gecko) Chrome/41.0.2272.96 Mobile Safari/537.36 (compatible; Googlebot/2.1; +http://www.google.com/bot.html)"
66.249.76.90 - - [26/Feb/2019:01:41:26 +0200] "GET /tag/%D7%A7%D7%99%D7%93%D7%95%D7%9D-%D7%90%D7%AA%D7%A8%D7%99%D7%9D-%D7%9C%D7%91%D7%9F/ HTTP/1.1" 200 26209 "-" "Mozilla/5.0 (Linux; Android 6.0.1; Nexus 5X Build/MMB29P) AppleWebKit/537.36 (KHTML, like Gecko) Chrome/41.0.2272.96 Mobile Safari/537.36 (compatible; Googlebot/2.1; +http://www.google.com/bot.html)"
207.46.13.97 - - [26/Feb/2019:01:48:03 +0200] "GET /why-build-a-website-in-the-wordpress-system/ HTTP/1.1" 200 36260 "-" "Mozilla/5.0 (compatible; bingbot/2.0; +http://www.bing.com/bingbot.htm)"
196.52.43.69 - - [26/Feb/2019:01:48:13 +0200] "GET / HTTP/1.1" 200 141326 "-" "Mozilla/5.0 (X11; Linux x86_64) AppleWebKit/537.36 (KHTML, like Gecko) Chrome/72.0.3602.2 Safari/537.36"
66.249.76.88 - - [26/Feb/2019:01:51:30 +0200] "GET /advertisements-on-my-site/ HTTP/1.1" 200 32358 "-" "Mozilla/5.0 (Linux; Android 6.0.1; Nexus 5X Build/MMB29P) AppleWebKit/537.36 (KHTML, like Gecko) Chrome/41.0.2272.96 Mobile Safari/537.36 (compatible; Googlebot/2.1; +http://www.google.com/bot.html)"
66.249.76.88 - - [26/Feb/2019:01:54:02 +0200] "GET /seo-web-development/ HTTP/1.1" 200 28514 "-" "Mozilla/5.0 (Linux; Android 6.0.1; Nexus 5X Build/MMB29P) AppleWebKit/537.36 (KHTML, like Gecko) Chrome/41.0.2272.96 Mobile Safari/537.36 (compatible; Googlebot/2.1; +http://www.google.com/bot.html)"
66.249.76.90 - - [26/Feb/2019:01:54:19 +0200] "POST /wp-json/wordpress-popular-posts/v1/popular-posts/ HTTP/1.1" 200 43 "https://webon.org.il/advertisements-on-my-site/" "Mozilla/5.0 (Linux; Android 6.0.1; Nexus 5X Build/MMB29P) AppleWebKit/537.36 (KHTML, like Gecko) Chrome/41.0.2272.96 Mobile Safari/537.36 (compatible; Googlebot/2.1; +http://www.google.com/bot.html)"
66.249.76.88 - - [26/Feb/2019:01:54:38 +0200] "POST /wp-json/wordpress-popular-posts/v1/popular-posts/ HTTP/1.1" 200 41 "https://webon.org.il/seo-web-development/" "Mozilla/5.0 (Linux; Android 6.0.1; Nexus 5X Build/MMB29P) AppleWebKit/537.36 (KHTML, like Gecko) Chrome/41.0.2272.96 Mobile Safari/537.36 (compatible; Googlebot/2.1; +http://www.google.com/bot.html)"
147.234.38.58 - - [26/Feb/2019:01:56:06 +0200] "GET /category/home-software/ HTTP/1.1" 200 28943 "https://www.google.com/" "Mozilla/5.0 (Linux; Android 9; ONEPLUS A6003) AppleWebKit/537.36 (KHTML, like Gecko) Chrome/72.0.3626.105 Mobile Safari/537.36"
147.234.38.58 - - [26/Feb/2019:01:56:08 +0200] "GET /wp-content/plugins/anspress-question-answer/templates/css/rtl.css?ver=4.1.15 HTTP/1.1" 200 237 "https://webon.org.il/category/home-software/" "Mozilla/5.0 (Linux; Android 9; ONEPLUS A6003) AppleWebKit/537.36 (KHTML, like Gecko) Chrome/72.0.3626.105 Mobile Safari/537.36"
147.234.38.58 - - [26/Feb/2019:01:56:08 +0200] "GET /wp-content/plugins/anspress-question-answer/templates/css/fonts.css?ver=4.1.15 HTTP/1.1" 200 829 "https://webon.org.il/category/home-software/" "Mozilla/5.0 (Linux; Android 9; ONEPLUS A6003) AppleWebKit/537.36 (KHTML, like Gecko) Chrome/72.0.3626.105 Mobile Safari/537.36"
147.234.38.58 - - [26/Feb/2019:01:56:08 +0200] "GET /wp-content/plugins/anspress-question-answer/templates/css/overrides.css?v=4.1.15&ver=4.1.15 HTTP/1.1" 200 0 "https://webon.org.il/category/home-software/" "Mozilla/5.0 (Linux; Android 9; ONEPLUS A6003) AppleWebKit/537.36 (KHTML, like Gecko) Chrome/72.0.3626.105 Mobile Safari/537.36"
147.234.38.58 - - [26/Feb/2019:01:56:08 +0200] "GET /wp-content/plugins/anspress-question-answer/templates/css/main.css?ver=4.1.15 HTTP/1.1" 200 13938 "https://webon.org.il/category/home-software/" "Mozilla/5.0 (Linux; Android 9; ONEPLUS A6003) AppleWebKit/537.36 (KHTML, like Gecko) Chrome/72.0.3626.105 Mobile Safari/537.36"
147.234.38.58 - - [26/Feb/2019:01:56:08 +0200] "GET /wp-content/plugins/contact-form-7/includes/css/styles-rtl.css?ver=5.0.4 HTTP/1.1" 200 177 "https://webon.org.il/category/home-software/" "Mozilla/5.0 (Linux; Android 9; ONEPLUS A6003) AppleWebKit/537.36 (KHTML, like Gecko) Chrome/72.0.3626.105 Mobile Safari/537.36"
147.234.38.58 - - [26/Feb/2019:01:56:08 +0200] "GET /wp-content/plugins/contact-form-7/includes/css/styles.css?ver=5.0.4 HTTP/1.1" 200 574 "https://webon.org.il/category/home-software/" "Mozilla/5.0 (Linux; Android 9; ONEPLUS A6003) AppleWebKit/537.36 (KHTML, like Gecko) Chrome/72.0.3626.105 Mobile Safari/537.36"
147.234.38.58 - - [26/Feb/2019:01:56:08 +0200] "GET /wp-content/plugins/post-grid/assets/frontend/css/style-new.css?ver=4.9.9 HTTP/1.1" 200 1662 "https://webon.org.il/category/home-software/" "Mozilla/5.0 (Linux; Android 9; ONEPLUS A6003) AppleWebKit/537.36 (KHTML, like Gecko) Chrome/72.0.3626.105 Mobile Safari/537.36"
147.234.38.58 - - [26/Feb/2019:01:56:08 +0200] "GET /wp-content/plugins/post-grid/assets/frontend/css/owl.carousel.css?ver=4.9.9 HTTP/1.1" 200 1034 "https://webon.org.il/category/home-software/" "Mozilla/5.0 (Linux; Android 9; ONEPLUS A6003) AppleWebKit/537.36 (KHTML, like Gecko) Chrome/72.0.3626.105 Mobile Safari/537.36"
147.234.38.58 - - [26/Feb/2019:01:56:08 +0200] "GET /wp-content/plugins/post-grid/assets/frontend/css/style-woocommerce.css?ver=4.9.9 HTTP/1.1" 200 216 "https://webon.org.il/category/home-software/" "Mozilla/5.0 (Linux; Android 9; ONEPLUS A6003) AppleWebKit/537.36 (KHTML, like Gecko) Chrome/72.0.3626.105 Mobile Safari/537.36"
147.234.38.58 - - [26/Feb/2019:01:56:08 +0200] "GET /wp-content/plugins/js_composer/assets/lib/bower/font-awesome/css/font-awesome.min.css?ver=5.1 HTTP/1.1" 200 6313 "https://webon.org.il/category/home-software/" "Mozilla/5.0 (Linux; Android 9; ONEPLUS A6003) AppleWebKit/537.36 (KHTML, like Gecko) Chrome/72.0.3626.105 Mobile Safari/537.36"
147.234.38.58 - - [26/Feb/2019:01:56:08 +0200] "GET /wp-content/plugins/post-grid/assets/global/css/style.layout.css?ver=4.9.9 HTTP/1.1" 200 168 "https://webon.org.il/category/home-software/" "Mozilla/5.0 (Linux; Android 9; ONEPLUS A6003) AppleWebKit/537.36 (KHTML, like Gecko) Chrome/72.0.3626.105 Mobile Safari/537.36"
147.234.38.58 - - [26/Feb/2019:01:56:08 +0200] "GET /wp-content/plugins/post-views-counter/css/frontend.css?ver=1.2.14 HTTP/1.1" 200 289 "https://webon.org.il/category/home-software/" "Mozilla/5.0 (Linux; Android 9; ONEPLUS A6003) AppleWebKit/537.36 (KHTML, like Gecko) Chrome/72.0.3626.105 Mobile Safari/537.36"
147.234.38.58 - - [26/Feb/2019:01:56:08 +0200] "GET /wp-content/plugins/post-grid/assets/global/css/style.skins.css?ver=4.9.9 HTTP/1.1" 200 2599 "https://webon.org.il/category/home-software/" "Mozilla/5.0 (Linux; Android 9; ONEPLUS A6003) AppleWebKit/537.36 (KHTML, like Gecko) Chrome/72.0.3626.105 Mobile Safari/537.36"
147.234.38.58 - - [26/Feb/2019:01:56:08 +0200] "GET /wp-content/plugins/sitemap/css/page-list.css?ver=4.3 HTTP/1.1" 200 287 "https://webon.org.il/category/home-software/" "Mozilla/5.0 (Linux; Android 9; ONEPLUS A6003) AppleWebKit/537.36 (KHTML, like Gecko) Chrome/72.0.3626.105 Mobile Safari/537.36"
147.234.38.58 - - [26/Feb/2019:01:56:08 +0200] "GET /wp-content/plugins/wordpress-popular-posts/public/css/wpp.css?ver=4.2.0 HTTP/1.1" 200 473 "https://webon.org.il/category/home-software/" "Mozilla/5.0 (Linux; Android 9; ONEPLUS A6003) AppleWebKit/537.36 (KHTML, like Gecko) Chrome/72.0.3626.105 Mobile Safari/537.36"
147.234.38.58 - - [26/Feb/2019:01:56:08 +0200] "GET /wp-content/plugins/real-accessability/real-accessability.css?ver=1.0 HTTP/1.1" 200 1441 "https://webon.org.il/category/home-software/" "Mozilla/5.0 (Linux; Android 9; ONEPLUS A6003) AppleWebKit/537.36 (KHTML, like Gecko) Chrome/72.0.3626.105 Mobile Safari/537.36"
147.234.38.58 - - [26/Feb/2019:01:56:08 +0200] "GET /wp-content/plugins/wp-job-manager/assets/css/chosen.css?ver=1.1.0 HTTP/1.1" 200 2021 "https://webon.org.il/category/home-software/" "Mozilla/5.0 (Linux; Android 9; ONEPLUS A6003) AppleWebKit/537.36 (KHTML, like Gecko) Chrome/72.0.3626.105 Mobile Safari/537.36"
147.234.38.58 - - [26/Feb/2019:01:56:08 +0200] "GET /wp-content/plugins/wp-job-manager/assets/css/frontend.css?ver=1.31.3 HTTP/1.1" 200 4026 "https://webon.org.il/category/home-software/" "Mozilla/5.0 (Linux; Android 9; ONEPLUS A6003) AppleWebKit/537.36 (KHTML, like Gecko) Chrome/72.0.3626.105 Mobile Safari/537.36"
147.234.38.58 - - [26/Feb/2019:01:56:08 +0200] "GET /wp-content/themes/twentyseventeen/style.css?ver=4.9.9 HTTP/1.1" 200 4024 "https://webon.org.il/category/home-software/" "Mozilla/5.0 (Linux; Android 9; ONEPLUS A6003) AppleWebKit/537.36 (KHTML, like Gecko) Chrome/72.0.3626.105 Mobile Safari/537.36"
147.234.38.58 - - [26/Feb/2019:01:56:08 +0200] "GET /wp-content/plugins/keyword-position-checker/css/style.css HTTP/1.1" 200 336 "https://webon.org.il/category/home-software/" "Mozilla/5.0 (Linux; Android 9; ONEPLUS A6003) AppleWebKit/537.36 (KHTML, like Gecko) Chrome/72.0.3626.105 Mobile Safari/537.36"
147.234.38.58 - - [26/Feb/2019:01:56:08 +0200] "GET /wp-content/plugins/keyword-position-checker/css/admin.css HTTP/1.1" 200 213 "https://webon.org.il/category/home-software/" "Mozilla/5.0 (Linux; Android 9; ONEPLUS A6003) AppleWebKit/537.36 (KHTML, like Gecko) Chrome/72.0.3626.105 Mobile Safari/537.36"
147.234.38.58 - - [26/Feb/2019:01:56:08 +0200] "GET /wp-includes/js/jquery/jquery-migrate.min.js?ver=1.4.1 HTTP/1.1" 200 3826 "https://webon.org.il/category/home-software/" "Mozilla/5.0 (Linux; Android 9; ONEPLUS A6003) AppleWebKit/537.36 (KHTML, like Gecko) Chrome/72.0.3626.105 Mobile Safari/537.36"
147.234.38.58 - - [26/Feb/2019:01:56:08 +0200] "GET /wp-content/plugins/post-grid/assets/frontend/js/scripts.js?ver=4.9.9 HTTP/1.1" 200 917 "https://webon.org.il/category/home-software/" "Mozilla/5.0 (Linux; Android 9; ONEPLUS A6003) AppleWebKit/537.36 (KHTML, like Gecko) Chrome/72.0.3626.105 Mobile Safari/537.36"
147.234.38.58 - - [26/Feb/2019:01:56:08 +0200] "GET /wp-content/themes/twentyseventeen/rtl.css HTTP/1.1" 200 1996 "https://webon.org.il/category/home-software/" "Mozilla/5.0 (Linux; Android 9; ONEPLUS A6003) AppleWebKit/537.36 (KHTML, like Gecko) Chrome/72.0.3626.105 Mobile Safari/537.36"
147.234.38.58 - - [26/Feb/2019:01:56:08 +0200] "GET /wp-content/plugins/wordpress-popular-posts/public/js/wpp-4.2.0.min.js?ver=4.2.0 HTTP/1.1" 200 503 "https://webon.org.il/category/home-software/" "Mozilla/5.0 (Linux; Android 9; ONEPLUS A6003) AppleWebKit/537.36 (KHTML, like Gecko) Chrome/72.0.3626.105 Mobile Safari/537.36"
147.234.38.58 - - [26/Feb/2019:01:56:08 +0200] "GET /wp-content/plugins/keyword-position-checker/js/kpc_ajax.js?ver=4.9.9 HTTP/1.1" 200 334 "https://webon.org.il/category/home-software/" "Mozilla/5.0 (Linux; Android 9; ONEPLUS A6003) AppleWebKit/537.36 (KHTML, like Gecko) Chrome/72.0.3626.105 Mobile Safari/537.36"
147.234.38.58 - - [26/Feb/2019:01:56:08 +0200] "GET /wp-content/themes/twentyseventeen/js/use-seo.js HTTP/1.1" 200 365 "https://webon.org.il/category/home-software/" "Mozilla/5.0 (Linux; Android 9; ONEPLUS A6003) AppleWebKit/537.36 (KHTML, like Gecko) Chrome/72.0.3626.105 Mobile Safari/537.36"
147.234.38.58 - - [26/Feb/2019:01:56:08 +0200] "GET /wp-includes/css/dashicons.min.css?ver=4.9.9 HTTP/1.1" 200 28393 "https://webon.org.il/category/home-software/" "Mozilla/5.0 (Linux; Android 9; ONEPLUS A6003) AppleWebKit/537.36 (KHTML, like Gecko) Chrome/72.0.3626.105 Mobile Safari/537.36"
147.234.38.58 - - [26/Feb/2019:01:56:08 +0200] "GET /wp-content/plugins/js_composer/assets/css/js_composer.min.css?ver=5.1 HTTP/1.1" 200 39984 "https://webon.org.il/category/home-software/" "Mozilla/5.0 (Linux; Android 9; ONEPLUS A6003) AppleWebKit/537.36 (KHTML, like Gecko) Chrome/72.0.3626.105 Mobile Safari/537.36"
147.234.38.58 - - [26/Feb/2019:01:56:08 +0200] "GET /wp-content/plugins/keyword-position-checker/js/jquery.validate.min.js?ver=4.9.9 HTTP/1.1" 200 6048 "https://webon.org.il/category/home-software/" "Mozilla/5.0 (Linux; Android 9; ONEPLUS A6003) AppleWebKit/537.36 (KHTML, like Gecko) Chrome/72.0.3626.105 Mobile Safari/537.36"
147.234.38.58 - - [26/Feb/2019:01:56:08 +0200] "GET /wp-content/plugins/post-grid/assets/frontend/js/owl.carousel.min.js?ver=4.9.9 HTTP/1.1" 200 10707 "https://webon.org.il/category/home-software/" "Mozilla/5.0 (Linux; Android 9; ONEPLUS A6003) AppleWebKit/537.36 (KHTML, like Gecko) Chrome/72.0.3626.105 Mobile Safari/537.36"
147.234.38.58 - - [26/Feb/2019:01:56:08 +0200] "GET /wp-includes/js/jquery/jquery.js?ver=1.12.4 HTTP/1.1" 200 32857 "https://webon.org.il/category/home-software/" "Mozilla/5.0 (Linux; Android 9; ONEPLUS A6003) AppleWebKit/537.36 (KHTML, like Gecko) Chrome/72.0.3626.105 Mobile Safari/537.36"
147.234.38.58 - - [26/Feb/2019:01:56:08 +0200] "GET /wp-content/uploads/2018/08/LogoWebonNew.png HTTP/1.1" 200 11937 "https://webon.org.il/category/home-software/" "Mozilla/5.0 (Linux; Android 9; ONEPLUS A6003) AppleWebKit/537.36 (KHTML, like Gecko) Chrome/72.0.3626.105 Mobile Safari/537.36"
147.234.38.58 - - [26/Feb/2019:01:56:08 +0200] "GET /wp-content/plugins/contact-form-7/includes/js/scripts.js?ver=5.0.4 HTTP/1.1" 200 3803 "https://webon.org.il/category/home-software/" "Mozilla/5.0 (Linux; Android 9; ONEPLUS A6003) AppleWebKit/537.36 (KHTML, like Gecko) Chrome/72.0.3626.105 Mobile Safari/537.36"
