217.132.121.62 - - [26/Feb/2019:00:02:39 +0200] "GET /wp-includes/js/jquery/jquery-migrate.min.js?ver=1.4.1 HTTP/1.1" 200 3826 "https://webon.org.il/website-promotion-course-in-rishon-lezion/" "Mozilla/5.0 (Macintosh; Intel Mac OS X 10_11_2) AppleWebKit/537.36 (KHTML, like Gecko) Chrome/50.0.2636.0 Safari/537.36"
217.132.121.62 - - [26/Feb/2019:00:02:39 +0200] "GET /wp-content/plugins/post-grid/assets/frontend/js/scripts.js?ver=4.9.9 HTTP/1.1" 200 917 "https://webon.org.il/website-promotion-course-in-rishon-lezion/" "Mozilla/5.0 (Macintosh; Intel Mac OS X 10_11_2) AppleWebKit/537.36 (KHTML, like Gecko) Chrome/50.0.2636.0 Safari/537.36"
217.132.121.62 - - [26/Feb/2019:00:02:39 +0200] "GET /wp-content/plugins/post-grid/assets/frontend/js/owl.carousel.min.js?ver=4.9.9 HTTP/1.1" 200 10707 "https://webon.org.il/website-promotion-course-in-rishon-lezion/" "Mozilla/5.0 (Macintosh; Intel Mac OS X 10_11_2) AppleWebKit/537.36 (KHTML, like Gecko) Chrome/50.0.2636.0 Safari/537.36"
217.132.121.62 - - [26/Feb/2019:00:02:39 +0200] "GET /wp-content/plugins/wordpress-popular-posts/public/js/wpp-4.2.0.min.js?ver=4.2.0 HTTP/1.1" 200 503 "https://webon.org.il/website-promotion-course-in-rishon-lezion/" "Mozilla/5.0 (Macintosh; Intel Mac OS X 10_11_2) AppleWebKit/537.36 (KHTML, like Gecko) Chrome/50.0.2636.0 Safari/537.36"
217.132.121.62 - - [26/Feb/2019:00:02:39 +0200] "GET /wp-content/plugins/keyword-position-checker/js/jquery.validate.min.js?ver=4.9.9 HTTP/1.1" 200 6048 "https://webon.org.il/website-promotion-course-in-rishon-lezion/" "Mozilla/5.0 (Macintosh; Intel Mac OS X 10_11_2) AppleWebKit/537.36 (KHTML, like Gecko) Chrome/50.0.2636.0 Safari/537.36"
217.132.121.62 - - [26/Feb/2019:00:02:39 +0200] "GET /wp-content/plugins/keyword-position-checker/js/kpc_ajax.js?ver=4.9.9 HTTP/1.1" 200 334 "https://webon.org.il/website-promotion-course-in-rishon-lezion/" "Mozilla/5.0 (Macintosh; Intel Mac OS X 10_11_2) AppleWebKit/537.36 (KHTML, like Gecko) Chrome/50.0.2636.0 Safari/537.36"
217.132.121.62 - - [26/Feb/2019:00:02:39 +0200] "GET /wp-content/themes/twentyseventeen/rtl.css HTTP/1.1" 200 1996 "https://webon.org.il/website-promotion-course-in-rishon-lezion/" "Mozilla/5.0 (Macintosh; Intel Mac OS X 10_11_2) AppleWebKit/537.36 (KHTML, like Gecko) Chrome/50.0.2636.0 Safari/537.36"
217.132.121.62 - - [26/Feb/2019:00:02:39 +0200] "GET /wp-content/themes/twentyseventeen/js/use-seo.js HTTP/1.1" 200 365 "https://webon.org.il/website-promotion-course-in-rishon-lezion/" "Mozilla/5.0 (Macintosh; Intel Mac OS X 10_11_2) AppleWebKit/537.36 (KHTML, like Gecko) Chrome/50.0.2636.0 Safari/537.36"
217.132.121.62 - - [26/Feb/2019:00:02:39 +0200] "GET /wp-content/plugins/contact-form-7/includes/js/scripts.js?ver=5.0.4 HTTP/1.1" 200 3803 "https://webon.org.il/website-promotion-course-in-rishon-lezion/" "Mozilla/5.0 (Macintosh; Intel Mac OS X 10_11_2) AppleWebKit/537.36 (KHTML, like Gecko) Chrome/50.0.2636.0 Safari/537.36"
217.132.121.62 - - [26/Feb/2019:00:02:39 +0200] "GET /wp-content/plugins/jquery-t-countdown-widget/js/jquery.t-countdown.js?ver=2.4.0 HTTP/1.1" 200 2752 "https://webon.org.il/website-promotion-course-in-rishon-lezion/" "Mozilla/5.0 (Macintosh; Intel Mac OS X 10_11_2) AppleWebKit/537.36 (KHTML, like Gecko) Chrome/50.0.2636.0 Safari/537.36"
217.132.121.62 - - [26/Feb/2019:00:02:39 +0200] "GET /wp-includes/js/imagesloaded.min.js?ver=3.2.0 HTTP/1.1" 200 2360 "https://webon.org.il/website-promotion-course-in-rishon-lezion/" "Mozilla/5.0 (Macintosh; Intel Mac OS X 10_11_2) AppleWebKit/537.36 (KHTML, like Gecko) Chrome/50.0.2636.0 Safari/537.36"
217.132.121.62 - - [26/Feb/2019:00:02:39 +0200] "GET /wp-includes/js/masonry.min.js?ver=3.3.2 HTTP/1.1" 200 8274 "https://webon.org.il/website-promotion-course-in-rishon-lezion/" "Mozilla/5.0 (Macintosh; Intel Mac OS X 10_11_2) AppleWebKit/537.36 (KHTML, like Gecko) Chrome/50.0.2636.0 Safari/537.36"
217.132.121.62 - - [26/Feb/2019:00:02:39 +0200] "GET /wp-content/themes/twentyseventeen/assets/js/global.js?ver=1.0 HTTP/1.1" 200 2410 "https://webon.org.il/website-promotion-course-in-rishon-lezion/" "Mozilla/5.0 (Macintosh; Intel Mac OS X 10_11_2) AppleWebKit/537.36 (KHTML, like Gecko) Chrome/50.0.2636.0 Safari/537.36"
217.132.121.62 - - [26/Feb/2019:00:02:39 +0200] "GET /wp-content/themes/twentyseventeen/assets/js/jquery.scrollTo.js?ver=2.1.2 HTTP/1.1" 200 2246 "https://webon.org.il/website-promotion-course-in-rishon-lezion/" "Mozilla/5.0 (Macintosh; Intel Mac OS X 10_11_2) AppleWebKit/537.36 (KHTML, like Gecko) Chrome/50.0.2636.0 Safari/537.36"
217.132.121.62 - - [26/Feb/2019:00:02:39 +0200] "GET /wp-includes/js/comment-reply.min.js?ver=4.9.9 HTTP/1.1" 200 487 "https://webon.org.il/website-promotion-course-in-rishon-lezion/" "Mozilla/5.0 (Macintosh; Intel Mac OS X 10_11_2) AppleWebKit/537.36 (KHTML, like Gecko) Chrome/50.0.2636.0 Safari/537.36"
217.132.121.62 - - [26/Feb/2019:00:02:39 +0200] "GET /wp-includes/js/wp-embed.min.js?ver=4.9.9 HTTP/1.1" 200 638 "https://webon.org.il/website-promotion-course-in-rishon-lezion/" "Mozilla/5.0 (Macintosh; Intel Mac OS X 10_11_2) AppleWebKit/537.36 (KHTML, like Gecko) Chrome/50.0.2636.0 Safari/537.36"
217.132.121.62 - - [26/Feb/2019:00:02:39 +0200] "GET /wp-content/plugins/js_composer/assets/js/dist/js_composer_front.min.js?ver=5.1 HTTP/1.1" 200 5321 "https://webon.org.il/website-promotion-course-in-rishon-lezion/" "Mozilla/5.0 (Macintosh; Intel Mac OS X 10_11_2) AppleWebKit/537.36 (KHTML, like Gecko) Chrome/50.0.2636.0 Safari/537.36"
217.132.121.62 - - [26/Feb/2019:00:02:39 +0200] "GET /wp-content/uploads/2018/10/course-promoation.jpg HTTP/1.1" 200 133657 "https://webon.org.il/website-promotion-course-in-rishon-lezion/" "Mozilla/5.0 (Macintosh; Intel Mac OS X 10_11_2) AppleWebKit/537.36 (KHTML, like Gecko) Chrome/50.0.2636.0 Safari/537.36"
217.132.121.62 - - [26/Feb/2019:00:02:39 +0200] "POST /wp-json/wordpress-popular-posts/v1/popular-posts/ HTTP/1.1" 200 43 "https://webon.org.il/website-promotion-course-in-rishon-lezion/" "Mozilla/5.0 (Macintosh; Intel Mac OS X 10_11_2) AppleWebKit/537.36 (KHTML, like Gecko) Chrome/50.0.2636.0 Safari/537.36"
217.132.121.62 - - [26/Feb/2019:00:02:39 +0200] "GET /website-promotion-course-in-rishon-lezion/ HTTP/1.1" 200 29062 "https://webon.org.il/website-promotion-course-in-rishon-lezion/" "Mozilla/5.0 (Macintosh; Intel Mac OS X 10_11_2) AppleWebKit/537.36 (KHTML, like Gecko) Chrome/50.0.2636.0 Safari/537.36"
79.182.68.100 - - [26/Feb/2019:00:03:18 +0200] "GET /category/website-development-course/ HTTP/1.1" 200 28075 "https://webon.org.il/check-google-positioning-keywords/" "-"
79.182.68.100 - - [26/Feb/2019:00:03:20 +0200] "GET /wp-content/uploads/2018/10/programmer-768x512.jpg HTTP/1.1" 200 68459 "https://webon.org.il/category/website-development-course/" "-"
79.182.68.100 - - [26/Feb/2019:00:03:20 +0200] "GET /wp-content/uploads/2018/10/course-in-WordPress-768x512.jpg HTTP/1.1" 200 51504 "https://webon.org.il/category/website-development-course/" "-"
79.182.68.100 - - [26/Feb/2019:00:03:20 +0200] "GET /category/website-development-course/ HTTP/1.1" 200 28076 "https://webon.org.il/category/website-development-course/" "-"
217.132.121.62 - - [26/Feb/2019:00:04:00 +0200] "GET /change-the-address-on-facebook/ HTTP/1.1" 200 28716 "https://webon.org.il/website-promotion-course-in-rishon-lezion/" "Mozilla/5.0 (Macintosh; Intel Mac OS X 10_11_2) AppleWebKit/537.36 (KHTML, like Gecko) Chrome/50.0.2636.0 Safari/537.36"
217.132.121.62 - - [26/Feb/2019:00:04:02 +0200] "GET /wp-content/plugins/anspress-question-answer/templates/css/rtl.css?ver=4.1.15 HTTP/1.1" 200 237 "https://webon.org.il/change-the-address-on-facebook/" "Mozilla/5.0 (Macintosh; Intel Mac OS X 10_11_2) AppleWebKit/537.36 (KHTML, like Gecko) Chrome/50.0.2636.0 Safari/537.36"
217.132.121.62 - - [26/Feb/2019:00:04:02 +0200] "GET /wp-content/plugins/anspress-question-answer/templates/css/fonts.css?ver=4.1.15 HTTP/1.1" 200 829 "https://webon.org.il/change-the-address-on-facebook/" "Mozilla/5.0 (Macintosh; Intel Mac OS X 10_11_2) AppleWebKit/537.36 (KHTML, like Gecko) Chrome/50.0.2636.0 Safari/537.36"
217.132.121.62 - - [26/Feb/2019:00:04:02 +0200] "GET /wp-content/plugins/anspress-question-answer/templates/css/overrides.css?v=4.1.15&ver=4.1.15 HTTP/1.1" 200 0 "https://webon.org.il/change-the-address-on-facebook/" "Mozilla/5.0 (Macintosh; Intel Mac OS X 10_11_2) AppleWebKit/537.36 (KHTML, like Gecko) Chrome/50.0.2636.0 Safari/537.36"
217.132.121.62 - - [26/Feb/2019:00:04:02 +0200] "GET /wp-content/plugins/anspress-question-answer/templates/css/main.css?ver=4.1.15 HTTP/1.1" 200 13938 "https://webon.org.il/change-the-address-on-facebook/" "Mozilla/5.0 (Macintosh; Intel Mac OS X 10_11_2) AppleWebKit/537.36 (KHTML, like Gecko) Chrome/50.0.2636.0 Safari/537.36"
217.132.121.62 - - [26/Feb/2019:00:04:02 +0200] "GET /wp-content/plugins/contact-form-7/includes/css/styles-rtl.css?ver=5.0.4 HTTP/1.1" 200 177 "https://webon.org.il/change-the-address-on-facebook/" "Mozilla/5.0 (Macintosh; Intel Mac OS X 10_11_2) AppleWebKit/537.36 (KHTML, like Gecko) Chrome/50.0.2636.0 Safari/537.36"
217.132.121.62 - - [26/Feb/2019:00:04:02 +0200] "GET /wp-content/plugins/contact-form-7/includes/css/styles.css?ver=5.0.4 HTTP/1.1" 200 574 "https://webon.org.il/change-the-address-on-facebook/" "Mozilla/5.0 (Macintosh; Intel Mac OS X 10_11_2) AppleWebKit/537.36 (KHTML, like Gecko) Chrome/50.0.2636.0 Safari/537.36"
217.132.121.62 - - [26/Feb/2019:00:04:02 +0200] "GET /wp-content/plugins/post-grid/assets/frontend/css/style-new.css?ver=4.9.9 HTTP/1.1" 200 1662 "https://webon.org.il/change-the-address-on-facebook/" "Mozilla/5.0 (Macintosh; Intel Mac OS X 10_11_2) AppleWebKit/537.36 (KHTML, like Gecko) Chrome/50.0.2636.0 Safari/537.36"
217.132.121.62 - - [26/Feb/2019:00:04:02 +0200] "GET /wp-content/plugins/post-grid/assets/frontend/css/owl.carousel.css?ver=4.9.9 HTTP/1.1" 200 1034 "https://webon.org.il/change-the-address-on-facebook/" "Mozilla/5.0 (Macintosh; Intel Mac OS X 10_11_2) AppleWebKit/537.36 (KHTML, like Gecko) Chrome/50.0.2636.0 Safari/537.36"
217.132.121.62 - - [26/Feb/2019:00:04:02 +0200] "GET /wp-content/plugins/post-grid/assets/frontend/css/style-woocommerce.css?ver=4.9.9 HTTP/1.1" 200 216 "https://webon.org.il/change-the-address-on-facebook/" "Mozilla/5.0 (Macintosh; Intel Mac OS X 10_11_2) AppleWebKit/537.36 (KHTML, like Gecko) Chrome/50.0.2636.0 Safari/537.36"
217.132.121.62 - - [26/Feb/2019:00:04:02 +0200] "GET /wp-content/plugins/js_composer/assets/lib/bower/font-awesome/css/font-awesome.min.css?ver=5.1 HTTP/1.1" 200 6313 "https://webon.org.il/change-the-address-on-facebook/" "Mozilla/5.0 (Macintosh; Intel Mac OS X 10_11_2) AppleWebKit/537.36 (KHTML, like Gecko) Chrome/50.0.2636.0 Safari/537.36"
217.132.121.62 - - [26/Feb/2019:00:04:02 +0200] "GET /wp-content/plugins/post-grid/assets/global/css/style.skins.css?ver=4.9.9 HTTP/1.1" 200 2599 "https://webon.org.il/change-the-address-on-facebook/" "Mozilla/5.0 (Macintosh; Intel Mac OS X 10_11_2) AppleWebKit/537.36 (KHTML, like Gecko) Chrome/50.0.2636.0 Safari/537.36"
217.132.121.62 - - [26/Feb/2019:00:04:02 +0200] "GET /wp-content/plugins/post-grid/assets/global/css/style.layout.css?ver=4.9.9 HTTP/1.1" 200 168 "https://webon.org.il/change-the-address-on-facebook/" "Mozilla/5.0 (Macintosh; Intel Mac OS X 10_11_2) AppleWebKit/537.36 (KHTML, like Gecko) Chrome/50.0.2636.0 Safari/537.36"
217.132.121.62 - - [26/Feb/2019:00:04:02 +0200] "GET /wp-content/plugins/post-views-counter/css/frontend.css?ver=1.2.14 HTTP/1.1" 200 289 "https://webon.org.il/change-the-address-on-facebook/" "Mozilla/5.0 (Macintosh; Intel Mac OS X 10_11_2) AppleWebKit/537.36 (KHTML, like Gecko) Chrome/50.0.2636.0 Safari/537.36"
217.132.121.62 - - [26/Feb/2019:00:04:02 +0200] "GET /wp-content/plugins/real-accessability/real-accessability.css?ver=1.0 HTTP/1.1" 200 1441 "https://webon.org.il/change-the-address-on-facebook/" "Mozilla/5.0 (Macintosh; Intel Mac OS X 10_11_2) AppleWebKit/537.36 (KHTML, like Gecko) Chrome/50.0.2636.0 Safari/537.36"
217.132.121.62 - - [26/Feb/2019:00:04:02 +0200] "GET /wp-content/plugins/sitemap/css/page-list.css?ver=4.3 HTTP/1.1" 200 287 "https://webon.org.il/change-the-address-on-facebook/" "Mozilla/5.0 (Macintosh; Intel Mac OS X 10_11_2) AppleWebKit/537.36 (KHTML, like Gecko) Chrome/50.0.2636.0 Safari/537.36"
217.132.121.62 - - [26/Feb/2019:00:04:02 +0200] "GET /wp-content/plugins/wordpress-popular-posts/public/css/wpp.css?ver=4.2.0 HTTP/1.1" 200 473 "https://webon.org.il/change-the-address-on-facebook/" "Mozilla/5.0 (Macintosh; Intel Mac OS X 10_11_2) AppleWebKit/537.36 (KHTML, like Gecko) Chrome/50.0.2636.0 Safari/537.36"
217.132.121.62 - - [26/Feb/2019:00:04:02 +0200] "GET /wp-content/plugins/wp-job-manager/assets/css/chosen.css?ver=1.1.0 HTTP/1.1" 200 2021 "https://webon.org.il/change-the-address-on-facebook/" "Mozilla/5.0 (Macintosh; Intel Mac OS X 10_11_2) AppleWebKit/537.36 (KHTML, like Gecko) Chrome/50.0.2636.0 Safari/537.36"
217.132.121.62 - - [26/Feb/2019:00:04:02 +0200] "GET /wp-content/plugins/wp-job-manager/assets/css/frontend.css?ver=1.31.3 HTTP/1.1" 200 4026 "https://webon.org.il/change-the-address-on-facebook/" "Mozilla/5.0 (Macintosh; Intel Mac OS X 10_11_2) AppleWebKit/537.36 (KHTML, like Gecko) Chrome/50.0.2636.0 Safari/537.36"
217.132.121.62 - - [26/Feb/2019:00:04:02 +0200] "GET /wp-content/themes/twentyseventeen/style.css?ver=4.9.9 HTTP/1.1" 200 4024 "https://webon.org.il/change-the-address-on-facebook/" "Mozilla/5.0 (Macintosh; Intel Mac OS X 10_11_2) AppleWebKit/537.36 (KHTML, like Gecko) Chrome/50.0.2636.0 Safari/537.36"
217.132.121.62 - - [26/Feb/2019:00:04:02 +0200] "GET /wp-content/plugins/keyword-position-checker/css/style.css HTTP/1.1" 200 336 "https://webon.org.il/change-the-address-on-facebook/" "Mozilla/5.0 (Macintosh; Intel Mac OS X 10_11_2) AppleWebKit/537.36 (KHTML, like Gecko) Chrome/50.0.2636.0 Safari/537.36"
217.132.121.62 - - [26/Feb/2019:00:04:02 +0200] "GET /wp-content/plugins/keyword-position-checker/css/admin.css HTTP/1.1" 200 213 "https://webon.org.il/change-the-address-on-facebook/" "Mozilla/5.0 (Macintosh; Intel Mac OS X 10_11_2) AppleWebKit/537.36 (KHTML, like Gecko) Chrome/50.0.2636.0 Safari/537.36"
217.132.121.62 - - [26/Feb/2019:00:04:02 +0200] "GET /wp-includes/js/jquery/jquery-migrate.min.js?ver=1.4.1 HTTP/1.1" 200 3826 "https://webon.org.il/change-the-address-on-facebook/" "Mozilla/5.0 (Macintosh; Intel Mac OS X 10_11_2) AppleWebKit/537.36 (KHTML, like Gecko) Chrome/50.0.2636.0 Safari/537.36"
217.132.121.62 - - [26/Feb/2019:00:04:02 +0200] "GET /wp-content/plugins/post-grid/assets/frontend/js/scripts.js?ver=4.9.9 HTTP/1.1" 200 917 "https://webon.org.il/change-the-address-on-facebook/" "Mozilla/5.0 (Macintosh; Intel Mac OS X 10_11_2) AppleWebKit/537.36 (KHTML, like Gecko) Chrome/50.0.2636.0 Safari/537.36"
217.132.121.62 - - [26/Feb/2019:00:04:02 +0200] "GET /wp-includes/css/dashicons.min.css?ver=4.9.9 HTTP/1.1" 200 28393 "https://webon.org.il/change-the-address-on-facebook/" "Mozilla/5.0 (Macintosh; Intel Mac OS X 10_11_2) AppleWebKit/537.36 (KHTML, like Gecko) Chrome/50.0.2636.0 Safari/537.36"
217.132.121.62 - - [26/Feb/2019:00:04:02 +0200] "GET /wp-content/plugins/post-grid/assets/frontend/js/owl.carousel.min.js?ver=4.9.9 HTTP/1.1" 200 10707 "https://webon.org.il/change-the-address-on-facebook/" "Mozilla/5.0 (Macintosh; Intel Mac OS X 10_11_2) AppleWebKit/537.36 (KHTML, like Gecko) Chrome/50.0.2636.0 Safari/537.36"
217.132.121.62 - - [26/Feb/2019:00:04:02 +0200] "GET /wp-content/plugins/js_composer/assets/css/js_composer.min.css?ver=5.1 HTTP/1.1" 200 39984 "https://webon.org.il/change-the-address-on-facebook/" "Mozilla/5.0 (Macintosh; Intel Mac OS X 10_11_2) AppleWebKit/537.36 (KHTML, like Gecko) Chrome/50.0.2636.0 Safari/537.36"
217.132.121.62 - - [26/Feb/2019:00:04:02 +0200] "GET /wp-includes/js/jquery/jquery.js?ver=1.12.4 HTTP/1.1" 200 32857 "https://webon.org.il/change-the-address-on-facebook/" "Mozilla/5.0 (Macintosh; Intel Mac OS X 10_11_2) AppleWebKit/537.36 (KHTML, like Gecko) Chrome/50.0.2636.0 Safari/537.36"
217.132.121.62 - - [26/Feb/2019:00:04:02 +0200] "GET /wp-content/uploads/2015/01/%D7%A4%D7%A8%D7%A1%D7%95%D7%9D-%D7%91%D7%A4%D7%99%D7%99%D7%A1%D7%91%D7%95%D7%A7.png HTTP/1.1" 200 125678 "https://webon.org.il/change-the-address-on-facebook/" "Mozilla/5.0 (Macintosh; Intel Mac OS X 10_11_2) AppleWebKit/537.36 (KHTML, like Gecko) Chrome/50.0.2636.0 Safari/537.36"
217.132.121.62 - - [26/Feb/2019:00:04:02 +0200] "POST /wp-json/wordpress-popular-posts/v1/popular-posts/ HTTP/1.1" 200 42 "https://webon.org.il/change-the-address-on-facebook/" "Mozilla/5.0 (Macintosh; Intel Mac OS X 10_11_2) AppleWebKit/537.36 (KHTML, like Gecko) Chrome/50.0.2636.0 Safari/537.36"
217.132.121.62 - - [26/Feb/2019:00:04:02 +0200] "GET /change-the-address-on-facebook/ HTTP/1.1" 200 28716 "https://webon.org.il/change-the-address-on-facebook/" "Mozilla/5.0 (Macintosh; Intel Mac OS X 10_11_2) AppleWebKit/537.36 (KHTML, like Gecko) Chrome/50.0.2636.0 Safari/537.36"
207.46.13.120 - - [26/Feb/2019:00:07:22 +0200] "GET /wp-content/uploads/2015/12/Web-References-300x257.jpg HTTP/1.1" 200 41143 "-" "Mozilla/5.0 (compatible; bingbot/2.0; +http://www.bing.com/bingbot.htm)"
5.45.207.16 - - [26/Feb/2019:00:10:02 +0200] "GET /robots.txt HTTP/1.1" 200 69 "-" "Mozilla/5.0 (compatible; YandexBot/3.0; +http://yandex.com/bots)"
5.45.207.16 - - [26/Feb/2019:00:10:05 +0200] "GET /questions/question/%D7%91%D7%97%D7%99%D7%A8%D7%AA-%D7%9E%D7%99%D7%9C%D7%95%D7%AA-%D7%9E%D7%A4%D7%AA%D7%97/ HTTP/1.1" 200 30535 "-" "Mozilla/5.0 (compatible; YandexBot/3.0; +http://yandex.com/bots)"
5.45.207.16 - - [26/Feb/2019:00:10:40 +0200] "GET /wp-content/uploads/2015/01/%D7%A4%D7%A2%D7%99%D7%9C%D7%95%D7%99%D7%95%D7%AA2-300x131.jpg HTTP/1.1" 200 9945 "-" "Mozilla/5.0 (compatible; YandexImages/3.0; +http://yandex.com/bots)"
66.249.76.92 - - [26/Feb/2019:00:10:48 +0200] "GET /advertisements-on-my-site/amp/ HTTP/1.1" 200 8564 "-" "Mozilla/5.0 (Linux; Android 6.0.1; Nexus 5X Build/MMB29P) AppleWebKit/537.36 (KHTML, like Gecko) Chrome/41.0.2272.96 Mobile Safari/537.36 (compatible; Googlebot/2.1; +http://www.google.com/bot.html)"
5.45.207.16 - - [26/Feb/2019:00:11:05 +0200] "GET /wp-content/uploads/2015/01/%D7%A9%D7%99%D7%95%D7%95%D7%A7-%D7%A1%D7%9C%D7%95%D7%9C%D7%A8%D7%99-300x298.jpg HTTP/1.1" 200 22918 "-" "Mozilla/5.0 (compatible; YandexImages/3.0; +http://yandex.com/bots)"
5.45.207.16 - - [26/Feb/2019:00:11:28 +0200] "GET /wp-json/oembed/1.0/embed?url=https%3A%2F%2Fwebon.org.il%2Fbuilding-natural-links%2F&format=xml HTTP/1.1" 200 2832 "-" "Mozilla/5.0 (compatible; YandexBot/3.0; +http://yandex.com/bots)"
5.45.207.16 - - [26/Feb/2019:00:11:31 +0200] "GET /wp-content/uploads/2015/01/%D7%91%D7%99%D7%AA-%D7%90%D7%9C%D7%99-300x147.png HTTP/1.1" 200 56633 "-" "Mozilla/5.0 (compatible; YandexImages/3.0; +http://yandex.com/bots)"
5.45.207.16 - - [26/Feb/2019:00:11:35 +0200] "GET /?p=6105 HTTP/1.1" 301 0 "-" "Mozilla/5.0 (compatible; YandexBot/3.0; +http://yandex.com/bots)"
5.45.207.16 - - [26/Feb/2019:00:11:38 +0200] "GET /programming-course/ HTTP/1.1" 200 33492 "-" "Mozilla/5.0 (compatible; YandexBot/3.0; +http://yandex.com/bots)"
178.154.171.89 - - [26/Feb/2019:00:12:08 +0200] "GET /wp-content/uploads/2015/12/nofollow-dofollow-705x240.png HTTP/1.1" 200 61714 "-" "Mozilla/5.0 (compatible; YandexImages/3.0; +http://yandex.com/bots)"
5.45.207.16 - - [26/Feb/2019:00:12:21 +0200] "GET /wp-content/uploads/2015/01/%D7%A9%D7%99%D7%95%D7%95%D7%A7-%D7%A1%D7%9C%D7%95%D7%9C%D7%A8%D7%99-36x36.jpg HTTP/1.1" 200 1224 "-" "Mozilla/5.0 (compatible; YandexImages/3.0; +http://yandex.com/bots)"
5.45.207.16 - - [26/Feb/2019:00:12:23 +0200] "GET /wp-json/oembed/1.0/embed?url=https%3A%2F%2Fwebon.org.il%2Fcheck-google-positioning-keywords%2F HTTP/1.1" 200 2621 "-" "Mozilla/5.0 (compatible; YandexBot/3.0; +http://yandex.com/bots)"
5.45.207.16 - - [26/Feb/2019:00:12:46 +0200] "GET /wp-content/uploads/2015/01/1%D7%A9%D7%99%D7%A8%D7%95%D7%AA%D7%99%D7%9D-%D7%A8%D7%A7%D7%A2.jpg HTTP/1.1" 200 87071 "-" "Mozilla/5.0 (compatible; YandexImages/3.0; +http://yandex.com/bots)"
5.45.207.16 - - [26/Feb/2019:00:12:59 +0200] "GET /wp-content/uploads/2015/01/banner4.jpg HTTP/1.1" 200 43741 "-" "Mozilla/5.0 (compatible; YandexImages/3.0; +http://yandex.com/bots)"
66.249.76.92 - - [26/Feb/2019:00:13:19 +0200] "GET /%D7%A4%D7%A8%D7%A1%D7%95%D7%9E%D7%95%D7%AA-%D7%91%D7%90%D7%AA%D7%A8-%D7%A9%D7%9C%D7%99/ HTTP/1.1" 301 0 "-" "Mozilla/5.0 (Linux; Android 6.0.1; Nexus 5X Build/MMB29P) AppleWebKit/537.36 (KHTML, like Gecko) Chrome/41.0.2272.96 Mobile Safari/537.36 (compatible; Googlebot/2.1; +http://www.google.com/bot.html)"
5.45.207.16 - - [26/Feb/2019:00:13:20 +0200] "GET /wp-json/oembed/1.0/embed?url=https%3A%2F%2Fwebon.org.il%2Fabout%2F&format=xml HTTP/1.1" 200 2534 "-" "Mozilla/5.0 (compatible; YandexBot/3.0; +http://yandex.com/bots)"
66.249.76.90 - - [26/Feb/2019:00:13:20 +0200] "GET /advertisements-on-my-site/ HTTP/1.1" 200 32358 "-" "Mozilla/5.0 (Linux; Android 6.0.1; Nexus 5X Build/MMB29P) AppleWebKit/537.36 (KHTML, like Gecko) Chrome/41.0.2272.96 Mobile Safari/537.36 (compatible; Googlebot/2.1; +http://www.google.com/bot.html)"
5.45.207.16 - - [26/Feb/2019:00:14:04 +0200] "GET /site-articles/cpa/ HTTP/1.1" 200 30075 "-" "Mozilla/5.0 (compatible; YandexBot/3.0; +http://yandex.com/bots)"
5.45.207.16 - - [26/Feb/2019:00:14:13 +0200] "GET /wp-content/uploads/2015/01/build-or-make-a-mobile-website-450x212.png HTTP/1.1" 200 124029 "-" "Mozilla/5.0 (compatible; YandexImages/3.0; +http://yandex.com/bots)"
5.45.207.16 - - [26/Feb/2019:00:14:34 +0200] "GET /mobile-landing-page/ HTTP/1.1" 200 34341 "-" "Mozilla/5.0 (compatible; YandexBot/3.0; +http://yandex.com/bots)"
5.45.207.16 - - [26/Feb/2019:00:14:36 +0200] "GET /why-advertising-sites-index-so-important/ HTTP/1.1" 200 35977 "-" "Mozilla/5.0 (compatible; YandexBot/3.0; +http://yandex.com/bots)"
5.45.207.16 - - [26/Feb/2019:00:14:39 +0200] "GET /wp-content/uploads/2016/08/Typing-On-Laptop.jpg HTTP/1.1" 200 210417 "-" "Mozilla/5.0 (compatible; YandexImages/3.0; +http://yandex.com/bots)"
5.45.207.16 - - [26/Feb/2019:00:14:57 +0200] "GET /improved-conversion-to-site-ratio/feed/ HTTP/1.1" 200 3595 "-" "Mozilla/5.0 (compatible; YandexBot/3.0; +http://yandex.com/bots)"
5.45.207.16 - - [26/Feb/2019:00:15:22 +0200] "GET /google-brain-rank/amp/ HTTP/1.1" 200 8167 "-" "Mozilla/5.0 (compatible; YandexBot/3.0; +http://yandex.com/bots)"
5.45.207.16 - - [26/Feb/2019:00:15:23 +0200] "GET /check-google-positioning-keywords/ HTTP/1.1" 200 34057 "-" "Mozilla/5.0 (compatible; YandexBot/3.0; +http://yandex.com/bots)"
5.45.207.16 - - [26/Feb/2019:00:15:27 +0200] "GET /wp-content/uploads/2016/08/%D7%91%D7%A0%D7%99%D7%99%D7%AA-%D7%90%D7%AA%D7%A8%D7%99%D7%9D-%D7%91%D7%95%D7%95%D7%A8%D7%93%D7%A4%D7%A8%D7%A1-705x470.jpg HTTP/1.1" 200 43959 "-" "Mozilla/5.0 (compatible; YandexImages/3.0; +http://yandex.com/bots)"
66.249.76.90 - - [26/Feb/2019:00:15:50 +0200] "GET /%D7%90%D7%AA%D7%A8-%D7%9E%D7%90%D7%9E%D7%A8%D7%99%D7%9D/%D7%A2%D7%91%D7%95%D7%93%D7%94-%D7%91%D7%A9%D7%9B%D7%A8-%D7%92%D7%91%D7%95%D7%94/ HTTP/1.1" 301 0 "-" "Mozilla/5.0 (Linux; Android 6.0.1; Nexus 5X Build/MMB29P) AppleWebKit/537.36 (KHTML, like Gecko) Chrome/41.0.2272.96 Mobile Safari/537.36 (compatible; Googlebot/2.1; +http://www.google.com/bot.html)"
66.249.76.88 - - [26/Feb/2019:00:15:51 +0200] "GET /site-articles/high-paid-work/ HTTP/1.1" 200 26020 "-" "Mozilla/5.0 (Linux; Android 6.0.1; Nexus 5X Build/MMB29P) AppleWebKit/537.36 (KHTML, like Gecko) Chrome/41.0.2272.96 Mobile Safari/537.36 (compatible; Googlebot/2.1; +http://www.google.com/bot.html)"
5.45.207.16 - - [26/Feb/2019:00:16:02 +0200] "GET /wp-content/uploads/2016/06/google-places-768x295.jpg HTTP/1.1" 200 38333 "-" "Mozilla/5.0 (compatible; YandexImages/3.0; +http://yandex.com/bots)"
5.45.207.16 - - [26/Feb/2019:00:16:04 +0200] "GET /duplicate-content/ HTTP/1.1" 200 33920 "-" "Mozilla/5.0 (compatible; YandexBot/3.0; +http://yandex.com/bots)"
5.45.207.16 - - [26/Feb/2019:00:16:12 +0200] "GET /wp-content/uploads/2018/09/local-seo-israel-300x198.jpg HTTP/1.1" 200 12621 "-" "Mozilla/5.0 (compatible; YandexImages/3.0; +http://yandex.com/bots)"
5.45.207.16 - - [26/Feb/2019:00:16:33 +0200] "GET /wp-content/uploads/2015/12/%D7%90%D7%A0%D7%A7%D7%95%D7%A8-%D7%98%D7%A7%D7%A1%D7%98-705x208.png HTTP/1.1" 200 36419 "-" "Mozilla/5.0 (compatible; YandexImages/3.0; +http://yandex.com/bots)"
5.45.207.16 - - [26/Feb/2019:00:17:04 +0200] "GET /wp-content/uploads/2015/01/Google-Places-part1.jpg HTTP/1.1" 200 46904 "-" "Mozilla/5.0 (compatible; YandexImages/3.0; +http://yandex.com/bots)"
5.45.207.16 - - [26/Feb/2019:00:17:47 +0200] "GET /wp-json/oembed/1.0/embed?url=https%3A%2F%2Fwebon.org.il%2Forganic-seo-course%2F HTTP/1.1" 200 2586 "-" "Mozilla/5.0 (compatible; YandexBot/3.0; +http://yandex.com/bots)"
178.154.171.89 - - [26/Feb/2019:00:17:48 +0200] "GET /wp-json/oembed/1.0/embed?url=https%3A%2F%2Fwebon.org.il%2Fsoftware-development%2F HTTP/1.1" 200 2708 "-" "Mozilla/5.0 (compatible; YandexBot/3.0; +http://yandex.com/bots)"
5.45.207.16 - - [26/Feb/2019:00:17:50 +0200] "GET /wp-json/oembed/1.0/embed?url=https%3A%2F%2Fwebon.org.il%2Fquestions%2Fquestion%2F%25d7%2590%25d7%25aa%25d7%25a8-%25d7%25a0%25d7%259b%25d7%25a0%25d7%25a1-%25d7%259c%25d7%2590%25d7%25a8%25d7%2592%25d7%2596-%25d7%2594%25d7%2597%25d7%2595%25d7%259c%2F HTTP/1.1" 200 2661 "-" "Mozilla/5.0 (compatible; YandexBot/3.0; +http://yandex.com/bots)"
5.45.207.16 - - [26/Feb/2019:00:17:58 +0200] "GET /wp-json/oembed/1.0/embed?url=https%3A%2F%2Fwebon.org.il%2Fsite-articles%2F%25d7%259e%25d7%25a2%25d7%25a8%25d7%259b%25d7%25aa-%25d7%2591%25d7%2599%25d7%25aa-%25d7%2597%25d7%259b%25d7%259d%2F&format=xml HTTP/1.1" 200 2640 "-" "Mozilla/5.0 (compatible; YandexBot/3.0; +http://yandex.com/bots)"
5.45.207.16 - - [26/Feb/2019:00:18:04 +0200] "GET /wp-content/uploads/2016/09/Top-performing-ad-sizes-450x585.jpg HTTP/1.1" 200 55742 "-" "Mozilla/5.0 (compatible; YandexImages/3.0; +http://yandex.com/bots)"
178.154.171.89 - - [26/Feb/2019:00:18:06 +0200] "GET /category/website-development-course/ HTTP/1.1" 200 32870 "-" "Mozilla/5.0 (compatible; YandexBot/3.0; +http://yandex.com/bots)"
5.45.207.16 - - [26/Feb/2019:00:18:13 +0200] "GET /wp-content/uploads/2015/01/%D7%91%D7%99%D7%AA-%D7%90%D7%9C%D7%99.png HTTP/1.1" 200 126325 "-" "Mozilla/5.0 (compatible; YandexImages/3.0; +http://yandex.com/bots)"
5.45.207.16 - - [26/Feb/2019:00:18:23 +0200] "GET /wp-content/uploads/2016/09/google-adsense-part2-36x36.jpg HTTP/1.1" 200 802 "-" "Mozilla/5.0 (compatible; YandexImages/3.0; +http://yandex.com/bots)"
207.46.13.40 - - [26/Feb/2019:00:18:36 +0200] "GET /wp-content/uploads/2015/12/CTR-%D7%9E%D7%9E%D7%95%D7%A6%D7%A2-%D7%91%D7%90%D7%AA%D7%A8.png HTTP/1.1" 200 59530 "-" "Mozilla/5.0 (compatible; bingbot/2.0; +http://www.bing.com/bingbot.htm)"
5.45.207.16 - - [26/Feb/2019:00:18:43 +0200] "GET /wp-content/uploads/2016/09/google-adsense.jpg HTTP/1.1" 200 18196 "-" "Mozilla/5.0 (compatible; YandexImages/3.0; +http://yandex.com/bots)"
5.45.207.16 - - [26/Feb/2019:00:19:02 +0200] "GET /wp-content/uploads/2015/12/Conversion-Rate-Optimization.jpg HTTP/1.1" 200 130829 "-" "Mozilla/5.0 (compatible; YandexImages/3.0; +http://yandex.com/bots)"
66.249.76.92 - - [26/Feb/2019:00:19:03 +0200] "GET /site-articles/high-paid-work/?amp HTTP/1.1" 200 4777 "-" "Mozilla/5.0 (Linux; Android 6.0.1; Nexus 5X Build/MMB29P) AppleWebKit/537.36 (KHTML, like Gecko) Chrome/41.0.2272.96 Mobile Safari/537.36 (compatible; Googlebot/2.1; +http://www.google.com/bot.html)"
66.249.76.90 - - [26/Feb/2019:00:19:08 +0200] "POST /wp-json/wordpress-popular-posts/v1/popular-posts/ HTTP/1.1" 200 43 "https://webon.org.il/site-articles/high-paid-work/" "Mozilla/5.0 (Linux; Android 6.0.1; Nexus 5X Build/MMB29P) AppleWebKit/537.36 (KHTML, like Gecko) Chrome/41.0.2272.96 Mobile Safari/537.36 (compatible; Googlebot/2.1; +http://www.google.com/bot.html)"
185.53.91.50 - - [26/Feb/2019:00:19:18 +0200] "GET /_asterisk/ HTTP/1.1" 404 26569 "-" "python-requests/2.21.0"
5.45.207.16 - - [26/Feb/2019:00:19:22 +0200] "GET /wp-content/uploads/2015/01/%D7%A9%D7%99%D7%95%D7%95%D7%A7-%D7%A1%D7%9C%D7%95%D7%9C%D7%A8%D7%99-120x120.jpg HTTP/1.1" 200 5598 "-" "Mozilla/5.0 (compatible; YandexImages/3.0; +http://yandex.com/bots)"
5.45.207.16 - - [26/Feb/2019:00:19:52 +0200] "GET /wp-content/uploads/2016/09/Terms-and-Conditions-Google-Adsense-450x299.jpg HTTP/1.1" 200 33369 "-" "Mozilla/5.0 (compatible; YandexImages/3.0; +http://yandex.com/bots)"
5.45.207.16 - - [26/Feb/2019:00:19:53 +0200] "GET /art-finds-search-words-to-promote-your-site/ HTTP/1.1" 200 36757 "-" "Mozilla/5.0 (compatible; YandexBot/3.0; +http://yandex.com/bots)"
5.45.207.16 - - [26/Feb/2019:00:19:55 +0200] "GET /tip-to-get-backlinks/ HTTP/1.1" 200 33647 "-" "Mozilla/5.0 (compatible; YandexBot/3.0; +http://yandex.com/bots)"
5.45.207.16 - - [26/Feb/2019:00:20:40 +0200] "GET /wp-content/uploads/2015/01/accident-bike-woman-get-emergency.jpg HTTP/1.1" 200 199825 "-" "Mozilla/5.0 (compatible; YandexImages/3.0; +http://yandex.com/bots)"
5.45.207.16 - - [26/Feb/2019:00:21:00 +0200] "GET /site-articles/lawyers/?amp HTTP/1.1" 200 4874 "-" "Mozilla/5.0 (compatible; YandexBot/3.0; +http://yandex.com/bots)"
5.45.207.16 - - [26/Feb/2019:00:21:02 +0200] "GET /about/ HTTP/1.1" 200 27969 "-" "Mozilla/5.0 (compatible; YandexBot/3.0; +http://yandex.com/bots)"
178.154.171.89 - - [26/Feb/2019:00:21:04 +0200] "GET /site-articles/moving-comapny/ HTTP/1.1" 200 29687 "-" "Mozilla/5.0 (compatible; YandexBot/3.0; +http://yandex.com/bots)"
5.45.207.16 - - [26/Feb/2019:00:21:09 +0200] "GET /wp-content/uploads/2016/09/google-adsense-705x254.jpg HTTP/1.1" 200 17069 "-" "Mozilla/5.0 (compatible; YandexImages/3.0; +http://yandex.com/bots)"
5.45.207.16 - - [26/Feb/2019:00:21:14 +0200] "GET /wp-json/oembed/1.0/embed?url=https%3A%2F%2Fwebon.org.il%2F301-redirect%2F&format=xml HTTP/1.1" 200 3006 "-" "Mozilla/5.0 (compatible; YandexBot/3.0; +http://yandex.com/bots)"
5.45.207.16 - - [26/Feb/2019:00:21:18 +0200] "GET /wp-content/uploads/2015/01/%D7%92%D7%95%D7%9C%D7%9F-%D7%97%D7%A7%D7%99%D7%A8%D7%95%D7%AA-%D7%9E%D7%97%D7%A9%D7%91.png HTTP/1.1" 200 230049 "-" "Mozilla/5.0 (compatible; YandexImages/3.0; +http://yandex.com/bots)"
5.45.207.16 - - [26/Feb/2019:00:21:28 +0200] "GET /wp-content/uploads/2015/01/ok6-180x180.png HTTP/1.1" 200 40888 "-" "Mozilla/5.0 (compatible; YandexImages/3.0; +http://yandex.com/bots)"
5.45.207.16 - - [26/Feb/2019:00:21:29 +0200] "GET /contact-us/ HTTP/1.1" 200 28308 "-" "Mozilla/5.0 (compatible; YandexBot/3.0; +http://yandex.com/bots)"
5.45.207.16 - - [26/Feb/2019:00:22:24 +0200] "GET /wp-content/uploads/2016/08/%D7%AA%D7%9E%D7%95%D7%A0%D7%AA-%D7%93%D7%95%D7%92%D7%9E%D7%90-%D7%95%D7%95%D7%A8%D7%93%D7%A4%D7%A8%D7%A1-300x223.jpg HTTP/1.1" 200 14369 "-" "Mozilla/5.0 (compatible; YandexImages/3.0; +http://yandex.com/bots)"
5.45.207.16 - - [26/Feb/2019:00:23:12 +0200] "GET /computer-course-in-rishon-letzion/ HTTP/1.1" 200 34566 "-" "Mozilla/5.0 (compatible; YandexBot/3.0; +http://yandex.com/bots)"
66.249.76.88 - - [26/Feb/2019:00:23:23 +0200] "GET /website-promotion-company/ HTTP/1.1" 200 25537 "-" "Mozilla/5.0 (Linux; Android 6.0.1; Nexus 5X Build/MMB29P) AppleWebKit/537.36 (KHTML, like Gecko) Chrome/41.0.2272.96 Mobile Safari/537.36 (compatible; Googlebot/2.1; +http://www.google.com/bot.html)"
5.45.207.16 - - [26/Feb/2019:00:23:25 +0200] "GET /wp-content/uploads/2015/01/%D7%A0%D7%95%D7%9C%D7%99-%D7%A6%D7%A2%D7%A6%D7%95%D7%A2%D7%99%D7%9D-705x346.png HTTP/1.1" 200 322148 "-" "Mozilla/5.0 (compatible; YandexImages/3.0; +http://yandex.com/bots)"
66.249.76.88 - - [26/Feb/2019:00:23:32 +0200] "POST /wp-json/wordpress-popular-posts/v1/popular-posts/ HTTP/1.1" 200 43 "https://webon.org.il/website-promotion-company/" "Mozilla/5.0 (Linux; Android 6.0.1; Nexus 5X Build/MMB29P) AppleWebKit/537.36 (KHTML, like Gecko) Chrome/41.0.2272.96 Mobile Safari/537.36 (compatible; Googlebot/2.1; +http://www.google.com/bot.html)"
5.45.207.16 - - [26/Feb/2019:00:24:02 +0200] "GET /mobile-marketing/ HTTP/1.1" 200 35016 "-" "Mozilla/5.0 (compatible; YandexBot/3.0; +http://yandex.com/bots)"
5.45.207.16 - - [26/Feb/2019:00:24:35 +0200] "GET /wp-content/uploads/2018/09/promotion-450x370.jpg HTTP/1.1" 200 38464 "-" "Mozilla/5.0 (compatible; YandexImages/3.0; +http://yandex.com/bots)"
185.56.75.220 - - [26/Feb/2019:00:25:00 +0200] "POST /wp-cron.php?doing_wp_cron=1551133500.6959879398345947265625 HTTP/1.1" 200 0 "https://webon.org.il/wp-cron.php?doing_wp_cron=1551133500.6959879398345947265625" "WordPress/4.9.9; https://webon.org.il"
5.45.207.16 - - [26/Feb/2019:00:24:59 +0200] "GET /site-articles/mobile-site-matching/?amp HTTP/1.1" 200 5196 "-" "Mozilla/5.0 (compatible; YandexBot/3.0; +http://yandex.com/bots)"
5.45.207.16 - - [26/Feb/2019:00:25:02 +0200] "GET /wp-content/uploads/2018/10/programmer-300x200.jpg HTTP/1.1" 200 16158 "-" "Mozilla/5.0 (compatible; YandexImages/3.0; +http://yandex.com/bots)"
5.45.207.16 - - [26/Feb/2019:00:25:09 +0200] "GET /wp-content/uploads/2015/01/%D7%A4%D7%A2%D7%99%D7%9C%D7%95%D7%99%D7%95%D7%AA2-450x197.jpg HTTP/1.1" 200 17121 "-" "Mozilla/5.0 (compatible; YandexImages/3.0; +http://yandex.com/bots)"
5.45.207.16 - - [26/Feb/2019:00:25:14 +0200] "GET /site-articles/car-accidents/?amp HTTP/1.1" 200 4960 "-" "Mozilla/5.0 (compatible; YandexBot/3.0; +http://yandex.com/bots)"
66.249.76.88 - - [26/Feb/2019:00:25:54 +0200] "GET /computer-course-in-rishon-letzion/ HTTP/1.1" 200 29475 "-" "Mozilla/5.0 (Linux; Android 6.0.1; Nexus 5X Build/MMB29P) AppleWebKit/537.36 (KHTML, like Gecko) Chrome/41.0.2272.96 Mobile Safari/537.36 (compatible; Googlebot/2.1; +http://www.google.com/bot.html)"
5.45.207.16 - - [26/Feb/2019:00:26:03 +0200] "GET /wp-content/uploads/2016/08/dsc-2476-943.jpg HTTP/1.1" 200 552754 "-" "Mozilla/5.0 (compatible; YandexImages/3.0; +http://yandex.com/bots)"
5.45.207.16 - - [26/Feb/2019:00:26:11 +0200] "GET /wp-content/uploads/2015/12/%D7%A7%D7%99%D7%A9%D7%95%D7%A8-nofollow-705x90.png HTTP/1.1" 200 26379 "-" "Mozilla/5.0 (compatible; YandexImages/3.0; +http://yandex.com/bots)"
5.45.207.16 - - [26/Feb/2019:00:26:55 +0200] "GET /wp-content/uploads/2018/09/digital-markting-300x200.jpg HTTP/1.1" 200 14671 "-" "Mozilla/5.0 (compatible; YandexImages/3.0; +http://yandex.com/bots)"
5.45.207.16 - - [26/Feb/2019:00:27:13 +0200] "GET /wp-content/uploads/2019/02/holding-shopping.jpg HTTP/1.1" 200 86820 "-" "Mozilla/5.0 (compatible; YandexImages/3.0; +http://yandex.com/bots)"
5.45.207.16 - - [26/Feb/2019:00:27:21 +0200] "GET /wp-content/uploads/2016/06/the-power-of-visuals-in-elearning-450x450.jpg HTTP/1.1" 200 34668 "-" "Mozilla/5.0 (compatible; YandexImages/3.0; +http://yandex.com/bots)"
207.46.13.97 - - [26/Feb/2019:00:27:37 +0200] "GET /questions/question/%d7%91%d7%93%d7%99%d7%a7%d7%aa-%d7%aa%d7%95%d7%9b%d7%9f-%d7%9e%d7%a9%d7%95%d7%9b%d7%a4%d7%9c-%d7%91%d7%90%d7%aa%d7%a8%d7%99-%d7%90%d7%99%d7%a0%d7%98%d7%a8%d7%a0%d7%98/feed/ HTTP/1.1" 200 1150 "-" "Mozilla/5.0 (compatible; bingbot/2.0; +http://www.bing.com/bingbot.htm)"
5.45.207.16 - - [26/Feb/2019:00:27:51 +0200] "GET /?p=4907 HTTP/1.1" 301 0 "-" "Mozilla/5.0 (compatible; YandexBot/3.0; +http://yandex.com/bots)"
5.45.207.16 - - [26/Feb/2019:00:28:09 +0200] "GET /website-development-course-in-wordpress/feed/ HTTP/1.1" 200 847 "-" "Mozilla/5.0 (compatible; YandexBot/3.0; +http://yandex.com/bots)"
5.45.207.16 - - [26/Feb/2019:00:28:20 +0200] "GET /wp-content/uploads/2016/06/the-power-of-visuals-in-elearning-300x300.jpg HTTP/1.1" 200 20457 "-" "Mozilla/5.0 (compatible; YandexImages/3.0; +http://yandex.com/bots)"
5.45.207.16 - - [26/Feb/2019:00:28:24 +0200] "GET /?p=6134 HTTP/1.1" 301 0 "-" "Mozilla/5.0 (compatible; YandexBot/3.0; +http://yandex.com/bots)"
66.249.76.88 - - [26/Feb/2019:00:28:25 +0200] "GET /%D7%93%D7%A8%D7%95%D7%A9%D7%99%D7%9D/ HTTP/1.1" 200 25449 "-" "Mozilla/5.0 (Linux; Android 6.0.1; Nexus 5X Build/MMB29P) AppleWebKit/537.36 (KHTML, like Gecko) Chrome/41.0.2272.96 Mobile Safari/537.36 (compatible; Googlebot/2.1; +http://www.google.com/bot.html)"
178.154.171.89 - - [26/Feb/2019:00:28:26 +0200] "GET /seo-on-cellular-devices/ HTTP/1.1" 200 34026 "-" "Mozilla/5.0 (compatible; YandexBot/3.0; +http://yandex.com/bots)"
5.45.207.16 - - [26/Feb/2019:00:29:02 +0200] "GET /wp-content/uploads/2016/09/Top-performing-ad-sizes.jpg HTTP/1.1" 200 80435 "-" "Mozilla/5.0 (compatible; YandexImages/3.0; +http://yandex.com/bots)"
5.45.207.16 - - [26/Feb/2019:00:29:32 +0200] "GET /questions/question/%D7%99%D7%A6%D7%99%D7%A8%D7%AA-sitemap/?order_by=oldest HTTP/1.1" 200 30527 "-" "Mozilla/5.0 (compatible; YandexBot/3.0; +http://yandex.com/bots)"
5.45.207.16 - - [26/Feb/2019:00:29:39 +0200] "GET /build-a-standard-site/ HTTP/1.1" 200 33605 "-" "Mozilla/5.0 (compatible; YandexBot/3.0; +http://yandex.com/bots)"
5.45.207.16 - - [26/Feb/2019:00:30:01 +0200] "GET /wp-json/oembed/1.0/embed?url=https%3A%2F%2Fwebon.org.il%2Fsite-articles%2Fmobile-site-matching%2F&format=xml HTTP/1.1" 200 2627 "-" "Mozilla/5.0 (compatible; YandexBot/3.0; +http://yandex.com/bots)"
185.56.75.220 - - [26/Feb/2019:00:30:54 +0200] "POST /wp-cron.php?doing_wp_cron=1551133854.7594819068908691406250 HTTP/1.1" 200 0 "https://webon.org.il/wp-cron.php?doing_wp_cron=1551133854.7594819068908691406250" "WordPress/4.9.9; https://webon.org.il"
5.45.207.16 - - [26/Feb/2019:00:30:53 +0200] "GET /wp-json/oembed/1.0/embed?url=https%3A%2F%2Fwebon.org.il%2Fimproved-conversion-to-site-ratio%2F HTTP/1.1" 200 2667 "-" "Mozilla/5.0 (compatible; YandexBot/3.0; +http://yandex.com/bots)"
66.249.76.90 - - [26/Feb/2019:00:30:56 +0200] "GET /manage-a-247-sponsored-campaign/ HTTP/1.1" 200 28586 "-" "Mozilla/5.0 (Linux; Android 6.0.1; Nexus 5X Build/MMB29P) AppleWebKit/537.36 (KHTML, like Gecko) Chrome/41.0.2272.96 Mobile Safari/537.36 (compatible; Googlebot/2.1; +http://www.google.com/bot.html)"
5.45.207.16 - - [26/Feb/2019:00:32:10 +0200] "GET /wp-json/oembed/1.0/embed?url=https%3A%2F%2Fwebon.org.il%2Fabout%2F HTTP/1.1" 200 2384 "-" "Mozilla/5.0 (compatible; YandexBot/3.0; +http://yandex.com/bots)"
5.45.207.16 - - [26/Feb/2019:00:32:39 +0200] "GET /%D7%9E%D7%94%D7%95-%D7%A7%D7%99%D7%93%D7%95%D7%9D-%D7%90%D7%AA%D7%A8%D7%99%D7%9D-%D7%9C%D7%91%D7%9F/%D7%97%D7%93%D7%A9%D7%95%D7%AA-%D7%A7%D7%99%D7%93%D7%95%D7%9D-%D7%90%D7%AA%D7%A8%D7%99%D7%9D/ HTTP/1.1" 404 26492 "-" "Mozilla/5.0 (compatible; YandexBot/3.0; +http://yandex.com/bots)"
5.45.207.16 - - [26/Feb/2019:00:32:55 +0200] "GET /wp-content/uploads/2018/09/promotion-768x631.jpg HTTP/1.1" 200 80013 "-" "Mozilla/5.0 (compatible; YandexImages/3.0; +http://yandex.com/bots)"
5.45.207.16 - - [26/Feb/2019:00:33:04 +0200] "GET /expert-seo/ HTTP/1.1" 200 34658 "-" "Mozilla/5.0 (compatible; YandexBot/3.0; +http://yandex.com/bots)"
5.45.207.16 - - [26/Feb/2019:00:33:18 +0200] "GET /advertisements-on-my-site/amp/ HTTP/1.1" 200 9719 "-" "Mozilla/5.0 (compatible; YandexBot/3.0; +http://yandex.com/bots)"
5.45.207.16 - - [26/Feb/2019:00:33:27 +0200] "GET /digital-business-card/feed/ HTTP/1.1" 200 802 "-" "Mozilla/5.0 (compatible; YandexBot/3.0; +http://yandex.com/bots)"
66.249.76.90 - - [26/Feb/2019:00:33:27 +0200] "GET /sitemap/ HTTP/1.1" 200 23680 "-" "Mozilla/5.0 (Linux; Android 6.0.1; Nexus 5X Build/MMB29P) AppleWebKit/537.36 (KHTML, like Gecko) Chrome/41.0.2272.96 Mobile Safari/537.36 (compatible; Googlebot/2.1; +http://www.google.com/bot.html)"
66.249.76.92 - - [26/Feb/2019:00:33:30 +0200] "POST /wp-json/wordpress-popular-posts/v1/popular-posts/ HTTP/1.1" 200 43 "https://webon.org.il/sitemap/" "Mozilla/5.0 (Linux; Android 6.0.1; Nexus 5X Build/MMB29P) AppleWebKit/537.36 (KHTML, like Gecko) Chrome/41.0.2272.96 Mobile Safari/537.36 (compatible; Googlebot/2.1; +http://www.google.com/bot.html)"
5.45.207.16 - - [26/Feb/2019:00:33:31 +0200] "GET /wp-content/uploads/2018/10/course-in-WordPress-768x512.jpg HTTP/1.1" 200 51504 "-" "Mozilla/5.0 (compatible; YandexImages/3.0; +http://yandex.com/bots)"
5.45.207.16 - - [26/Feb/2019:00:33:42 +0200] "GET /mobile-site-matching/ HTTP/1.1" 200 34349 "-" "Mozilla/5.0 (compatible; YandexBot/3.0; +http://yandex.com/bots)"
5.45.207.16 - - [26/Feb/2019:00:33:55 +0200] "GET /wp-json/oembed/1.0/embed?url=https%3A%2F%2Fwebon.org.il%2Fquestions%2Fquestion%2F%25d7%2599%25d7%25a6%25d7%2599%25d7%25a8%25d7%25aa-sitemap%2F HTTP/1.1" 200 2356 "-" "Mozilla/5.0 (compatible; YandexBot/3.0; +http://yandex.com/bots)"
5.45.207.16 - - [26/Feb/2019:00:34:00 +0200] "GET /wp-content/uploads/2018/09/business-contact-300x200.jpg HTTP/1.1" 200 14541 "-" "Mozilla/5.0 (compatible; YandexImages/3.0; +http://yandex.com/bots)"
66.249.64.152 - - [26/Feb/2019:00:34:04 +0200] "GET /%D7%93%D7%A8%D7%95%D7%A9%D7%99%D7%9D/?amp HTTP/1.1" 200 3906 "-" "Mozilla/5.0 (Linux; Android 6.0.1; Nexus 5X Build/MMB29P) AppleWebKit/537.36 (KHTML, like Gecko) Chrome/41.0.2272.96 Mobile Safari/537.36 (compatible; Googlebot/2.1; +http://www.google.com/bot.html)"
66.249.64.152 - - [26/Feb/2019:00:34:10 +0200] "POST /wp-json/wordpress-popular-posts/v1/popular-posts/ HTTP/1.1" 200 43 "https://webon.org.il/%D7%93%D7%A8%D7%95%D7%A9%D7%99%D7%9D/" "Mozilla/5.0 (Linux; Android 6.0.1; Nexus 5X Build/MMB29P) AppleWebKit/537.36 (KHTML, like Gecko) Chrome/41.0.2272.96 Mobile Safari/537.36 (compatible; Googlebot/2.1; +http://www.google.com/bot.html)"
5.45.207.16 - - [26/Feb/2019:00:34:56 +0200] "GET /writing-content/amp/ HTTP/1.1" 200 6145 "-" "Mozilla/5.0 (compatible; YandexBot/3.0; +http://yandex.com/bots)"
5.45.207.16 - - [26/Feb/2019:00:34:57 +0200] "GET /wp-content/uploads/2016/09/race-300x197.jpg HTTP/1.1" 200 24238 "-" "Mozilla/5.0 (compatible; YandexImages/3.0; +http://yandex.com/bots)"
5.45.207.16 - - [26/Feb/2019:00:35:07 +0200] "GET /wp-content/uploads/2016/09/google-adsense-welcome-450x215.jpg HTTP/1.1" 200 8652 "-" "Mozilla/5.0 (compatible; YandexImages/3.0; +http://yandex.com/bots)"
5.45.207.16 - - [26/Feb/2019:00:35:45 +0200] "GET /?p=5935 HTTP/1.1" 301 0 "-" "Mozilla/5.0 (compatible; YandexBot/3.0; +http://yandex.com/bots)"
178.154.171.89 - - [26/Feb/2019:00:35:46 +0200] "GET /tagging-images/ HTTP/1.1" 200 34037 "-" "Mozilla/5.0 (compatible; YandexBot/3.0; +http://yandex.com/bots)"
66.249.76.88 - - [26/Feb/2019:00:35:58 +0200] "GET /page/3/?ap_paged=1 HTTP/1.1" 200 40160 "-" "Mozilla/5.0 (Linux; Android 6.0.1; Nexus 5X Build/MMB29P) AppleWebKit/537.36 (KHTML, like Gecko) Chrome/41.0.2272.96 Mobile Safari/537.36 (compatible; Googlebot/2.1; +http://www.google.com/bot.html)"
5.45.207.16 - - [26/Feb/2019:00:36:33 +0200] "GET /wp-json/oembed/1.0/embed?url=https%3A%2F%2Fwebon.org.il%2F%25d7%2593%25d7%25a8%25d7%2595%25d7%25a9%25d7%2599%25d7%259d%2F&format=xml HTTP/1.1" 200 2436 "-" "Mozilla/5.0 (compatible; YandexBot/3.0; +http://yandex.com/bots)"
5.45.207.16 - - [26/Feb/2019:00:36:39 +0200] "GET /sitemap.xml HTTP/1.1" 200 5098 "-" "Mozilla/5.0 (compatible; YandexBot/3.0; +http://yandex.com/bots)"
5.45.207.16 - - [26/Feb/2019:00:36:41 +0200] "GET /wp-content/uploads/2015/12/google-analytics-1030x420.png HTTP/1.1" 200 168518 "-" "Mozilla/5.0 (compatible; YandexImages/3.0; +http://yandex.com/bots)"
5.45.207.16 - - [26/Feb/2019:00:36:51 +0200] "GET /wp-content/uploads/2016/09/google-adsense-part2-768x745.jpg HTTP/1.1" 200 35980 "-" "Mozilla/5.0 (compatible; YandexImages/3.0; +http://yandex.com/bots)"
5.45.207.16 - - [26/Feb/2019:00:37:00 +0200] "GET /wp-content/uploads/2015/09/VPS.jpg HTTP/1.1" 200 590150 "-" "Mozilla/5.0 (compatible; YandexImages/3.0; +http://yandex.com/bots)"
66.249.76.90 - - [26/Feb/2019:00:37:07 +0200] "GET /manage-a-247-sponsored-campaign/amp/ HTTP/1.1" 200 4635 "-" "Mozilla/5.0 (Linux; Android 6.0.1; Nexus 5X Build/MMB29P) AppleWebKit/537.36 (KHTML, like Gecko) Chrome/41.0.2272.96 Mobile Safari/537.36 (compatible; Googlebot/2.1; +http://www.google.com/bot.html)"
66.249.76.88 - - [26/Feb/2019:00:37:13 +0200] "POST /wp-json/wordpress-popular-posts/v1/popular-posts/ HTTP/1.1" 200 43 "https://webon.org.il/manage-a-247-sponsored-campaign/" "Mozilla/5.0 (Linux; Android 6.0.1; Nexus 5X Build/MMB29P) AppleWebKit/537.36 (KHTML, like Gecko) Chrome/41.0.2272.96 Mobile Safari/537.36 (compatible; Googlebot/2.1; +http://www.google.com/bot.html)"
5.45.207.16 - - [26/Feb/2019:00:37:48 +0200] "GET /wp-json/oembed/1.0/embed?url=https%3A%2F%2Fwebon.org.il%2Fquestions%2Fquestion%2F%25d7%2590%25d7%2599%25d7%259a-%25d7%259c%25d7%25a7%25d7%2593%25d7%259d-%25d7%2590%25d7%25aa%25d7%25a8-%25d7%259c%25d7%2591%25d7%2593%2F&format=xml HTTP/1.1" 200 2723 "-" "Mozilla/5.0 (compatible; YandexBot/3.0; +http://yandex.com/bots)"
5.45.207.16 - - [26/Feb/2019:00:37:57 +0200] "GET /wp-content/uploads/2015/01/seo-graph-450x343.png HTTP/1.1" 200 58416 "-" "Mozilla/5.0 (compatible; YandexImages/3.0; +http://yandex.com/bots)"
5.45.207.16 - - [26/Feb/2019:00:38:02 +0200] "GET /seo-prices/amp/ HTTP/1.1" 200 5393 "-" "Mozilla/5.0 (compatible; YandexBot/3.0; +http://yandex.com/bots)"
5.45.207.16 - - [26/Feb/2019:00:38:07 +0200] "GET /wp-content/uploads/2016/08/%D7%AA%D7%9E%D7%95%D7%A0%D7%AA-%D7%93%D7%95%D7%92%D7%9E%D7%90-%D7%95%D7%95%D7%A8%D7%93%D7%A4%D7%A8%D7%A1-705x524.jpg HTTP/1.1" 200 53065 "-" "Mozilla/5.0 (compatible; YandexImages/3.0; +http://yandex.com/bots)"
5.45.207.16 - - [26/Feb/2019:00:38:26 +0200] "GET /wp-content/uploads/2018/09/young-woman-attending-business-training-705x470.jpg HTTP/1.1" 200 36448 "-" "Mozilla/5.0 (compatible; YandexImages/3.0; +http://yandex.com/bots)"
5.45.207.16 - - [26/Feb/2019:00:38:43 +0200] "GET /?p=5915 HTTP/1.1" 301 0 "-" "Mozilla/5.0 (compatible; YandexBot/3.0; +http://yandex.com/bots)"
178.154.171.89 - - [26/Feb/2019:00:38:44 +0200] "GET /301-redirect/ HTTP/1.1" 200 34146 "-" "Mozilla/5.0 (compatible; YandexBot/3.0; +http://yandex.com/bots)"
5.45.207.16 - - [26/Feb/2019:00:38:51 +0200] "GET /wp-json/oembed/1.0/embed?url=https%3A%2F%2Fwebon.org.il%2Feducation-over-the-age-of-30%2F&format=xml HTTP/1.1" 200 2764 "-" "Mozilla/5.0 (compatible; YandexBot/3.0; +http://yandex.com/bots)"
5.45.207.16 - - [26/Feb/2019:00:39:30 +0200] "GET /wp-content/uploads/2016/09/Advertisement-on-the-website-450x326.jpg HTTP/1.1" 200 27281 "-" "Mozilla/5.0 (compatible; YandexImages/3.0; +http://yandex.com/bots)"
5.45.207.16 - - [26/Feb/2019:00:39:58 +0200] "GET /301-redirect/feed/ HTTP/1.1" 200 808 "-" "Mozilla/5.0 (compatible; YandexBot/3.0; +http://yandex.com/bots)"
5.45.207.16 - - [26/Feb/2019:00:40:05 +0200] "GET /wp-content/uploads/2018/09/Duplicate-content-768x510.jpg HTTP/1.1" 200 60576 "-" "Mozilla/5.0 (compatible; YandexImages/3.0; +http://yandex.com/bots)"
5.45.207.16 - - [26/Feb/2019:00:40:33 +0200] "GET /seo-on-cellular-devices/feed/ HTTP/1.1" 200 802 "-" "Mozilla/5.0 (compatible; YandexBot/3.0; +http://yandex.com/bots)"
66.249.76.88 - - [26/Feb/2019:00:41:00 +0200] "GET /tag/%D7%92%D7%95%D7%92%D7%9C/ HTTP/1.1" 200 26324 "-" "Mozilla/5.0 (Linux; Android 6.0.1; Nexus 5X Build/MMB29P) AppleWebKit/537.36 (KHTML, like Gecko) Chrome/41.0.2272.96 Mobile Safari/537.36 (compatible; Googlebot/2.1; +http://www.google.com/bot.html)"
5.45.207.16 - - [26/Feb/2019:00:41:01 +0200] "GET /?p=4176 HTTP/1.1" 301 0 "-" "Mozilla/5.0 (compatible; YandexBot/3.0; +http://yandex.com/bots)"
5.45.207.16 - - [26/Feb/2019:00:41:02 +0200] "GET /site-articles/%D7%A4%D7%A2%D7%99%D7%9C%D7%95%D7%99%D7%95%D7%AA/ HTTP/1.1" 200 30541 "-" "Mozilla/5.0 (compatible; YandexBot/3.0; +http://yandex.com/bots)"
5.45.207.16 - - [26/Feb/2019:00:41:37 +0200] "GET /writing-articles/feed/ HTTP/1.1" 200 814 "-" "Mozilla/5.0 (compatible; YandexBot/3.0; +http://yandex.com/bots)"
5.45.207.16 - - [26/Feb/2019:00:42:07 +0200] "GET /wp-content/uploads/2018/09/digital-markting.jpg HTTP/1.1" 200 102797 "-" "Mozilla/5.0 (compatible; YandexImages/3.0; +http://yandex.com/bots)"
5.45.207.16 - - [26/Feb/2019:00:42:29 +0200] "GET /wp-json/oembed/1.0/embed?url=https%3A%2F%2Fwebon.org.il%2Fwebsite-promotion-company%2F&format=xml HTTP/1.1" 200 2786 "-" "Mozilla/5.0 (compatible; YandexBot/3.0; +http://yandex.com/bots)"
5.45.207.16 - - [26/Feb/2019:00:42:36 +0200] "GET /category/%D7%9B%D7%9C%D7%9C%D7%99/ HTTP/1.1" 200 32671 "-" "Mozilla/5.0 (compatible; YandexBot/3.0; +http://yandex.com/bots)"
5.45.207.16 - - [26/Feb/2019:00:42:51 +0200] "GET /robots.txt HTTP/1.1" 200 69 "-" "Mozilla/5.0 (compatible; YandexBot/3.0; +http://yandex.com/bots)"
178.154.171.89 - - [26/Feb/2019:00:42:53 +0200] "GET /wp-json/oembed/1.0/embed?url=https%3A%2F%2Fwebon.org.il%2Fglobal%2F&format=xml HTTP/1.1" 200 3204 "-" "Mozilla/5.0 (compatible; YandexBot/3.0; +http://yandex.com/bots)"
5.45.207.16 - - [26/Feb/2019:00:43:04 +0200] "GET /site-articles/road-accident-lawyer/?amp HTTP/1.1" 200 4979 "-" "Mozilla/5.0 (compatible; YandexBot/3.0; +http://yandex.com/bots)"
66.249.76.88 - - [26/Feb/2019:00:43:32 +0200] "GET /tag/%D7%90%D7%95%D7%A8%D7%92%D7%A0%D7%99/ HTTP/1.1" 200 26320 "-" "Mozilla/5.0 (Linux; Android 6.0.1; Nexus 5X Build/MMB29P) AppleWebKit/537.36 (KHTML, like Gecko) Chrome/41.0.2272.96 Mobile Safari/537.36 (compatible; Googlebot/2.1; +http://www.google.com/bot.html)"
5.45.207.16 - - [26/Feb/2019:00:43:44 +0200] "GET /wp-content/uploads/2015/01/%D7%92%D7%95%D7%9C%D7%9F-%D7%97%D7%A7%D7%99%D7%A8%D7%95%D7%AA-%D7%9E%D7%97%D7%A9%D7%91-300x242.png HTTP/1.1" 200 49732 "-" "Mozilla/5.0 (compatible; YandexImages/3.0; +http://yandex.com/bots)"
5.45.207.16 - - [26/Feb/2019:00:44:06 +0200] "GET /?p=5713 HTTP/1.1" 301 0 "-" "Mozilla/5.0 (compatible; YandexBot/3.0; +http://yandex.com/bots)"
178.154.171.89 - - [26/Feb/2019:00:44:08 +0200] "GET /website-promoter/ HTTP/1.1" 200 35027 "-" "Mozilla/5.0 (compatible; YandexBot/3.0; +http://yandex.com/bots)"
207.46.13.160 - - [26/Feb/2019:00:44:14 +0200] "GET /sitemap-pt-page-2019-01.xml HTTP/1.1" 200 402 "-" "Mozilla/5.0 (compatible; bingbot/2.0; +http://www.bing.com/bingbot.htm)"
5.45.207.16 - - [26/Feb/2019:00:44:56 +0200] "GET /wp-content/uploads/2015/12/%D7%A7%D7%99%D7%A9%D7%95%D7%A8-nofollow-300x38.png HTTP/1.1" 200 6869 "-" "Mozilla/5.0 (compatible; YandexImages/3.0; +http://yandex.com/bots)"
