147.234.38.58 - - [26/Feb/2019:01:56:08 +0200] "GET /wp-content/plugins/jquery-t-countdown-widget/js/jquery.t-countdown.js?ver=2.4.0 HTTP/1.1" 200 2752 "https://webon.org.il/category/home-software/" "Mozilla/5.0 (Linux; Android 9; ONEPLUS A6003) AppleWebKit/537.36 (KHTML, like Gecko) Chrome/72.0.3626.105 Mobile Safari/537.36"
147.234.38.58 - - [26/Feb/2019:01:56:08 +0200] "GET /wp-includes/js/imagesloaded.min.js?ver=3.2.0 HTTP/1.1" 200 2360 "https://webon.org.il/category/home-software/" "Mozilla/5.0 (Linux; Android 9; ONEPLUS A6003) AppleWebKit/537.36 (KHTML, like Gecko) Chrome/72.0.3626.105 Mobile Safari/537.36"
147.234.38.58 - - [26/Feb/2019:01:56:09 +0200] "GET /wp-includes/js/masonry.min.js?ver=3.3.2 HTTP/1.1" 200 8274 "https://webon.org.il/category/home-software/" "Mozilla/5.0 (Linux; Android 9; ONEPLUS A6003) AppleWebKit/537.36 (KHTML, like Gecko) Chrome/72.0.3626.105 Mobile Safari/537.36"
147.234.38.58 - - [26/Feb/2019:01:56:09 +0200] "GET /wp-includes/js/jquery/jquery.masonry.min.js?ver=3.1.2b HTTP/1.1" 200 628 "https://webon.org.il/category/home-software/" "Mozilla/5.0 (Linux; Android 9; ONEPLUS A6003) AppleWebKit/537.36 (KHTML, like Gecko) Chrome/72.0.3626.105 Mobile Safari/537.36"
147.234.38.58 - - [26/Feb/2019:01:56:09 +0200] "GET /wp-content/plugins/real-accessability/real-accessability.js?ver=1.0 HTTP/1.1" 200 1922 "https://webon.org.il/category/home-software/" "Mozilla/5.0 (Linux; Android 9; ONEPLUS A6003) AppleWebKit/537.36 (KHTML, like Gecko) Chrome/72.0.3626.105 Mobile Safari/537.36"
147.234.38.58 - - [26/Feb/2019:01:56:09 +0200] "GET /wp-content/themes/twentyseventeen/assets/js/skip-link-focus-fix.js?ver=1.0 HTTP/1.1" 200 329 "https://webon.org.il/category/home-software/" "Mozilla/5.0 (Linux; Android 9; ONEPLUS A6003) AppleWebKit/537.36 (KHTML, like Gecko) Chrome/72.0.3626.105 Mobile Safari/537.36"
147.234.38.58 - - [26/Feb/2019:01:56:09 +0200] "GET /wp-content/themes/twentyseventeen/assets/js/global.js?ver=1.0 HTTP/1.1" 200 2410 "https://webon.org.il/category/home-software/" "Mozilla/5.0 (Linux; Android 9; ONEPLUS A6003) AppleWebKit/537.36 (KHTML, like Gecko) Chrome/72.0.3626.105 Mobile Safari/537.36"
147.234.38.58 - - [26/Feb/2019:01:56:09 +0200] "GET /wp-content/themes/twentyseventeen/assets/js/jquery.scrollTo.js?ver=2.1.2 HTTP/1.1" 200 2246 "https://webon.org.il/category/home-software/" "Mozilla/5.0 (Linux; Android 9; ONEPLUS A6003) AppleWebKit/537.36 (KHTML, like Gecko) Chrome/72.0.3626.105 Mobile Safari/537.36"
147.234.38.58 - - [26/Feb/2019:01:56:09 +0200] "GET /wp-includes/js/wp-embed.min.js?ver=4.9.9 HTTP/1.1" 200 638 "https://webon.org.il/category/home-software/" "Mozilla/5.0 (Linux; Android 9; ONEPLUS A6003) AppleWebKit/537.36 (KHTML, like Gecko) Chrome/72.0.3626.105 Mobile Safari/537.36"
147.234.38.58 - - [26/Feb/2019:01:56:09 +0200] "GET /wp-content/uploads/2015/01/FUGATA-%D7%90%D7%99%D7%99%D7%A4%D7%95%D7%9F-1.png HTTP/1.1" 200 63864 "https://webon.org.il/category/home-software/" "Mozilla/5.0 (Linux; Android 9; ONEPLUS A6003) AppleWebKit/537.36 (KHTML, like Gecko) Chrome/72.0.3626.105 Mobile Safari/537.36"
147.234.38.58 - - [26/Feb/2019:01:56:09 +0200] "GET /wp-content/plugins/post-grid/assets/admin/gif/ajax-loader-1.gif HTTP/1.1" 200 673 "https://webon.org.il/category/home-software/" "Mozilla/5.0 (Linux; Android 9; ONEPLUS A6003) AppleWebKit/537.36 (KHTML, like Gecko) Chrome/72.0.3626.105 Mobile Safari/537.36"
147.234.38.58 - - [26/Feb/2019:01:56:09 +0200] "GET /wp-content/uploads/2014/12/%D7%A7%D7%99%D7%93%D7%95%D7%9D-%D7%90%D7%AA%D7%A8%D7%99%D7%9D.jpg HTTP/1.1" 200 35353 "https://webon.org.il/category/home-software/" "Mozilla/5.0 (Linux; Android 9; ONEPLUS A6003) AppleWebKit/537.36 (KHTML, like Gecko) Chrome/72.0.3626.105 Mobile Safari/537.36"
147.234.38.58 - - [26/Feb/2019:01:56:09 +0200] "GET /wp-content/fonts/OpenSansHebrew-Light.ttf HTTP/1.1" 200 33740 "https://webon.org.il/wp-content/themes/twentyseventeen/style.css?ver=4.9.9" "Mozilla/5.0 (Linux; Android 9; ONEPLUS A6003) AppleWebKit/537.36 (KHTML, like Gecko) Chrome/72.0.3626.105 Mobile Safari/537.36"
147.234.38.58 - - [26/Feb/2019:01:56:09 +0200] "GET /wp-content/plugins/real-accessability/fonts/realaccessability.ttf?717675 HTTP/1.1" 200 2808 "https://webon.org.il/wp-content/plugins/real-accessability/real-accessability.css?ver=1.0" "Mozilla/5.0 (Linux; Android 9; ONEPLUS A6003) AppleWebKit/537.36 (KHTML, like Gecko) Chrome/72.0.3626.105 Mobile Safari/537.36"
147.234.38.58 - - [26/Feb/2019:01:56:09 +0200] "GET /wp-content/fonts/OpenSansHebrewCondensed-Bold.ttf HTTP/1.1" 200 33880 "https://webon.org.il/wp-content/themes/twentyseventeen/style.css?ver=4.9.9" "Mozilla/5.0 (Linux; Android 9; ONEPLUS A6003) AppleWebKit/537.36 (KHTML, like Gecko) Chrome/72.0.3626.105 Mobile Safari/537.36"
147.234.38.58 - - [26/Feb/2019:01:56:09 +0200] "GET /wp-content/uploads/Special/house-outline.png HTTP/1.1" 200 504 "https://webon.org.il/wp-content/themes/twentyseventeen/style.css?ver=4.9.9" "Mozilla/5.0 (Linux; Android 9; ONEPLUS A6003) AppleWebKit/537.36 (KHTML, like Gecko) Chrome/72.0.3626.105 Mobile Safari/537.36"
147.234.38.58 - - [26/Feb/2019:01:56:09 +0200] "GET /wp-content/uploads/Special/website.png HTTP/1.1" 200 1260 "https://webon.org.il/wp-content/themes/twentyseventeen/style.css?ver=4.9.9" "Mozilla/5.0 (Linux; Android 9; ONEPLUS A6003) AppleWebKit/537.36 (KHTML, like Gecko) Chrome/72.0.3626.105 Mobile Safari/537.36"
147.234.38.58 - - [26/Feb/2019:01:56:09 +0200] "GET /wp-content/uploads/Special/robot-code.png HTTP/1.1" 200 1544 "https://webon.org.il/wp-content/themes/twentyseventeen/style.css?ver=4.9.9" "Mozilla/5.0 (Linux; Android 9; ONEPLUS A6003) AppleWebKit/537.36 (KHTML, like Gecko) Chrome/72.0.3626.105 Mobile Safari/537.36"
147.234.38.58 - - [26/Feb/2019:01:56:09 +0200] "GET /wp-content/uploads/Special/business-male-team.png HTTP/1.1" 200 2651 "https://webon.org.il/wp-content/themes/twentyseventeen/style.css?ver=4.9.9" "Mozilla/5.0 (Linux; Android 9; ONEPLUS A6003) AppleWebKit/537.36 (KHTML, like Gecko) Chrome/72.0.3626.105 Mobile Safari/537.36"
147.234.38.58 - - [26/Feb/2019:01:56:09 +0200] "GET /wp-content/uploads/Special/call-center-operator.png HTTP/1.1" 200 1790 "https://webon.org.il/wp-content/themes/twentyseventeen/style.css?ver=4.9.9" "Mozilla/5.0 (Linux; Android 9; ONEPLUS A6003) AppleWebKit/537.36 (KHTML, like Gecko) Chrome/72.0.3626.105 Mobile Safari/537.36"
147.234.38.58 - - [26/Feb/2019:01:56:09 +0200] "GET /wp-content/uploads/2016/08/dsc-2476-943.jpg HTTP/1.1" 200 552754 "https://webon.org.il/category/home-software/" "Mozilla/5.0 (Linux; Android 9; ONEPLUS A6003) AppleWebKit/537.36 (KHTML, like Gecko) Chrome/72.0.3626.105 Mobile Safari/537.36"
147.234.38.58 - - [26/Feb/2019:01:56:09 +0200] "GET /wp-content/uploads/2019/02/robot-300x200.jpg HTTP/1.1" 200 10544 "https://webon.org.il/category/home-software/" "Mozilla/5.0 (Linux; Android 9; ONEPLUS A6003) AppleWebKit/537.36 (KHTML, like Gecko) Chrome/72.0.3626.105 Mobile Safari/537.36"
147.234.38.58 - - [26/Feb/2019:01:56:09 +0200] "GET /wp-content/uploads/2019/02/holding-shopping-300x200.jpg HTTP/1.1" 200 11882 "https://webon.org.il/category/home-software/" "Mozilla/5.0 (Linux; Android 9; ONEPLUS A6003) AppleWebKit/537.36 (KHTML, like Gecko) Chrome/72.0.3626.105 Mobile Safari/537.36"
147.234.38.58 - - [26/Feb/2019:01:56:09 +0200] "GET /wp-content/uploads/2018/09/business-contact-300x200.jpg HTTP/1.1" 200 14541 "https://webon.org.il/category/home-software/" "Mozilla/5.0 (Linux; Android 9; ONEPLUS A6003) AppleWebKit/537.36 (KHTML, like Gecko) Chrome/72.0.3626.105 Mobile Safari/537.36"
147.234.38.58 - - [26/Feb/2019:01:56:09 +0200] "GET /wp-content/uploads/2018/10/course-computers-300x200.jpg HTTP/1.1" 200 13375 "https://webon.org.il/category/home-software/" "Mozilla/5.0 (Linux; Android 9; ONEPLUS A6003) AppleWebKit/537.36 (KHTML, like Gecko) Chrome/72.0.3626.105 Mobile Safari/537.36"
147.234.38.58 - - [26/Feb/2019:01:56:09 +0200] "GET /wp-content/uploads/2018/10/course-in-WordPress-300x200.jpg HTTP/1.1" 200 13318 "https://webon.org.il/category/home-software/" "Mozilla/5.0 (Linux; Android 9; ONEPLUS A6003) AppleWebKit/537.36 (KHTML, like Gecko) Chrome/72.0.3626.105 Mobile Safari/537.36"
147.234.38.58 - - [26/Feb/2019:01:56:09 +0200] "GET /wp-content/uploads/2018/09/search-position-300x166.jpg HTTP/1.1" 200 5553 "https://webon.org.il/category/home-software/" "Mozilla/5.0 (Linux; Android 9; ONEPLUS A6003) AppleWebKit/537.36 (KHTML, like Gecko) Chrome/72.0.3626.105 Mobile Safari/537.36"
147.234.38.58 - - [26/Feb/2019:01:56:09 +0200] "GET /wp-content/plugins/real-accessability/images/play-blue.gif HTTP/1.1" 200 224 "https://webon.org.il/category/home-software/" "Mozilla/5.0 (Linux; Android 9; ONEPLUS A6003) AppleWebKit/537.36 (KHTML, like Gecko) Chrome/72.0.3626.105 Mobile Safari/537.36"
147.234.38.58 - - [26/Feb/2019:01:56:09 +0200] "GET /wp-content/plugins/real-accessability/images/pause-gray.gif HTTP/1.1" 200 216 "https://webon.org.il/category/home-software/" "Mozilla/5.0 (Linux; Android 9; ONEPLUS A6003) AppleWebKit/537.36 (KHTML, like Gecko) Chrome/72.0.3626.105 Mobile Safari/537.36"
147.234.38.58 - - [26/Feb/2019:01:56:09 +0200] "GET /wp-content/plugins/real-accessability/images/stop-gray.gif HTTP/1.1" 200 216 "https://webon.org.il/category/home-software/" "Mozilla/5.0 (Linux; Android 9; ONEPLUS A6003) AppleWebKit/537.36 (KHTML, like Gecko) Chrome/72.0.3626.105 Mobile Safari/537.36"
147.234.38.58 - - [26/Feb/2019:01:56:09 +0200] "GET /wp-content/plugins/real-accessability/images/user-blue.gif HTTP/1.1" 200 223 "https://webon.org.il/category/home-software/" "Mozilla/5.0 (Linux; Android 9; ONEPLUS A6003) AppleWebKit/537.36 (KHTML, like Gecko) Chrome/72.0.3626.105 Mobile Safari/537.36"
147.234.38.58 - - [26/Feb/2019:01:56:09 +0200] "GET /wp-includes/js/wp-emoji-release.min.js?ver=4.9.9 HTTP/1.1" 200 4039 "https://webon.org.il/category/home-software/" "Mozilla/5.0 (Linux; Android 9; ONEPLUS A6003) AppleWebKit/537.36 (KHTML, like Gecko) Chrome/72.0.3626.105 Mobile Safari/537.36"
147.234.38.58 - - [26/Feb/2019:01:56:09 +0200] "GET /wp-content/uploads/2018/10/working-with-a-laptop-300x200.jpg HTTP/1.1" 200 9478 "https://webon.org.il/category/home-software/" "Mozilla/5.0 (Linux; Android 9; ONEPLUS A6003) AppleWebKit/537.36 (KHTML, like Gecko) Chrome/72.0.3626.105 Mobile Safari/537.36"
147.234.38.58 - - [26/Feb/2019:01:56:09 +0200] "GET /wp-content/uploads/2016/08/dsc-2476-943-300x200.jpg HTTP/1.1" 200 20489 "https://webon.org.il/category/home-software/" "Mozilla/5.0 (Linux; Android 9; ONEPLUS A6003) AppleWebKit/537.36 (KHTML, like Gecko) Chrome/72.0.3626.105 Mobile Safari/537.36"
147.234.38.58 - - [26/Feb/2019:01:56:09 +0200] "GET /wp-content/uploads/2018/10/course-promoation-300x200.jpg HTTP/1.1" 200 14050 "https://webon.org.il/category/home-software/" "Mozilla/5.0 (Linux; Android 9; ONEPLUS A6003) AppleWebKit/537.36 (KHTML, like Gecko) Chrome/72.0.3626.105 Mobile Safari/537.36"
147.234.38.58 - - [26/Feb/2019:01:56:09 +0200] "GET /wp-content/uploads/2018/10/seo-price-300x266.jpg HTTP/1.1" 200 24523 "https://webon.org.il/category/home-software/" "Mozilla/5.0 (Linux; Android 9; ONEPLUS A6003) AppleWebKit/537.36 (KHTML, like Gecko) Chrome/72.0.3626.105 Mobile Safari/537.36"
147.234.38.58 - - [26/Feb/2019:01:56:09 +0200] "GET /wp-content/uploads/2018/10/programmer-300x200.jpg HTTP/1.1" 200 16158 "https://webon.org.il/category/home-software/" "Mozilla/5.0 (Linux; Android 9; ONEPLUS A6003) AppleWebKit/537.36 (KHTML, like Gecko) Chrome/72.0.3626.105 Mobile Safari/537.36"
147.234.38.58 - - [26/Feb/2019:01:56:09 +0200] "GET /wp-content/uploads/2016/08/Questioning-and-answering-249x300.jpg HTTP/1.1" 200 20790 "https://webon.org.il/category/home-software/" "Mozilla/5.0 (Linux; Android 9; ONEPLUS A6003) AppleWebKit/537.36 (KHTML, like Gecko) Chrome/72.0.3626.105 Mobile Safari/537.36"
147.234.38.58 - - [26/Feb/2019:01:56:09 +0200] "GET /wp-content/uploads/2015/01/studying-300x199.jpg HTTP/1.1" 200 14589 "https://webon.org.il/category/home-software/" "Mozilla/5.0 (Linux; Android 9; ONEPLUS A6003) AppleWebKit/537.36 (KHTML, like Gecko) Chrome/72.0.3626.105 Mobile Safari/537.36"
147.234.38.58 - - [26/Feb/2019:01:56:09 +0200] "GET /wp-content/uploads/2015/01/%D7%A4%D7%A8%D7%A1%D7%95%D7%9D-%D7%91%D7%A4%D7%99%D7%99%D7%A1%D7%91%D7%95%D7%A7-300x231.png HTTP/1.1" 200 27574 "https://webon.org.il/category/home-software/" "Mozilla/5.0 (Linux; Android 9; ONEPLUS A6003) AppleWebKit/537.36 (KHTML, like Gecko) Chrome/72.0.3626.105 Mobile Safari/537.36"
147.234.38.58 - - [26/Feb/2019:01:56:09 +0200] "GET /wp-content/uploads/2015/12/Web-References-300x257.jpg HTTP/1.1" 200 41143 "https://webon.org.il/category/home-software/" "Mozilla/5.0 (Linux; Android 9; ONEPLUS A6003) AppleWebKit/537.36 (KHTML, like Gecko) Chrome/72.0.3626.105 Mobile Safari/537.36"
147.234.38.58 - - [26/Feb/2019:01:56:09 +0200] "GET /wp-content/uploads/2016/08/dsc-2476-943-1030x687.jpg HTTP/1.1" 200 133405 "https://webon.org.il/category/home-software/" "Mozilla/5.0 (Linux; Android 9; ONEPLUS A6003) AppleWebKit/537.36 (KHTML, like Gecko) Chrome/72.0.3626.105 Mobile Safari/537.36"
147.234.38.58 - - [26/Feb/2019:01:56:09 +0200] "GET /wp-content/uploads/2016/08/%D7%91%D7%A0%D7%99%D7%99%D7%AA-%D7%90%D7%AA%D7%A8%D7%99%D7%9D-%D7%91%D7%95%D7%95%D7%A8%D7%93%D7%A4%D7%A8%D7%A1.jpg HTTP/1.1" 200 50248 "https://webon.org.il/category/home-software/" "Mozilla/5.0 (Linux; Android 9; ONEPLUS A6003) AppleWebKit/537.36 (KHTML, like Gecko) Chrome/72.0.3626.105 Mobile Safari/537.36"
147.234.38.58 - - [26/Feb/2019:01:56:09 +0200] "GET /wp-content/uploads/Special/footer-business-mobile.jpg HTTP/1.1" 200 166040 "https://webon.org.il/wp-content/themes/twentyseventeen/style.css?ver=4.9.9" "Mozilla/5.0 (Linux; Android 9; ONEPLUS A6003) AppleWebKit/537.36 (KHTML, like Gecko) Chrome/72.0.3626.105 Mobile Safari/537.36"
147.234.38.58 - - [26/Feb/2019:01:56:09 +0200] "GET /wp-content/uploads/2018/08/words-of-seo.jpg; HTTP/1.1" 301 0 "https://webon.org.il/wp-content/themes/twentyseventeen/style.css?ver=4.9.9" "Mozilla/5.0 (Linux; Android 9; ONEPLUS A6003) AppleWebKit/537.36 (KHTML, like Gecko) Chrome/72.0.3626.105 Mobile Safari/537.36"
147.234.38.58 - - [26/Feb/2019:01:56:10 +0200] "GET /wp-content/uploads/2018/08/words-of-seo.jpg HTTP/1.1" 200 169592 "https://webon.org.il/wp-content/themes/twentyseventeen/style.css?ver=4.9.9" "Mozilla/5.0 (Linux; Android 9; ONEPLUS A6003) AppleWebKit/537.36 (KHTML, like Gecko) Chrome/72.0.3626.105 Mobile Safari/537.36"
147.234.38.58 - - [26/Feb/2019:01:56:09 +0200] "GET /category/home-software/ HTTP/1.1" 200 28942 "https://webon.org.il/category/home-software/" "Mozilla/5.0 (Linux; Android 9; ONEPLUS A6003) AppleWebKit/537.36 (KHTML, like Gecko) Chrome/72.0.3626.105 Mobile Safari/537.36"
147.234.38.58 - - [26/Feb/2019:01:56:11 +0200] "GET /wp-content/uploads/Special/webon.ico HTTP/1.1" 200 9662 "https://webon.org.il/category/home-software/" "Mozilla/5.0 (Linux; Android 9; ONEPLUS A6003) AppleWebKit/537.36 (KHTML, like Gecko) Chrome/72.0.3626.105 Mobile Safari/537.36"
66.249.76.92 - - [26/Feb/2019:01:56:34 +0200] "GET /5-mistakes-do-seo/ HTTP/1.1" 200 30903 "-" "Mozilla/5.0 (Linux; Android 6.0.1; Nexus 5X Build/MMB29P) AppleWebKit/537.36 (KHTML, like Gecko) Chrome/41.0.2272.96 Mobile Safari/537.36 (compatible; Googlebot/2.1; +http://www.google.com/bot.html)"
66.249.76.92 - - [26/Feb/2019:01:59:03 +0200] "GET /why-advertising-sites-index-so-important/ HTTP/1.1" 200 30788 "-" "Mozilla/5.0 (Linux; Android 6.0.1; Nexus 5X Build/MMB29P) AppleWebKit/537.36 (KHTML, like Gecko) Chrome/41.0.2272.96 Mobile Safari/537.36 (compatible; Googlebot/2.1; +http://www.google.com/bot.html)"
66.249.76.92 - - [26/Feb/2019:01:59:05 +0200] "GET /5-mistakes-do-seo/amp/ HTTP/1.1" 200 6964 "-" "Mozilla/5.0 (Linux; Android 6.0.1; Nexus 5X Build/MMB29P) AppleWebKit/537.36 (KHTML, like Gecko) Chrome/41.0.2272.96 Mobile Safari/537.36 (compatible; Googlebot/2.1; +http://www.google.com/bot.html)"
207.46.13.160 - - [26/Feb/2019:01:59:59 +0200] "GET /%D7%A7%D7%95%D7%A8%D7%A1-%D7%9E%D7%97%D7%A9%D7%91%D7%99%D7%9D-%D7%91%D7%A8%D7%90%D7%A9%D7%95%D7%9F-%D7%9C%D7%A6%D7%99%D7%95%D7%9F/ HTTP/1.1" 301 0 "-" "Mozilla/5.0 (compatible; bingbot/2.0; +http://www.bing.com/bingbot.htm)"
66.249.76.88 - - [26/Feb/2019:02:01:04 +0200] "GET /wp-includes/js/jquery/jquery.js?ver=1.12.4 HTTP/1.1" 200 32857 "https://webon.org.il/5-mistakes-do-seo/" "Mozilla/5.0 (Linux; Android 6.0.1; Nexus 5X Build/MMB29P) AppleWebKit/537.36 (KHTML, like Gecko) Chrome/41.0.2272.96 Mobile Safari/537.36 (compatible; Googlebot/2.1; +http://www.google.com/bot.html)"
66.249.76.88 - - [26/Feb/2019:02:01:05 +0200] "GET /wp-content/plugins/real-accessability/real-accessability.js?ver=1.0 HTTP/1.1" 200 1922 "https://webon.org.il/5-mistakes-do-seo/" "Mozilla/5.0 (Linux; Android 6.0.1; Nexus 5X Build/MMB29P) AppleWebKit/537.36 (KHTML, like Gecko) Chrome/41.0.2272.96 Mobile Safari/537.36 (compatible; Googlebot/2.1; +http://www.google.com/bot.html)"
66.249.76.88 - - [26/Feb/2019:02:01:05 +0200] "POST /wp-json/wordpress-popular-posts/v1/popular-posts/ HTTP/1.1" 200 43 "https://webon.org.il/5-mistakes-do-seo/" "Mozilla/5.0 (Linux; Android 6.0.1; Nexus 5X Build/MMB29P) AppleWebKit/537.36 (KHTML, like Gecko) Chrome/41.0.2272.96 Mobile Safari/537.36 (compatible; Googlebot/2.1; +http://www.google.com/bot.html)"
66.249.76.90 - - [26/Feb/2019:02:01:34 +0200] "GET /construction-commercial-site/ HTTP/1.1" 200 29037 "-" "Mozilla/5.0 (Linux; Android 6.0.1; Nexus 5X Build/MMB29P) AppleWebKit/537.36 (KHTML, like Gecko) Chrome/41.0.2272.96 Mobile Safari/537.36 (compatible; Googlebot/2.1; +http://www.google.com/bot.html)"
13.57.233.99 - - [26/Feb/2019:02:02:00 +0200] "GET / HTTP/1.1" 301 0 "-" "Mozilla/5.0 (Macintosh; Intel Mac OS X 10_12_6) AppleWebKit/537.36 (KHTML, like Gecko) Chrome/61.0.3163.100 Safari/537.36"
13.57.233.99 - - [26/Feb/2019:02:02:03 +0200] "GET / HTTP/1.1" 200 39570 "https://www.xn-----wldblmkse1bd6ilivi.co.il/" "Mozilla/5.0 (Macintosh; Intel Mac OS X 10_12_6) AppleWebKit/537.36 (KHTML, like Gecko) Chrome/61.0.3163.100 Safari/537.36"
66.249.76.92 - - [26/Feb/2019:02:04:04 +0200] "GET /why-advertising-sites-index-so-important/amp/ HTTP/1.1" 200 6663 "-" "Mozilla/5.0 (Linux; Android 6.0.1; Nexus 5X Build/MMB29P) AppleWebKit/537.36 (KHTML, like Gecko) Chrome/41.0.2272.96 Mobile Safari/537.36 (compatible; Googlebot/2.1; +http://www.google.com/bot.html)"
66.249.76.92 - - [26/Feb/2019:02:04:05 +0200] "GET /about/ HTTP/1.1" 200 23990 "-" "Mozilla/5.0 (Linux; Android 6.0.1; Nexus 5X Build/MMB29P) AppleWebKit/537.36 (KHTML, like Gecko) Chrome/41.0.2272.96 Mobile Safari/537.36 (compatible; Googlebot/2.1; +http://www.google.com/bot.html)"
66.249.76.88 - - [26/Feb/2019:02:04:09 +0200] "POST /wp-json/wordpress-popular-posts/v1/popular-posts/ HTTP/1.1" 200 43 "https://webon.org.il/why-advertising-sites-index-so-important/" "Mozilla/5.0 (Linux; Android 6.0.1; Nexus 5X Build/MMB29P) AppleWebKit/537.36 (KHTML, like Gecko) Chrome/41.0.2272.96 Mobile Safari/537.36 (compatible; Googlebot/2.1; +http://www.google.com/bot.html)"
66.249.76.88 - - [26/Feb/2019:02:04:14 +0200] "POST /wp-json/wordpress-popular-posts/v1/popular-posts/ HTTP/1.1" 200 43 "https://webon.org.il/about/" "Mozilla/5.0 (Linux; Android 6.0.1; Nexus 5X Build/MMB29P) AppleWebKit/537.36 (KHTML, like Gecko) Chrome/41.0.2272.96 Mobile Safari/537.36 (compatible; Googlebot/2.1; +http://www.google.com/bot.html)"
40.77.167.154 - - [26/Feb/2019:02:06:24 +0200] "GET /wp-content/plugins/post-grid/assets/frontend/js/owl.carousel.min.js?ver=4.9.9 HTTP/1.1" 200 13238 "-" "Mozilla/5.0 (compatible; bingbot/2.0; +http://www.bing.com/bingbot.htm)"
40.77.167.154 - - [26/Feb/2019:02:06:25 +0200] "GET /wp-content/plugins/keyword-position-checker/js/kpc_ajax.js?ver=4.9.9 HTTP/1.1" 200 415 "-" "Mozilla/5.0 (compatible; bingbot/2.0; +http://www.bing.com/bingbot.htm)"
40.77.167.154 - - [26/Feb/2019:02:06:25 +0200] "GET /wp-content/themes/twentyseventeen/assets/js/jquery.scrollTo.js?ver=2.1.2 HTTP/1.1" 200 2625 "-" "Mozilla/5.0 (compatible; bingbot/2.0; +http://www.bing.com/bingbot.htm)"
207.46.13.160 - - [26/Feb/2019:02:06:28 +0200] "GET /wp-includes/js/masonry.min.js?ver=3.3.2 HTTP/1.1" 200 9984 "-" "Mozilla/5.0 (compatible; bingbot/2.0; +http://www.bing.com/bingbot.htm)"
207.46.13.160 - - [26/Feb/2019:02:06:28 +0200] "GET /wp-content/plugins/real-accessability/real-accessability.js?ver=1.0 HTTP/1.1" 200 2379 "-" "Mozilla/5.0 (compatible; bingbot/2.0; +http://www.bing.com/bingbot.htm)"
207.46.13.200 - - [26/Feb/2019:02:06:33 +0200] "GET /wp-content/plugins/keyword-position-checker/js/jquery.validate.min.js?ver=4.9.9 HTTP/1.1" 200 7285 "-" "Mozilla/5.0 (compatible; bingbot/2.0; +http://www.bing.com/bingbot.htm)"
207.46.13.200 - - [26/Feb/2019:02:06:33 +0200] "GET /wp-content/plugins/contact-form-7/includes/js/scripts.js?ver=5.0.4 HTTP/1.1" 200 4781 "-" "Mozilla/5.0 (compatible; bingbot/2.0; +http://www.bing.com/bingbot.htm)"
207.46.13.200 - - [26/Feb/2019:02:06:33 +0200] "GET /wp-content/plugins/jquery-t-countdown-widget/js/jquery.t-countdown.js?ver=2.4.0 HTTP/1.1" 200 3254 "-" "Mozilla/5.0 (compatible; bingbot/2.0; +http://www.bing.com/bingbot.htm)"
207.46.13.200 - - [26/Feb/2019:02:06:33 +0200] "GET /wp-includes/js/jquery/jquery.masonry.min.js?ver=3.1.2b HTTP/1.1" 200 747 "-" "Mozilla/5.0 (compatible; bingbot/2.0; +http://www.bing.com/bingbot.htm)"
207.46.13.200 - - [26/Feb/2019:02:06:34 +0200] "GET /wp-content/themes/twentyseventeen/assets/js/skip-link-focus-fix.js?ver=1.0 HTTP/1.1" 200 425 "-" "Mozilla/5.0 (compatible; bingbot/2.0; +http://www.bing.com/bingbot.htm)"
207.46.13.200 - - [26/Feb/2019:02:06:34 +0200] "GET /wp-content/themes/twentyseventeen/assets/js/global.js?ver=1.0 HTTP/1.1" 200 2932 "-" "Mozilla/5.0 (compatible; bingbot/2.0; +http://www.bing.com/bingbot.htm)"
66.249.76.90 - - [26/Feb/2019:02:06:36 +0200] "GET /about/ HTTP/1.1" 200 23991 "-" "Mozilla/5.0 (Linux; Android 6.0.1; Nexus 5X Build/MMB29P) AppleWebKit/537.36 (KHTML, like Gecko) Chrome/41.0.2272.96 Mobile Safari/537.36 (compatible; Googlebot/2.1; +http://www.google.com/bot.html)"
66.249.76.88 - - [26/Feb/2019:02:06:38 +0200] "GET /construction-commercial-site/amp/ HTTP/1.1" 200 5085 "-" "Mozilla/5.0 (Linux; Android 6.0.1; Nexus 5X Build/MMB29P) AppleWebKit/537.36 (KHTML, like Gecko) Chrome/41.0.2272.96 Mobile Safari/537.36 (compatible; Googlebot/2.1; +http://www.google.com/bot.html)"
66.249.76.90 - - [26/Feb/2019:02:06:47 +0200] "POST /wp-json/wordpress-popular-posts/v1/popular-posts/ HTTP/1.1" 200 43 "https://webon.org.il/construction-commercial-site/" "Mozilla/5.0 (Linux; Android 6.0.1; Nexus 5X Build/MMB29P) AppleWebKit/537.36 (KHTML, like Gecko) Chrome/41.0.2272.96 Mobile Safari/537.36 (compatible; Googlebot/2.1; +http://www.google.com/bot.html)"
66.249.64.152 - - [26/Feb/2019:02:09:07 +0200] "GET /a-tool-for-testing-competitors-on-the-internet/ HTTP/1.1" 200 29221 "-" "Mozilla/5.0 (Linux; Android 6.0.1; Nexus 5X Build/MMB29P) AppleWebKit/537.36 (KHTML, like Gecko) Chrome/41.0.2272.96 Mobile Safari/537.36 (compatible; Googlebot/2.1; +http://www.google.com/bot.html)"
66.249.76.92 - - [26/Feb/2019:02:11:38 +0200] "GET /duplicate-content/ HTTP/1.1" 200 28893 "-" "Mozilla/5.0 (Linux; Android 6.0.1; Nexus 5X Build/MMB29P) AppleWebKit/537.36 (KHTML, like Gecko) Chrome/41.0.2272.96 Mobile Safari/537.36 (compatible; Googlebot/2.1; +http://www.google.com/bot.html)"
66.249.76.88 - - [26/Feb/2019:02:14:04 +0200] "GET /a-tool-for-testing-competitors-on-the-internet/amp/ HTTP/1.1" 200 5401 "-" "Mozilla/5.0 (Linux; Android 6.0.1; Nexus 5X Build/MMB29P) AppleWebKit/537.36 (KHTML, like Gecko) Chrome/41.0.2272.96 Mobile Safari/537.36 (compatible; Googlebot/2.1; +http://www.google.com/bot.html)"
66.249.76.88 - - [26/Feb/2019:02:14:09 +0200] "GET /seo-studies/ HTTP/1.1" 200 28991 "-" "Mozilla/5.0 (Linux; Android 6.0.1; Nexus 5X Build/MMB29P) AppleWebKit/537.36 (KHTML, like Gecko) Chrome/41.0.2272.96 Mobile Safari/537.36 (compatible; Googlebot/2.1; +http://www.google.com/bot.html)"
66.249.76.88 - - [26/Feb/2019:02:14:11 +0200] "POST /wp-json/wordpress-popular-posts/v1/popular-posts/ HTTP/1.1" 200 43 "https://webon.org.il/a-tool-for-testing-competitors-on-the-internet/" "Mozilla/5.0 (Linux; Android 6.0.1; Nexus 5X Build/MMB29P) AppleWebKit/537.36 (KHTML, like Gecko) Chrome/41.0.2272.96 Mobile Safari/537.36 (compatible; Googlebot/2.1; +http://www.google.com/bot.html)"
157.55.39.187 - - [26/Feb/2019:02:14:56 +0200] "GET /%d7%97%d7%91%d7%99%d7%9c%d7%95%d7%aa/ HTTP/1.1" 404 26491 "-" "Mozilla/5.0 (compatible; bingbot/2.0; +http://www.bing.com/bingbot.htm)"
66.249.76.92 - - [26/Feb/2019:02:16:41 +0200] "GET /seo-studies/amp/ HTTP/1.1" 200 5219 "-" "Mozilla/5.0 (Linux; Android 6.0.1; Nexus 5X Build/MMB29P) AppleWebKit/537.36 (KHTML, like Gecko) Chrome/41.0.2272.96 Mobile Safari/537.36 (compatible; Googlebot/2.1; +http://www.google.com/bot.html)"
66.249.76.90 - - [26/Feb/2019:02:16:40 +0200] "GET /questions/question/%D7%91%D7%90%D7%92%D7%99%D7%9D-%D7%91%D7%90%D7%AA%D7%A8-%D7%94%D7%97%D7%91%D7%A8%D7%94/ HTTP/1.1" 200 25965 "-" "Mozilla/5.0 (Linux; Android 6.0.1; Nexus 5X Build/MMB29P) AppleWebKit/537.36 (KHTML, like Gecko) Chrome/41.0.2272.96 Mobile Safari/537.36 (compatible; Googlebot/2.1; +http://www.google.com/bot.html)"
66.249.76.90 - - [26/Feb/2019:02:16:45 +0200] "POST /wp-json/wordpress-popular-posts/v1/popular-posts/ HTTP/1.1" 200 43 "https://webon.org.il/questions/question/%D7%91%D7%90%D7%92%D7%99%D7%9D-%D7%91%D7%90%D7%AA%D7%A8-%D7%94%D7%97%D7%91%D7%A8%D7%94/" "Mozilla/5.0 (Linux; Android 6.0.1; Nexus 5X Build/MMB29P) AppleWebKit/537.36 (KHTML, like Gecko) Chrome/41.0.2272.96 Mobile Safari/537.36 (compatible; Googlebot/2.1; +http://www.google.com/bot.html)"
66.249.76.90 - - [26/Feb/2019:02:17:28 +0200] "POST /wp-json/wordpress-popular-posts/v1/popular-posts/ HTTP/1.1" 200 43 "https://webon.org.il/seo-studies/" "Mozilla/5.0 (Linux; Android 6.0.1; Nexus 5X Build/MMB29P) AppleWebKit/537.36 (KHTML, like Gecko) Chrome/41.0.2272.96 Mobile Safari/537.36 (compatible; Googlebot/2.1; +http://www.google.com/bot.html)"
66.249.76.88 - - [26/Feb/2019:02:19:04 +0200] "GET /duplicate-content/amp/ HTTP/1.1" 200 5053 "-" "Mozilla/5.0 (Linux; Android 6.0.1; Nexus 5X Build/MMB29P) AppleWebKit/537.36 (KHTML, like Gecko) Chrome/41.0.2272.96 Mobile Safari/537.36 (compatible; Googlebot/2.1; +http://www.google.com/bot.html)"
66.249.76.88 - - [26/Feb/2019:02:19:10 +0200] "POST /wp-json/wordpress-popular-posts/v1/popular-posts/ HTTP/1.1" 200 43 "https://webon.org.il/duplicate-content/" "Mozilla/5.0 (Linux; Android 6.0.1; Nexus 5X Build/MMB29P) AppleWebKit/537.36 (KHTML, like Gecko) Chrome/41.0.2272.96 Mobile Safari/537.36 (compatible; Googlebot/2.1; +http://www.google.com/bot.html)"
66.249.76.83 - - [26/Feb/2019:02:19:14 +0200] "GET /robots.txt HTTP/1.1" 200 69 "-" "Mozilla/5.0 (compatible; Googlebot/2.1; +http://www.google.com/bot.html)"
66.249.76.87 - - [26/Feb/2019:02:19:14 +0200] "GET / HTTP/1.1" 301 0 "-" "Mozilla/5.0 (compatible; Googlebot/2.1; +http://www.google.com/bot.html)"
66.249.76.88 - - [26/Feb/2019:02:19:16 +0200] "GET / HTTP/1.1" 200 33380 "-" "Mozilla/5.0 (compatible; Googlebot/2.1; +http://www.google.com/bot.html)"
66.249.76.88 - - [26/Feb/2019:02:21:45 +0200] "GET /sitemap-pt-answer-2016-03.xml HTTP/1.1" 200 1296 "-" "Mozilla/5.0 (compatible; Googlebot/2.1; +http://www.google.com/bot.html)"
66.249.76.90 - - [26/Feb/2019:02:24:13 +0200] "GET /building-software/ HTTP/1.1" 200 28504 "-" "Mozilla/5.0 (Linux; Android 6.0.1; Nexus 5X Build/MMB29P) AppleWebKit/537.36 (KHTML, like Gecko) Chrome/41.0.2272.96 Mobile Safari/537.36 (compatible; Googlebot/2.1; +http://www.google.com/bot.html)"
185.56.75.220 - - [26/Feb/2019:02:28:38 +0200] "POST /wp-cron.php?doing_wp_cron=1551140918.1446900367736816406250 HTTP/1.1" 200 0 "https://webon.org.il/wp-cron.php?doing_wp_cron=1551140918.1446900367736816406250" "WordPress/4.9.9; https://webon.org.il"
5.45.207.16 - - [26/Feb/2019:02:28:37 +0200] "GET /site-articles/lawyers/ HTTP/1.1" 200 30102 "-" "Mozilla/5.0 (compatible; YandexBot/3.0; +http://yandex.com/bots)"
66.249.76.90 - - [26/Feb/2019:02:29:04 +0200] "GET /building-software/amp/ HTTP/1.1" 200 4762 "-" "Mozilla/5.0 (Linux; Android 6.0.1; Nexus 5X Build/MMB29P) AppleWebKit/537.36 (KHTML, like Gecko) Chrome/41.0.2272.96 Mobile Safari/537.36 (compatible; Googlebot/2.1; +http://www.google.com/bot.html)"
66.249.76.88 - - [26/Feb/2019:02:29:15 +0200] "POST /wp-json/wordpress-popular-posts/v1/popular-posts/ HTTP/1.1" 200 43 "https://webon.org.il/building-software/" "Mozilla/5.0 (Linux; Android 6.0.1; Nexus 5X Build/MMB29P) AppleWebKit/537.36 (KHTML, like Gecko) Chrome/41.0.2272.96 Mobile Safari/537.36 (compatible; Googlebot/2.1; +http://www.google.com/bot.html)"
66.249.76.90 - - [26/Feb/2019:02:29:15 +0200] "GET /contact-us/ HTTP/1.1" 200 24250 "-" "Mozilla/5.0 (Linux; Android 6.0.1; Nexus 5X Build/MMB29P) AppleWebKit/537.36 (KHTML, like Gecko) Chrome/41.0.2272.96 Mobile Safari/537.36 (compatible; Googlebot/2.1; +http://www.google.com/bot.html)"
66.249.76.88 - - [26/Feb/2019:02:29:30 +0200] "POST /wp-json/wordpress-popular-posts/v1/popular-posts/ HTTP/1.1" 200 43 "https://webon.org.il/contact-us/" "Mozilla/5.0 (Linux; Android 6.0.1; Nexus 5X Build/MMB29P) AppleWebKit/537.36 (KHTML, like Gecko) Chrome/41.0.2272.96 Mobile Safari/537.36 (compatible; Googlebot/2.1; +http://www.google.com/bot.html)"
185.56.75.220 - - [26/Feb/2019:02:31:47 +0200] "POST /wp-cron.php?doing_wp_cron=1551141107.9315359592437744140625 HTTP/1.1" 200 0 "https://webon.org.il/wp-cron.php?doing_wp_cron=1551141107.9315359592437744140625" "WordPress/4.9.9; https://webon.org.il"
66.249.76.90 - - [26/Feb/2019:02:31:46 +0200] "GET /google-brain-rank/ HTTP/1.1" 200 31197 "-" "Mozilla/5.0 (Linux; Android 6.0.1; Nexus 5X Build/MMB29P) AppleWebKit/537.36 (KHTML, like Gecko) Chrome/41.0.2272.96 Mobile Safari/537.36 (compatible; Googlebot/2.1; +http://www.google.com/bot.html)"
207.180.241.15 - - [26/Feb/2019:02:33:19 +0200] "GET /robots.txt HTTP/1.1" 200 69 "-" "Mozilla/5.0 (compatible; MJ12bot/v1.4.8; http://mj12bot.com/)"
207.180.241.15 - - [26/Feb/2019:02:33:28 +0200] "GET /contact-us/ HTTP/1.1" 200 82579 "-" "Mozilla/5.0 (compatible; MJ12bot/v1.4.8; http://mj12bot.com/)"
207.180.241.15 - - [26/Feb/2019:02:33:41 +0200] "GET // HTTP/1.1" 200 39697 "-" "Mozilla/5.0 (compatible; MJ12bot/v1.4.8; http://mj12bot.com/)"
66.249.76.88 - - [26/Feb/2019:02:34:04 +0200] "GET /google-brain-rank/amp/ HTTP/1.1" 200 7215 "-" "Mozilla/5.0 (Linux; Android 6.0.1; Nexus 5X Build/MMB29P) AppleWebKit/537.36 (KHTML, like Gecko) Chrome/41.0.2272.96 Mobile Safari/537.36 (compatible; Googlebot/2.1; +http://www.google.com/bot.html)"
66.249.76.88 - - [26/Feb/2019:02:34:08 +0200] "POST /wp-json/wordpress-popular-posts/v1/popular-posts/ HTTP/1.1" 200 43 "https://webon.org.il/google-brain-rank/" "Mozilla/5.0 (Linux; Android 6.0.1; Nexus 5X Build/MMB29P) AppleWebKit/537.36 (KHTML, like Gecko) Chrome/41.0.2272.96 Mobile Safari/537.36 (compatible; Googlebot/2.1; +http://www.google.com/bot.html)"
66.249.76.88 - - [26/Feb/2019:02:34:18 +0200] "GET /site-articles/%D7%A4%D7%A2%D7%99%D7%9C%D7%95%D7%99%D7%95%D7%AA/ HTTP/1.1" 200 26095 "-" "Mozilla/5.0 (Linux; Android 6.0.1; Nexus 5X Build/MMB29P) AppleWebKit/537.36 (KHTML, like Gecko) Chrome/41.0.2272.96 Mobile Safari/537.36 (compatible; Googlebot/2.1; +http://www.google.com/bot.html)"
66.249.76.88 - - [26/Feb/2019:02:36:49 +0200] "GET /category/coursim/ HTTP/1.1" 200 26418 "-" "Mozilla/5.0 (Linux; Android 6.0.1; Nexus 5X Build/MMB29P) AppleWebKit/537.36 (KHTML, like Gecko) Chrome/41.0.2272.96 Mobile Safari/537.36 (compatible; Googlebot/2.1; +http://www.google.com/bot.html)"
207.46.13.200 - - [26/Feb/2019:02:37:26 +0200] "GET /home-software/ HTTP/1.1" 404 26491 "-" "Mozilla/5.0 (compatible; bingbot/2.0; +http://www.bing.com/bingbot.htm)"
66.249.76.90 - - [26/Feb/2019:02:39:04 +0200] "GET /site-articles/%D7%A4%D7%A2%D7%99%D7%9C%D7%95%D7%99%D7%95%D7%AA/?amp HTTP/1.1" 200 4797 "-" "Mozilla/5.0 (Linux; Android 6.0.1; Nexus 5X Build/MMB29P) AppleWebKit/537.36 (KHTML, like Gecko) Chrome/41.0.2272.96 Mobile Safari/537.36 (compatible; Googlebot/2.1; +http://www.google.com/bot.html)"
66.249.76.90 - - [26/Feb/2019:02:39:20 +0200] "GET /responsive-sites/ HTTP/1.1" 200 29141 "-" "Mozilla/5.0 (Linux; Android 6.0.1; Nexus 5X Build/MMB29P) AppleWebKit/537.36 (KHTML, like Gecko) Chrome/41.0.2272.96 Mobile Safari/537.36 (compatible; Googlebot/2.1; +http://www.google.com/bot.html)"
66.249.76.88 - - [26/Feb/2019:02:39:21 +0200] "POST /wp-json/wordpress-popular-posts/v1/popular-posts/ HTTP/1.1" 200 43 "https://webon.org.il/site-articles/%D7%A4%D7%A2%D7%99%D7%9C%D7%95%D7%99%D7%95%D7%AA/" "Mozilla/5.0 (Linux; Android 6.0.1; Nexus 5X Build/MMB29P) AppleWebKit/537.36 (KHTML, like Gecko) Chrome/41.0.2272.96 Mobile Safari/537.36 (compatible; Googlebot/2.1; +http://www.google.com/bot.html)"
66.249.76.92 - - [26/Feb/2019:02:40:35 +0200] "GET /responsive-sites/amp/ HTTP/1.1" 200 5178 "-" "Mozilla/5.0 (Linux; Android 6.0.1; Nexus 5X Build/MMB29P) AppleWebKit/537.36 (KHTML, like Gecko) Chrome/41.0.2272.96 Mobile Safari/537.36 (compatible; Googlebot/2.1; +http://www.google.com/bot.html)"
66.249.76.88 - - [26/Feb/2019:02:40:44 +0200] "POST /wp-json/wordpress-popular-posts/v1/popular-posts/ HTTP/1.1" 200 43 "https://webon.org.il/responsive-sites/" "Mozilla/5.0 (Linux; Android 6.0.1; Nexus 5X Build/MMB29P) AppleWebKit/537.36 (KHTML, like Gecko) Chrome/41.0.2272.96 Mobile Safari/537.36 (compatible; Googlebot/2.1; +http://www.google.com/bot.html)"
66.249.76.88 - - [26/Feb/2019:02:41:51 +0200] "GET /questions/question/%D7%90%D7%99%D7%9A-%D7%9C%D7%A7%D7%93%D7%9D-%D7%90%D7%AA%D7%A8-%D7%91%D7%A4%D7%99%D7%99%D7%A1%D7%91%D7%95%D7%A7/ HTTP/1.1" 200 26904 "-" "Mozilla/5.0 (Linux; Android 6.0.1; Nexus 5X Build/MMB29P) AppleWebKit/537.36 (KHTML, like Gecko) Chrome/41.0.2272.96 Mobile Safari/537.36 (compatible; Googlebot/2.1; +http://www.google.com/bot.html)"
66.249.76.92 - - [26/Feb/2019:02:41:54 +0200] "POST /wp-json/wordpress-popular-posts/v1/popular-posts/ HTTP/1.1" 200 43 "https://webon.org.il/questions/question/%D7%90%D7%99%D7%9A-%D7%9C%D7%A7%D7%93%D7%9D-%D7%90%D7%AA%D7%A8-%D7%91%D7%A4%D7%99%D7%99%D7%A1%D7%91%D7%95%D7%A7/" "Mozilla/5.0 (Linux; Android 6.0.1; Nexus 5X Build/MMB29P) AppleWebKit/537.36 (KHTML, like Gecko) Chrome/41.0.2272.96 Mobile Safari/537.36 (compatible; Googlebot/2.1; +http://www.google.com/bot.html)"
66.249.76.92 - - [26/Feb/2019:02:44:22 +0200] "GET /questions/question/%D7%9B%D7%95%D7%AA%D7%A8%D7%AA-title/ HTTP/1.1" 200 25994 "-" "Mozilla/5.0 (Linux; Android 6.0.1; Nexus 5X Build/MMB29P) AppleWebKit/537.36 (KHTML, like Gecko) Chrome/41.0.2272.96 Mobile Safari/537.36 (compatible; Googlebot/2.1; +http://www.google.com/bot.html)"
66.249.76.90 - - [26/Feb/2019:02:44:26 +0200] "POST /wp-json/wordpress-popular-posts/v1/popular-posts/ HTTP/1.1" 200 43 "https://webon.org.il/questions/question/%D7%9B%D7%95%D7%AA%D7%A8%D7%AA-title/" "Mozilla/5.0 (Linux; Android 6.0.1; Nexus 5X Build/MMB29P) AppleWebKit/537.36 (KHTML, like Gecko) Chrome/41.0.2272.96 Mobile Safari/537.36 (compatible; Googlebot/2.1; +http://www.google.com/bot.html)"
66.249.76.92 - - [26/Feb/2019:02:46:53 +0200] "GET /questions/question/%D7%91%D7%97%D7%99%D7%A8%D7%AA-%D7%9E%D7%99%D7%9C%D7%95%D7%AA-%D7%9E%D7%A4%D7%AA%D7%97/ HTTP/1.1" 200 26060 "-" "Mozilla/5.0 (Linux; Android 6.0.1; Nexus 5X Build/MMB29P) AppleWebKit/537.36 (KHTML, like Gecko) Chrome/41.0.2272.96 Mobile Safari/537.36 (compatible; Googlebot/2.1; +http://www.google.com/bot.html)"
66.249.76.88 - - [26/Feb/2019:02:46:57 +0200] "POST /wp-json/wordpress-popular-posts/v1/popular-posts/ HTTP/1.1" 200 43 "https://webon.org.il/questions/question/%D7%91%D7%97%D7%99%D7%A8%D7%AA-%D7%9E%D7%99%D7%9C%D7%95%D7%AA-%D7%9E%D7%A4%D7%AA%D7%97/" "Mozilla/5.0 (Linux; Android 6.0.1; Nexus 5X Build/MMB29P) AppleWebKit/537.36 (KHTML, like Gecko) Chrome/41.0.2272.96 Mobile Safari/537.36 (compatible; Googlebot/2.1; +http://www.google.com/bot.html)"
66.249.76.92 - - [26/Feb/2019:02:49:24 +0200] "GET /mobile-site-matching/ HTTP/1.1" 200 29230 "-" "Mozilla/5.0 (Linux; Android 6.0.1; Nexus 5X Build/MMB29P) AppleWebKit/537.36 (KHTML, like Gecko) Chrome/41.0.2272.96 Mobile Safari/537.36 (compatible; Googlebot/2.1; +http://www.google.com/bot.html)"
66.249.76.88 - - [26/Feb/2019:02:51:55 +0200] "GET /category/seo-course/ HTTP/1.1" 200 30277 "-" "Mozilla/5.0 (Linux; Android 6.0.1; Nexus 5X Build/MMB29P) AppleWebKit/537.36 (KHTML, like Gecko) Chrome/41.0.2272.96 Mobile Safari/537.36 (compatible; Googlebot/2.1; +http://www.google.com/bot.html)"
66.249.76.88 - - [26/Feb/2019:02:54:03 +0200] "GET /mobile-site-matching/amp/ HTTP/1.1" 200 5335 "-" "Mozilla/5.0 (Linux; Android 6.0.1; Nexus 5X Build/MMB29P) AppleWebKit/537.36 (KHTML, like Gecko) Chrome/41.0.2272.96 Mobile Safari/537.36 (compatible; Googlebot/2.1; +http://www.google.com/bot.html)"
66.249.76.90 - - [26/Feb/2019:02:54:10 +0200] "POST /wp-json/wordpress-popular-posts/v1/popular-posts/ HTTP/1.1" 200 43 "https://webon.org.il/mobile-site-matching/" "Mozilla/5.0 (Linux; Android 6.0.1; Nexus 5X Build/MMB29P) AppleWebKit/537.36 (KHTML, like Gecko) Chrome/41.0.2272.96 Mobile Safari/537.36 (compatible; Googlebot/2.1; +http://www.google.com/bot.html)"
66.249.76.88 - - [26/Feb/2019:02:54:26 +0200] "GET /tagging-images/ HTTP/1.1" 200 28979 "-" "Mozilla/5.0 (Linux; Android 6.0.1; Nexus 5X Build/MMB29P) AppleWebKit/537.36 (KHTML, like Gecko) Chrome/41.0.2272.96 Mobile Safari/537.36 (compatible; Googlebot/2.1; +http://www.google.com/bot.html)"
66.249.76.88 - - [26/Feb/2019:02:56:57 +0200] "GET /free-seo-course/ HTTP/1.1" 200 29602 "-" "Mozilla/5.0 (Linux; Android 6.0.1; Nexus 5X Build/MMB29P) AppleWebKit/537.36 (KHTML, like Gecko) Chrome/41.0.2272.96 Mobile Safari/537.36 (compatible; Googlebot/2.1; +http://www.google.com/bot.html)"
66.249.76.90 - - [26/Feb/2019:02:57:33 +0200] "POST /wp-json/wordpress-popular-posts/v1/popular-posts/ HTTP/1.1" 200 43 "https://webon.org.il/free-seo-course/" "Mozilla/5.0 (Linux; Android 6.0.1; Nexus 5X Build/MMB29P) AppleWebKit/537.36 (KHTML, like Gecko) Chrome/41.0.2272.96 Mobile Safari/537.36 (compatible; Googlebot/2.1; +http://www.google.com/bot.html)"
66.249.76.88 - - [26/Feb/2019:02:59:03 +0200] "GET /tagging-images/amp/ HTTP/1.1" 200 5060 "-" "Mozilla/5.0 (Linux; Android 6.0.1; Nexus 5X Build/MMB29P) AppleWebKit/537.36 (KHTML, like Gecko) Chrome/41.0.2272.96 Mobile Safari/537.36 (compatible; Googlebot/2.1; +http://www.google.com/bot.html)"
66.249.76.88 - - [26/Feb/2019:02:59:11 +0200] "POST /wp-json/wordpress-popular-posts/v1/popular-posts/ HTTP/1.1" 200 43 "https://webon.org.il/tagging-images/" "Mozilla/5.0 (Linux; Android 6.0.1; Nexus 5X Build/MMB29P) AppleWebKit/537.36 (KHTML, like Gecko) Chrome/41.0.2272.96 Mobile Safari/537.36 (compatible; Googlebot/2.1; +http://www.google.com/bot.html)"
66.249.76.88 - - [26/Feb/2019:02:59:28 +0200] "GET /change-the-address-on-facebook/ HTTP/1.1" 200 28716 "-" "Mozilla/5.0 (Linux; Android 6.0.1; Nexus 5X Build/MMB29P) AppleWebKit/537.36 (KHTML, like Gecko) Chrome/41.0.2272.96 Mobile Safari/537.36 (compatible; Googlebot/2.1; +http://www.google.com/bot.html)"
52.53.201.78 - - [26/Feb/2019:03:01:22 +0200] "GET / HTTP/1.1" 301 0 "http://www.webon.org.il/" "Mozilla/5.0 (Macintosh; Intel Mac OS X 10_12_6) AppleWebKit/537.36 (KHTML, like Gecko) Chrome/61.0.3163.100 Safari/537.36"
52.53.201.78 - - [26/Feb/2019:03:01:25 +0200] "GET / HTTP/1.1" 200 39572 "https://www.webon.org.il/" "Mozilla/5.0 (Macintosh; Intel Mac OS X 10_12_6) AppleWebKit/537.36 (KHTML, like Gecko) Chrome/61.0.3163.100 Safari/537.36"
66.249.76.92 - - [26/Feb/2019:03:01:59 +0200] "GET /global/ HTTP/1.1" 200 28552 "-" "Mozilla/5.0 (Linux; Android 6.0.1; Nexus 5X Build/MMB29P) AppleWebKit/537.36 (KHTML, like Gecko) Chrome/41.0.2272.96 Mobile Safari/537.36 (compatible; Googlebot/2.1; +http://www.google.com/bot.html)"
66.249.76.88 - - [26/Feb/2019:03:04:03 +0200] "GET /change-the-address-on-facebook/amp/ HTTP/1.1" 200 4975 "-" "Mozilla/5.0 (Linux; Android 6.0.1; Nexus 5X Build/MMB29P) AppleWebKit/537.36 (KHTML, like Gecko) Chrome/41.0.2272.96 Mobile Safari/537.36 (compatible; Googlebot/2.1; +http://www.google.com/bot.html)"
66.249.76.90 - - [26/Feb/2019:03:04:19 +0200] "POST /wp-json/wordpress-popular-posts/v1/popular-posts/ HTTP/1.1" 200 43 "https://webon.org.il/change-the-address-on-facebook/" "Mozilla/5.0 (Linux; Android 6.0.1; Nexus 5X Build/MMB29P) AppleWebKit/537.36 (KHTML, like Gecko) Chrome/41.0.2272.96 Mobile Safari/537.36 (compatible; Googlebot/2.1; +http://www.google.com/bot.html)"
66.249.76.88 - - [26/Feb/2019:03:04:30 +0200] "GET /organic-seo/ HTTP/1.1" 200 31377 "-" "Mozilla/5.0 (Linux; Android 6.0.1; Nexus 5X Build/MMB29P) AppleWebKit/537.36 (KHTML, like Gecko) Chrome/41.0.2272.96 Mobile Safari/537.36 (compatible; Googlebot/2.1; +http://www.google.com/bot.html)"
66.249.76.90 - - [26/Feb/2019:03:05:33 +0200] "GET /organic-seo/amp/ HTTP/1.1" 200 7767 "-" "Mozilla/5.0 (Linux; Android 6.0.1; Nexus 5X Build/MMB29P) AppleWebKit/537.36 (KHTML, like Gecko) Chrome/41.0.2272.96 Mobile Safari/537.36 (compatible; Googlebot/2.1; +http://www.google.com/bot.html)"
66.249.76.90 - - [26/Feb/2019:03:05:43 +0200] "POST /wp-json/wordpress-popular-posts/v1/popular-posts/ HTTP/1.1" 200 43 "https://webon.org.il/organic-seo/" "Mozilla/5.0 (Linux; Android 6.0.1; Nexus 5X Build/MMB29P) AppleWebKit/537.36 (KHTML, like Gecko) Chrome/41.0.2272.96 Mobile Safari/537.36 (compatible; Googlebot/2.1; +http://www.google.com/bot.html)"
66.249.76.92 - - [26/Feb/2019:03:07:01 +0200] "GET /questions/question/%D7%91%D7%93%D7%99%D7%A7%D7%AA-%D7%AA%D7%95%D7%9B%D7%9F-%D7%9E%D7%A9%D7%95%D7%9B%D7%A4%D7%9C-%D7%91%D7%90%D7%AA%D7%A8%D7%99-%D7%90%D7%99%D7%A0%D7%98%D7%A8%D7%A0%D7%98/ HTTP/1.1" 200 26257 "-" "Mozilla/5.0 (Linux; Android 6.0.1; Nexus 5X Build/MMB29P) AppleWebKit/537.36 (KHTML, like Gecko) Chrome/41.0.2272.96 Mobile Safari/537.36 (compatible; Googlebot/2.1; +http://www.google.com/bot.html)"
66.249.76.90 - - [26/Feb/2019:03:07:13 +0200] "POST /wp-json/wordpress-popular-posts/v1/popular-posts/ HTTP/1.1" 200 43 "https://webon.org.il/questions/question/%D7%91%D7%93%D7%99%D7%A7%D7%AA-%D7%AA%D7%95%D7%9B%D7%9F-%D7%9E%D7%A9%D7%95%D7%9B%D7%A4%D7%9C-%D7%91%D7%90%D7%AA%D7%A8%D7%99-%D7%90%D7%99%D7%A0%D7%98%D7%A8%D7%A0%D7%98/" "Mozilla/5.0 (Linux; Android 6.0.1; Nexus 5X Build/MMB29P) AppleWebKit/537.36 (KHTML, like Gecko) Chrome/41.0.2272.96 Mobile Safari/537.36 (compatible; Googlebot/2.1; +http://www.google.com/bot.html)"
207.46.13.26 - - [26/Feb/2019:03:08:00 +0200] "GET /wp-content/plugins/post-grid/assets/frontend/js/scripts.js?ver=4.9.9 HTTP/1.1" 200 1116 "-" "Mozilla/5.0 (compatible; bingbot/2.0; +http://www.bing.com/bingbot.htm)"
207.46.13.26 - - [26/Feb/2019:03:08:01 +0200] "GET /wp-content/plugins/wordpress-popular-posts/public/js/wpp-4.2.0.min.js?ver=4.2.0 HTTP/1.1" 200 593 "-" "Mozilla/5.0 (compatible; bingbot/2.0; +http://www.bing.com/bingbot.htm)"
207.46.13.26 - - [26/Feb/2019:03:08:01 +0200] "GET /wp-content/themes/twentyseventeen/js/use-seo.js HTTP/1.1" 200 432 "-" "Mozilla/5.0 (compatible; bingbot/2.0; +http://www.bing.com/bingbot.htm)"
207.46.13.26 - - [26/Feb/2019:03:08:01 +0200] "GET /wp-includes/js/imagesloaded.min.js?ver=3.2.0 HTTP/1.1" 200 2777 "-" "Mozilla/5.0 (compatible; bingbot/2.0; +http://www.bing.com/bingbot.htm)"
207.46.13.26 - - [26/Feb/2019:03:08:01 +0200] "GET /wp-includes/js/jquery/jquery-migrate.min.js?ver=1.4.1 HTTP/1.1" 200 4303 "-" "Mozilla/5.0 (compatible; bingbot/2.0; +http://www.bing.com/bingbot.htm)"
207.46.13.26 - - [26/Feb/2019:03:08:01 +0200] "GET /wp-includes/js/wp-embed.min.js?ver=4.9.9 HTTP/1.1" 200 767 "-" "Mozilla/5.0 (compatible; bingbot/2.0; +http://www.bing.com/bingbot.htm)"
66.249.64.156 - - [26/Feb/2019:03:09:04 +0200] "GET /global/amp/ HTTP/1.1" 200 4626 "-" "Mozilla/5.0 (Linux; Android 6.0.1; Nexus 5X Build/MMB29P) AppleWebKit/537.36 (KHTML, like Gecko) Chrome/41.0.2272.96 Mobile Safari/537.36 (compatible; Googlebot/2.1; +http://www.google.com/bot.html)"
66.249.76.90 - - [26/Feb/2019:03:09:13 +0200] "POST /wp-json/wordpress-popular-posts/v1/popular-posts/ HTTP/1.1" 200 43 "https://webon.org.il/global/" "Mozilla/5.0 (Linux; Android 6.0.1; Nexus 5X Build/MMB29P) AppleWebKit/537.36 (KHTML, like Gecko) Chrome/41.0.2272.96 Mobile Safari/537.36 (compatible; Googlebot/2.1; +http://www.google.com/bot.html)"
207.46.13.26 - - [26/Feb/2019:03:09:16 +0200] "GET /advertisements-on-my-site/ HTTP/1.1" 200 38111 "-" "Mozilla/5.0 (compatible; bingbot/2.0; +http://www.bing.com/bingbot.htm)"
66.249.76.88 - - [26/Feb/2019:03:09:32 +0200] "GET /learn-seo-one-on-one/ HTTP/1.1" 200 29025 "-" "Mozilla/5.0 (Linux; Android 6.0.1; Nexus 5X Build/MMB29P) AppleWebKit/537.36 (KHTML, like Gecko) Chrome/41.0.2272.96 Mobile Safari/537.36 (compatible; Googlebot/2.1; +http://www.google.com/bot.html)"
66.249.76.88 - - [26/Feb/2019:03:12:03 +0200] "GET /questions/question/%D7%A7%D7%99%D7%A9%D7%95%D7%A8-nofollow-%D7%9E%D7%94-%D7%96%D7%94-%D7%90%D7%95%D7%9E%D7%A8/ HTTP/1.1" 200 26115 "-" "Mozilla/5.0 (Linux; Android 6.0.1; Nexus 5X Build/MMB29P) AppleWebKit/537.36 (KHTML, like Gecko) Chrome/41.0.2272.96 Mobile Safari/537.36 (compatible; Googlebot/2.1; +http://www.google.com/bot.html)"
66.249.64.152 - - [26/Feb/2019:03:12:08 +0200] "POST /wp-json/wordpress-popular-posts/v1/popular-posts/ HTTP/1.1" 200 43 "https://webon.org.il/questions/question/%D7%A7%D7%99%D7%A9%D7%95%D7%A8-nofollow-%D7%9E%D7%94-%D7%96%D7%94-%D7%90%D7%95%D7%9E%D7%A8/" "Mozilla/5.0 (Linux; Android 6.0.1; Nexus 5X Build/MMB29P) AppleWebKit/537.36 (KHTML, like Gecko) Chrome/41.0.2272.96 Mobile Safari/537.36 (compatible; Googlebot/2.1; +http://www.google.com/bot.html)"
66.249.76.88 - - [26/Feb/2019:03:14:03 +0200] "GET /learn-seo-one-on-one/amp/ HTTP/1.1" 200 5225 "-" "Mozilla/5.0 (Linux; Android 6.0.1; Nexus 5X Build/MMB29P) AppleWebKit/537.36 (KHTML, like Gecko) Chrome/41.0.2272.96 Mobile Safari/537.36 (compatible; Googlebot/2.1; +http://www.google.com/bot.html)"
66.249.76.90 - - [26/Feb/2019:03:14:12 +0200] "POST /wp-json/wordpress-popular-posts/v1/popular-posts/ HTTP/1.1" 200 43 "https://webon.org.il/learn-seo-one-on-one/" "Mozilla/5.0 (Linux; Android 6.0.1; Nexus 5X Build/MMB29P) AppleWebKit/537.36 (KHTML, like Gecko) Chrome/41.0.2272.96 Mobile Safari/537.36 (compatible; Googlebot/2.1; +http://www.google.com/bot.html)"
192.99.245.161 - - [26/Feb/2019:03:18:28 +0200] "GET /feed/ HTTP/1.1" 200 74187 "-" "Mozilla/5.0 (Macintosh; Intel Mac OS X 10_12_1) AppleWebKit/537.36 (KHTML, like Gecko) Chrome/55.0.2911.84 Safari/537.36"
66.249.76.90 - - [26/Feb/2019:03:22:07 +0200] "GET /%D7%90%D7%AA%D7%A8-%D7%9E%D7%90%D7%9E%D7%A8%D7%99%D7%9D/%D7%A2%D7%95%D7%A8%D7%9A-%D7%93%D7%99%D7%9F-%D7%AA%D7%90%D7%95%D7%A0%D7%95%D7%AA-%D7%93%D7%A8%D7%9B%D7%99%D7%9D/ HTTP/1.1" 404 22771 "-" "Mozilla/5.0 (Linux; Android 6.0.1; Nexus 5X Build/MMB29P) AppleWebKit/537.36 (KHTML, like Gecko) Chrome/41.0.2272.96 Mobile Safari/537.36 (compatible; Googlebot/2.1; +http://www.google.com/bot.html)"
185.56.75.220 - - [26/Feb/2019:03:24:39 +0200] "POST /wp-cron.php?doing_wp_cron=1551144279.8789000511169433593750 HTTP/1.1" 200 0 "https://webon.org.il/wp-cron.php?doing_wp_cron=1551144279.8789000511169433593750" "WordPress/4.9.9; https://webon.org.il"
66.249.76.92 - - [26/Feb/2019:03:24:38 +0200] "GET /seo-on-cellular-devices/ HTTP/1.1" 200 29143 "-" "Mozilla/5.0 (Linux; Android 6.0.1; Nexus 5X Build/MMB29P) AppleWebKit/537.36 (KHTML, like Gecko) Chrome/41.0.2272.96 Mobile Safari/537.36 (compatible; Googlebot/2.1; +http://www.google.com/bot.html)"
66.249.76.88 - - [26/Feb/2019:03:27:10 +0200] "GET /black-seo/ HTTP/1.1" 200 29082 "-" "Mozilla/5.0 (Linux; Android 6.0.1; Nexus 5X Build/MMB29P) AppleWebKit/537.36 (KHTML, like Gecko) Chrome/41.0.2272.96 Mobile Safari/537.36 (compatible; Googlebot/2.1; +http://www.google.com/bot.html)"
66.249.76.90 - - [26/Feb/2019:03:29:03 +0200] "GET /black-seo/amp/ HTTP/1.1" 200 5230 "-" "Mozilla/5.0 (Linux; Android 6.0.1; Nexus 5X Build/MMB29P) AppleWebKit/537.36 (KHTML, like Gecko) Chrome/41.0.2272.96 Mobile Safari/537.36 (compatible; Googlebot/2.1; +http://www.google.com/bot.html)"
5.45.207.16 - - [26/Feb/2019:03:29:13 +0200] "GET /writing-content/ HTTP/1.1" 200 34499 "-" "Mozilla/5.0 (compatible; YandexBot/3.0; +http://yandex.com/bots)"
66.249.76.90 - - [26/Feb/2019:03:29:41 +0200] "GET /page/6/?ap_paged=3 HTTP/1.1" 200 51953 "-" "Mozilla/5.0 (Linux; Android 6.0.1; Nexus 5X Build/MMB29P) AppleWebKit/537.36 (KHTML, like Gecko) Chrome/41.0.2272.96 Mobile Safari/537.36 (compatible; Googlebot/2.1; +http://www.google.com/bot.html)"
185.56.75.220 - - [26/Feb/2019:03:32:13 +0200] "POST /wp-cron.php?doing_wp_cron=1551144733.0466010570526123046875 HTTP/1.1" 200 0 "https://webon.org.il/wp-cron.php?doing_wp_cron=1551144733.0466010570526123046875" "WordPress/4.9.9; https://webon.org.il"
207.46.13.160 - - [26/Feb/2019:03:32:13 +0200] "GET /%d7%91%d7%a0%d7%99%d7%99%d7%aa-%d7%a7%d7%99%d7%a9%d7%95%d7%a8%d7%99%d7%9d-%d7%98%d7%91%d7%a2%d7%99%d7%99%d7%9d/ HTTP/1.1" 404 26491 "-" "Mozilla/5.0 (compatible; bingbot/2.0; +http://www.bing.com/bingbot.htm)"
66.249.76.92 - - [26/Feb/2019:03:32:12 +0200] "GET /improved-conversion-to-site-ratio/ HTTP/1.1" 200 29581 "-" "Mozilla/5.0 (Linux; Android 6.0.1; Nexus 5X Build/MMB29P) AppleWebKit/537.36 (KHTML, like Gecko) Chrome/41.0.2272.96 Mobile Safari/537.36 (compatible; Googlebot/2.1; +http://www.google.com/bot.html)"
66.249.76.88 - - [26/Feb/2019:03:32:15 +0200] "GET /seo-on-cellular-devices/amp/ HTTP/1.1" 200 5203 "-" "Mozilla/5.0 (Linux; Android 6.0.1; Nexus 5X Build/MMB29P) AppleWebKit/537.36 (KHTML, like Gecko) Chrome/41.0.2272.96 Mobile Safari/537.36 (compatible; Googlebot/2.1; +http://www.google.com/bot.html)"
